High Wych Weather

NOAA Style Reports for High Wych, Hertfordshire


Report for 2019 May
                   Monthly Climatological Summary for May 2019

Name: High Wych Weather   City: High Wych, Sawbridgeworth   State: Herts
Elevation: 72 m  Lat: N 51° 48' 26"   Lon: E 000° 07' 20"

                  Temperature (°C), Rain (mm), Wind Speed (mph)

                                      Heat  Cool        Avg
    Mean                              Deg   Deg         Wind                 Dom
Day Temp  High   Time   Low    Time   Days  Days  Rain  Speed High   Time    Dir
----------------------------------------------------------------------------------
 1  11.4  18.5   14:51   3.9   04:26   4.3   0.7   0.0   0.6  10.0   19:01   WNW
 2  11.3  16.9   14:36   7.8   23:45   3.8   0.1   2.4   1.7  15.0   10:22   WNW
 3   8.5  14.8   14:37   5.6   23:08   6.5   0.0   0.2   0.7  16.3   19:52   NNW
 4   6.2  10.2   14:03   3.3   05:28   8.8   0.0   1.2   3.0  31.3   12:27    NW
 5   7.2  12.2   17:02   2.8   07:13   7.8   0.0   0.0   1.7  15.0   09:55    NW
 6   8.3  12.2   16:29   3.3   05:33   6.7   0.0   0.0   1.2  11.3   09:58   WNW
 7  10.4  16.4   14:35   4.8   05:43   4.6   0.1   0.0   0.4  10.0   12:43     S
 8   9.3  13.4   16:53   7.7   15:06   5.7   0.0  23.2   1.0  13.8   07:36   SSE
 9   9.7  13.6   11:08   6.8   04:13   5.3   0.0   3.2   0.7  11.3   12:27   WNW
10  10.7  16.8   16:01   7.2   05:48   4.4   0.1   0.6   0.5   8.8   18:25   NNW
11  10.0  14.2   17:19   6.0   23:59   5.0   0.0   7.2   1.0  18.8   13:12     N
12  10.1  17.3   14:43   2.4   04:53   5.1   0.2   0.0   1.1  13.8   17:10   ENE
13  10.5  17.8   15:12   3.2   05:14   4.9   0.3   0.0   1.1  13.8   11:41     E
14  11.8  18.4   15:59   4.7   05:02   4.0   0.8   0.0   1.4  13.8   13:26   ESE
15  12.2  20.1   14:21   4.4   06:09   4.0   1.2   0.0   1.1  11.3   17:37     E
16  11.6  17.9   13:21   4.8   04:46   4.0   0.5   0.0   1.8  16.3   16:56   ENE
17  10.8  14.0   11:25   7.3   00:52   4.2   0.0   0.2   1.7  16.3   11:33   NNE
18  12.7  19.2   15:01   9.3   05:17   2.7   0.4   0.6   0.3  10.0   17:47   WNW
19  12.5  17.2   14:24   5.8   04:29   3.0   0.4   0.2   0.8   8.8   10:59   NNE
20  14.7  20.4   14:58  10.2   03:58   1.7   1.4   0.0   1.1  12.5   12:51   WNW
21  14.0  20.9   17:11   7.6   03:34   2.4   1.4   0.0   1.3  15.0   13:00   WNW
22  14.4  22.2   16:33   6.9   04:48   2.6   2.0   0.0   0.5   7.5   13:33   WNW
23  16.7  24.7   16:48   8.0   05:20   1.8   3.5   0.0   0.6  10.0   13:38   WNW
24  15.8  21.9   15:02   9.4   05:36   1.3   2.1   0.0   1.7  13.8   12:26   WNW
----------------------------------------------------------------------------------
    11.3  24.7    23     2.4    12   104.6  15.2  39.0   1.1  31.3     4     NNW

Max >=  27.0:  0
Max <=   0.0:  0
Min <=   0.0:  0
Min <=  -5.0:  0
Max Rain: 23.2 on day 8
Days of Rain: 10 (>= 0.2 mm)  4 (>= 2.0 mm)  1 (>= 15.0 mm)
Heat Base: 15.0  Cool Base: 15.0  Method: Integration
:now::gauges::console::today/yesterday::month/year::records: noaa reports::annual data::wind map::monthly records::trends::longrange forecast::rainfall radar::webcam