High Wych Weather

NOAA Style Reports for High Wych, Hertfordshire


Report for 2020 Sep
                   Monthly Climatological Summary for Sep 2020

Name: High Wych Weather   City: High Wych, Sawbridgeworth   State: Herts
Elevation: 72 m  Lat: N 51° 48' 26"   Lon: E 000° 07' 20"

                  Temperature (°C), Rain (mm), Wind Speed (mph)

                                      Heat  Cool        Avg
    Mean                              Deg   Deg         Wind                 Dom
Day Temp  High   Time   Low    Time   Days  Days  Rain  Speed High   Time    Dir
----------------------------------------------------------------------------------
 1  13.0  20.6   12:02   5.8   06:27   3.2   1.2   0.0   0.1   6.3   12:28     S
 2  14.0  20.8   14:29   8.4   06:12   2.2   1.3   6.0   0.8  12.5   23:14   WNW
 3  17.3  21.4   12:35  14.2   23:35   0.1   2.4   2.6   1.9  12.5   10:32   WNW
 4  14.7  19.0   13:03  11.7   04:43   1.1   0.8   0.4   1.4  11.3   14:33   WNW
 5  13.2  18.4   14:03   8.3   06:31   2.4   0.6   0.0   1.8  13.8   12:26   WNW
 6  13.2  19.1   15:23   7.3   05:10   2.8   1.0   0.0   1.0  11.3   14:24   WNW
 7  14.5  19.4   13:59   9.4   06:00   1.8   1.4   0.0   1.2  10.0   14:03   WNW
 8  19.2  24.3   15:47  15.8   02:51   0.0   4.2   0.0   1.3   7.5   09:15   WNW
 9  17.0  21.4   15:23  11.9   23:58   0.3   2.3   0.0   2.1  13.8   10:52   WNW
10  13.0  19.3   15:34   6.6   06:52   2.9   0.9   0.0   0.5  10.0   12:57   WNW
11  12.9  19.0   15:10   6.7   06:17   2.9   0.9   0.0   1.0  11.3   16:26   WNW
12  15.3  21.1   15:44  11.3   05:45   1.3   1.7   0.0   1.3  10.0   14:02   WNW
13  17.5  24.7   16:16  12.3   04:49   0.8   3.3   0.0   1.0   8.8   09:36   WNW
14  18.8  28.1   15:30  10.6   06:47   1.0   4.8   0.0   0.5   7.5   12:41   ESE
15  21.4  30.4   15:39  13.8   04:51   0.2   6.6   0.0   0.4   7.5   12:25   ENE
16  19.3  25.8   14:56  14.2   23:55   0.0   4.3   0.0   1.1  15.0   15:25   NNE
17  15.3  21.4   14:56  10.4   06:49   1.4   1.7   0.0   1.6  15.0   12:22    NE
18  14.5  20.8   13:58   7.7   06:03   2.2   1.7   0.0   1.8  18.8   15:33    NE
19  16.7  23.4   14:51  11.1   02:53   1.0   2.7   0.0   2.3  17.5   11:41    NE
20  17.0  24.0   15:33  12.3   01:33   0.9   2.9   0.0   1.2  16.3   11:04   NNE
21  16.4  23.9   15:53  11.3   03:13   1.0   2.5   0.0   0.1   5.0   12:41   WSW
22  17.5  24.9   15:11  11.1   05:34   1.0   3.5   0.0   0.9  11.3   15:15   WNW
23  15.0  18.1   11:57   8.7   23:56   0.8   0.8   9.0   1.2  13.8   23:02   WNW
24  10.3  16.2   13:45   6.7   03:58   4.8   0.0   2.2   1.1  13.8   14:28   WNW
25   9.8  13.3   16:57   7.2   01:58   5.2   0.0   2.6   7.6  30.0   14:06   WNW
26   8.8  11.1   14:07   5.8   06:59   6.2   0.0   0.2   7.1  25.0   15:00   WNW
27  10.6  12.3   16:40   9.1   03:14   4.4   0.0   0.0   4.7  28.8   03:46   WNW
28  12.2  17.4   14:56   9.1   07:36   3.0   0.2   0.0   2.5  11.3   02:04   WNW
29  13.4  15.7   16:25  11.1   21:21   1.6   0.0   3.8   0.8  11.3   10:20   WNW
30  13.2  16.9   13:38   9.9   02:28   2.1   0.2   6.0   1.3  16.3   16:03   ESE
----------------------------------------------------------------------------------
    14.8  30.4    15     5.8     1    58.6  53.9  32.8   1.7  30.0    25      NW

Max >=  27.0:  2
Max <=   0.0:  0
Min <=   0.0:  0
Min <=  -5.0:  0
Max Rain: 9.0 on day 23
Days of Rain: 9 (>= 0.2 mm)  7 (>= 2.0 mm)  0 (>= 15.0 mm)
Heat Base: 15.0  Cool Base: 15.0  Method: Integration
:now::gauges::console::today/yesterday::month/year::records: noaa reports::annual data::wind map::monthly records::trends::longrange forecast::rainfall radar::webcam