High Wych Weather

NOAA Style Reports for High Wych, Hertfordshire


Report for 2022 Aug
                   Monthly Climatological Summary for Aug 2022

Name: High Wych Weather   City: High Wych, Sawbridgeworth   State: Herts
Elevation: 72 m  Lat: N 51° 48' 26"   Lon: E 000° 07' 20"

                  Temperature (°C), Rain (mm), Wind Speed (mph)

                                      Heat  Cool        Avg
    Mean                              Deg   Deg         Wind                 Dom
Day Temp  High   Time   Low    Time   Days  Days  Rain  Speed High   Time    Dir
----------------------------------------------------------------------------------
 1  20.4  26.4   15:10  14.9   05:25   0.0   5.4   0.0   0.7  11.3   16:26     E
 2  22.2  27.4   16:51  18.4   05:29   0.0   7.2   0.0   2.1  15.0   12:02   WNW
 3  21.5  27.0   15:07  17.6   03:15   0.0   6.5   0.0   2.3  13.8   08:34   WNW
 4  19.5  23.2   12:44  15.9   05:50   0.0   4.5   0.0   2.0  13.8   13:42   WNW
 5  17.2  21.7   16:47  12.8   06:50   0.4   2.5   0.0   2.8  22.5   13:46   WNW
 6  17.6  26.1   18:56   9.8   05:55   1.2   3.8   0.0   1.0  10.0   12:02   WNW
 7  19.3  27.9   17:25   9.6   06:00   1.0   5.2   0.0   0.9  12.5   13:49   WNW
 8  20.7  29.4   16:32  12.6   05:05   0.2   5.9   0.0   0.8  11.3   17:16    NE
 9  20.5  29.6   16:02  13.2   05:22   0.3   5.8   0.0   0.9  15.0   12:38   ENE
10  21.4  30.1   14:33  13.0   06:04   0.3   6.7   0.0   0.9  10.0   10:30   ENE
11  23.2  32.9   14:00  13.5   05:11   0.1   8.3   0.0   0.7  12.5   15:13   ENE
12  24.3  33.1   14:09  15.2   05:40   0.0   9.3   0.0   1.2  11.3   12:11    NE
13  24.6  33.6   16:35  15.9   06:11   0.0   9.6   0.0   1.1  13.8   11:28   ENE
14  24.8  33.4   13:40  16.9   06:03   0.0   9.8   0.0   0.8  12.5   14:18   ENE
15  22.8  29.1   14:31  16.8   06:27   0.0   7.8   1.0   1.4  15.0   15:15   WNW
16  19.2  23.0   15:33  16.2   05:14   0.0   4.2   1.2   0.3   7.5   12:38    NE
17  18.7  26.1   12:32  16.2   02:51   0.0   3.7  16.4   0.3  10.0   09:51   NNE
18  20.4  26.2   16:47  16.3   02:40   0.0   5.4   0.0   1.3  10.0   15:24   WNW
----------------------------------------------------------------------------------
    21.0  33.6    13     9.6     7     3.5 111.6  18.6   1.2  22.5     5      NW

Max >=  27.0: 11
Max <=   0.0:  0
Min <=   0.0:  0
Min <=  -5.0:  0
Max Rain: 16.4 on day 17
Days of Rain: 3 (>= 0.2 mm)  1 (>= 2.0 mm)  1 (>= 15.0 mm)
Heat Base: 15.0  Cool Base: 15.0  Method: Integration
:now::gauges::console::today/yesterday::month/year::records: noaa reports::annual data::wind map::monthly records::trends::longrange forecast::rainfall radar::webcam