High Wych Weather

NOAA Style Reports for High Wych, Hertfordshire


Report for 2022 Jan
                   Monthly Climatological Summary for Jan 2022

Name: High Wych Weather   City: High Wych, Sawbridgeworth   State: Herts
Elevation: 72 m  Lat: N 51° 48' 26"   Lon: E 000° 07' 20"

                  Temperature (°C), Rain (mm), Wind Speed (mph)

                                      Heat  Cool        Avg
    Mean                              Deg   Deg         Wind                 Dom
Day Temp  High   Time   Low    Time   Days  Days  Rain  Speed High   Time    Dir
----------------------------------------------------------------------------------
 1  13.0  15.2   12:09  11.7   08:22   2.0   0.0   0.0   2.2  17.5   16:48     W
 2  10.7  12.6   00:41   8.2   21:58   4.3   0.0   3.4   3.8  21.3   12:07     W
 3   8.5   9.7   13:07   7.5   23:37   6.5   0.0   0.0   3.5  18.8   12:34     W
 4   3.5   7.5   00:00   0.1   19:02  11.5   0.0   0.4   1.7  20.0   09:53   WNW
 5   2.3   5.2   14:29  -0.8   23:59  12.7   0.0   0.0   3.2  17.5   11:56     W
 6   1.3   6.1   21:25  -4.1   07:32  13.7   0.0   1.2   1.1  17.5   16:35    SW
 7   3.1   5.3   12:17   0.2   21:42  11.9   0.0   0.0   2.6  16.3   13:01     W
 8   5.0   9.2   14:50  -0.1   01:11  10.0   0.0   6.2   2.0  17.5   12:53     W
 9   2.8   6.5   13:04   0.2   07:10  12.2   0.0   0.0   0.9  11.3   12:05     W
10   3.6   7.2   23:27  -0.9   03:26  11.4   0.0   0.2   0.0   8.8   16:27    SE
11   8.0   9.6   11:00   4.7   23:55   7.0   0.0   2.4   0.1  10.0   16:15     N
12   2.8   6.7   15:32  -0.7   07:20  12.2   0.0   0.4   0.0   5.0   13:41     W
13   2.5   7.9   14:49  -0.7   07:29  12.5   0.0   0.2   0.0   6.3   14:27   WSW
14   1.6   6.5   14:34  -2.1   06:45  13.4   0.0   0.2   0.0   2.5   12:54   ---
15   2.4   4.2   13:14   0.1   02:15  12.3   0.0   0.2   0.1   5.0   06:40     W
16   4.1   8.2   13:52   0.9   04:24  10.9   0.0   0.2   0.6  11.3   13:57     W
17   2.5   8.4   14:53  -0.8   08:06  12.5   0.0   0.2   0.0   3.8   11:25     W
18   1.4   4.9   13:48  -2.9   07:33  13.6   0.0   0.2   0.0   5.0   22:21   SSW
19   5.0   8.9   14:22   1.8   23:13  10.0   0.0   0.0   0.8  21.3   15:32     W
20   2.3   4.1   13:41   0.1   08:14  12.7   0.0   0.0   0.1  13.8   13:42   WNW
21   0.9   4.3   14:51  -3.2   07:24  14.1   0.0   0.0   0.0   1.3   00:15   ---
----------------------------------------------------------------------------------
     4.2  15.2     1    -4.1     6   227.4   0.0  15.4   1.1  21.3     2       W

Max >=  27.0:  0
Max <=   0.0:  0
Min <=   0.0: 10
Min <=  -5.0:  0
Max Rain: 6.2 on day 8
Days of Rain: 13 (>= 0.2 mm)  3 (>= 2.0 mm)  0 (>= 15.0 mm)
Heat Base: 15.0  Cool Base: 15.0  Method: Integration
:now::gauges::console::today/yesterday::month/year::records: noaa reports::annual data::wind map::monthly records::trends::longrange forecast::rainfall radar::webcam