High Wych Weather

NOAA Style Reports for High Wych, Hertfordshire


Report for 2020 Jan
                   Monthly Climatological Summary for Jan 2020

Name: High Wych Weather   City: High Wych, Sawbridgeworth   State: Herts
Elevation: 72 m  Lat: N 51° 48' 26"   Lon: E 000° 07' 20"

                  Temperature (°C), Rain (mm), Wind Speed (mph)

                                      Heat  Cool        Avg
    Mean                              Deg   Deg         Wind                 Dom
Day Temp  High   Time   Low    Time   Days  Days  Rain  Speed High   Time    Dir
----------------------------------------------------------------------------------
 1   4.5   5.6   00:00   2.7   07:53  10.5   0.0   0.0   0.2   6.3   01:02   ESE
 2   7.9   9.9   22:10   5.4   00:00   7.1   0.0   0.0   2.2  16.3   22:09     W
 3   6.6   9.9   04:24   1.8   22:27   8.4   0.0   4.4   2.7  20.0   11:23   WNW
 4   5.2   7.8   13:26   2.1   00:14   9.8   0.0   0.0   1.6  10.0   12:00     W
 5   6.8   7.7   13:16   5.9   00:00   8.2   0.0   0.2   1.6   7.5   09:58     W
 6   6.8   7.8   17:49   4.8   23:51   8.2   0.0   0.2   2.7  13.8   03:07     W
 7   8.5  12.2   21:37   3.4   03:43   6.5   0.0   0.2   2.7  17.5   22:15     W
 8  10.3  12.0   00:43   8.4   21:00   4.7   0.0   0.8   1.9  12.5   00:14     W
 9  10.4  11.9   04:31   5.6   23:28   4.6   0.0   8.4   3.4  25.0   08:09     W
10   4.8   6.8   14:13   2.2   18:01  10.2   0.0   0.2   2.2  16.3   04:35   WNW
11   8.6  10.0   13:19   4.3   00:00   6.4   0.0   0.0   4.0  20.0   20:39     W
12   8.3  10.4   12:29   4.7   23:59   6.7   0.0   1.6   3.6  18.8   02:28     W
13   7.4  10.4   20:28   3.6   01:54   7.6   0.0   5.2   2.6  22.5   19:55    SW
14   9.6  13.0   15:07   6.4   05:33   5.4   0.0   1.8   4.2  27.5   17:35     W
15   7.3  12.1   02:03   5.5   17:59   7.6   0.0  10.2   2.5  25.0   01:32     W
16   8.2  11.9   18:53   4.5   06:05   6.8   0.0   3.6   2.3  18.8   18:34     S
17   6.4  10.0   00:00   1.2   23:48   8.6   0.0   2.8   2.2  15.0   14:08     W
18   2.4   6.5   13:59  -0.4   08:07  12.6   0.0   0.2   1.2  12.5   13:42   WNW
19   2.0   5.9   13:44  -1.5   08:40  13.0   0.0   0.0   0.6   8.8   11:12    NW
20   1.8   6.1   14:27  -0.9   23:40  13.2   0.0   0.0   0.0   3.8   12:52     W
21   1.3   6.6   14:44  -2.4   07:00  13.7   0.0   0.2   0.2   7.5   14:09   WNW
22   5.2   7.2   14:12   2.2   00:47   9.8   0.0   0.2   0.1   6.3   03:14     N
23   6.1   6.9   11:56   5.4   23:51   8.9   0.0   0.0   0.0   5.0   17:07   NNW
24   5.6   6.3   15:05   4.9   05:18   9.4   0.0   0.2   0.0   2.5   02:10   ---
25   5.1   6.2   12:39   3.7   20:34   9.9   0.0   0.0   0.4   8.8   20:19    SE
----------------------------------------------------------------------------------
     6.3  13.0    14    -2.4    21   217.8   0.0  40.4   1.8  27.5    14       W

Max >=  27.0:  0
Max <=   0.0:  0
Min <=   0.0:  4
Min <=  -5.0:  0
Max Rain: 10.2 on day 15
Days of Rain: 17 (>= 0.2 mm)  6 (>= 2.0 mm)  0 (>= 15.0 mm)
Heat Base: 15.0  Cool Base: 15.0  Method: Integration
:now::gauges::console::today/yesterday::month/year::records: noaa reports::annual data::wind map::monthly records::trends::longrange forecast::rainfall radar::webcam