High Wych Weather

NOAA Style Reports for High Wych, Hertfordshire


Report for 2012
                   Annual Climatological Summary for 2012

Name: High Wych Weather   City: High Wych, Sawbridgeworth   State: Herts
Elevation: 72 m  Lat: N 51° 48' 26"   Lon: E 000° 07' 20"

                  Temperature (°C), Heat Base: 15.0  Cool Base: 15.0
                          Dep.  Heat  Cool                       Max  Max  Min  Min
        Mean  Mean        From  Deg   Deg                        >=   <=   <=   <=
 YR MO  Max   Min   Mean  Norm  Days  Days  Hi  Date  Low  Date 27.0  0.0  0.0  -5.0
------------------------------------------------------------------------------------
 12  1   6.9   1.2   3.8  -0.6     0     0   9.6  27  -2.2   31    0    0    6    0
 12  2   8.1  -0.2   3.9  -0.4     0     0  18.2  23 -13.1   11    0    0   15    6
 12  3  14.8   2.6   8.7   2.4     0     0  22.4  28  -2.0   19    0    0    3    0
 12  4  13.8   2.8   8.3  -0.5     0     0  19.6  30  -4.5    6    0    0    4    0
 12  5  19.3   8.0  13.6   1.2     0     0  29.3  28   1.0   16    4    0    0    0
 12  6  20.9   9.7  15.3   0.1     0     0  30.8  28   3.6   13    2    0    0    0
 12  7  22.9  11.7  17.3  -0.9     0     0  31.2  24   6.8   30    4    0    0    0
 12  8  24.1  12.3  18.3   0.8     0     0  33.1  18   5.7   31    6    0    0    0
 12  9  21.1   7.9  14.5  -0.2     0     0  30.1   9   3.4   22    3    0    0    0
 12 10  14.5   5.9  10.1  -1.4   146     0  18.2   2  -1.2   28    0    0    1    0
 12 11  10.6   2.7   6.4  -1.3   356     0  16.6  13  -4.0   30    0    0    5    0
 12 12   7.5   0.8   4.2  -2.1   436     0  12.4  23  -6.7    6    0    0   11    3
------------------------------------------------------------------------------------
        15.4   5.5  10.4  -0.2   939     0  33.1 Aug -13.1  Feb   19    0   45    9

                                Precipitation (mm)

              Dep.   Max        Days of Rain
              From   Obs.           >=
 YR MO Total  Norm   Day Date  0.2  2.0 15.0
---------------------------------------------
 12  1  16.6 -57.9   8.1  29     5    2    0
 12  2   9.4 -21.4   1.8  18    10    0    0
 12  3  24.3  -9.8   6.9   4     9    4    0
 12  4  76.3  37.3  15.0  25    19   12    1
 12  5  43.0  -6.6   8.4   1    12    7    0
 12  6  84.2  39.1  11.2  11    19   13    0
 12  7  82.7  20.6  13.5   8    19   12    0
 12  8  29.8 -35.3   7.9   5    14    4    0
 12  9  31.6 -10.8  16.3  23     9    3    1
 12 10  65.2  -3.0  16.3   5    21    8    1
 12 11 107.1  22.2  18.3  24    19   12    2
 12 12 108.3  37.0  18.6  23    24   14    2
---------------------------------------------
       678.5  11.4  18.6  Dec  180   91    7

                                Wind Speed (mph)
                          Dom
 YR MO   Avg.  Hi   Date  Dir
------------------------------
 12  1   0.0  14.5   26   ---
 12  2   0.0  21.7    2   ---
 12  3   0.0  23.6    5   ---
 12  4   0.0  24.1   26   ---
 12  5   0.0  23.0   25   ---
 12  6   0.0  23.0   16   ---
 12  7   0.0  18.8    2   ---
 12  8   0.0  17.5   30   ---
 12  9   0.6  17.5   25   WNW
 12 10   1.9  34.5   27     N
 12 11   1.6  42.7   22     W
 12 12   2.0  41.6   29     W
------------------------------
         0.5  42.7  Nov   WNW
:now::gauges::console::today/yesterday::month/year::records: noaa reports::annual data::wind map::monthly records::trends::longrange forecast::rainfall radar::webcam