High Wych Weather

NOAA Style Reports for High Wych, Hertfordshire


Report for 2012 Oct
                   Monthly Climatological Summary for Oct 2012

Name: High Wych Weather   City: High Wych, Sawbridgeworth   State: Herts
Elevation: 72 m  Lat: N 51° 48' 26"   Lon: E 000° 07' 20"

                  Temperature (°C), Rain (mm), Wind Speed (mph)

                                      Heat  Cool        Avg
    Mean                              Deg   Deg         Wind                 Dom
Day Temp  High   Time   Low    Time   Days  Days  Rain  Speed High   Time    Dir
----------------------------------------------------------------------------------
 1  13.6  17.0   00:00  10.2   00:00   0.0   0.0   8.1  ----  11.4   00:00   ---
 2  13.5  18.2   00:00   8.7   00:00   0.0   0.0   0.5  ----  13.9   00:00   ---
 3  11.7  16.8   00:00   6.5   00:00   0.0   0.0   1.3  ----  11.4   00:00   ---
 4  10.0  16.9   00:00   3.1   00:00   0.0   0.0   1.0  ----  10.3   00:00   ---
 5  11.8  15.3   00:00   8.4   00:00   0.0   0.0  16.3  ----  13.9   00:00   ---
 6  10.2  16.7   00:00   3.7   00:00   0.0   0.0   4.3  ----  11.4   00:00   ---
 7   8.8  15.8   00:00   1.8   00:00   0.0   0.0   0.0  ----   6.6   00:00   ---
 8  10.6  13.9   00:00   7.2   00:00   0.0   0.0   2.8  ----   9.1   00:00   ---
 9  10.8  15.4   00:00   6.1   00:00   0.0   0.0   0.0  ----  10.3   00:00   ---
10   9.8  16.3   00:00   3.3   00:00   0.0   0.0   0.0  ----   7.2   00:00   ---
11  10.3  14.2   00:00   6.4   00:00   0.0   0.0   0.3  ----  10.3   00:00   ---
12  10.3  16.2   00:00   4.3   00:00   0.0   0.0   0.3  ----   9.7   00:00   ---
13   9.1  15.1   00:00   3.0   00:00   0.0   0.0   0.0  ----   6.1   00:00   ---
14   7.9  15.1   00:00   0.8   00:00   0.0   0.0   0.0   0.7  10.8   00:00    NW
15   8.0  13.7   13:55   1.0   04:15  10.3   0.0   0.0   1.1  17.8   13:55    SW
16  10.4  15.6   13:15   6.5   21:00   7.9   0.0   0.0   2.4  22.7   11:45     W
17  12.4  18.0   13:20   6.6   00:00   5.9   0.0   0.9   2.6  30.8   11:20     S
18  13.0  17.2   13:40  10.9   00:00   5.3   0.0   0.6   2.1  16.7   11:05     S
19  11.4  13.1   10:00  10.4   03:30   6.9   0.0   7.2   0.6   9.4   17:05   NNE
20  11.2  14.9   13:35   8.8   06:15   7.1   0.0   7.5   0.2   8.4   13:30     W
21  10.4  12.0   13:40   8.6   05:20   7.9   0.0   1.2   2.5  17.8   17:30     N
22  13.2  14.6   13:45  11.4   00:00   5.1   0.0   0.3   1.4  10.8   08:45   NNE
23  12.4  13.5   13:20  11.3   05:25   5.9   0.0   0.0   1.7  11.9   04:05     N
24  13.7  16.8   14:15  12.1   04:30   4.6   0.0   0.0   2.1  15.3   12:25   NNE
25  11.1  13.1   12:20   8.6   23:45   7.2   0.0   0.3   3.1  18.9   16:00   NNE
26   6.6   8.8   12:05   1.6   23:55  11.7   0.0   0.3   4.5  28.6   16:45     N
27   2.9   7.1   11:45   0.6   05:00  15.4   0.0   9.0   3.3  34.5   03:30     N
28   4.6   9.8   13:44  -1.2   03:30  13.6   0.0   2.1   1.1  14.4   22:39     W
29   8.1  11.8   13:46   4.8   23:55  10.2   0.0   0.6   0.9  14.4   11:10   WNW
30   6.5  12.8   13:36   3.4   07:39  11.8   0.0   0.3   0.5  10.8   10:54   WNW
31   8.4  12.4   12:00   3.8   01:50   9.9   0.0   0.0   2.9  30.8   14:12     S
----------------------------------------------------------------------------------
    10.1  18.2     2    -1.2    28   146.7   0.0  65.2   1.9  34.5    27     NNW

Max >=  27.0:  0
Max <=   0.0:  0
Min <=   0.0:  1
Min <=  -5.0:  0
Max Rain: 16.3 on day 5
Days of Rain: 21 (>= 0.2 mm)  8 (>= 2.0 mm)  1 (>= 15.0 mm)
Heat Base: 15.0  Cool Base: 15.0  Method: Integration
:now::gauges::console::today/yesterday::month/year::records: noaa reports::annual data::wind map::monthly records::trends::longrange forecast::rainfall radar::webcam