High Wych Weather

NOAA Style Reports for High Wych, Hertfordshire


Report for 2012 Nov
                   Monthly Climatological Summary for Nov 2012

Name: High Wych Weather   City: High Wych, Sawbridgeworth   State: Herts
Elevation: 72 m  Lat: N 51° 48' 26"   Lon: E 000° 07' 20"

                  Temperature (°C), Rain (mm), Wind Speed (mph)

                                      Heat  Cool        Avg
    Mean                              Deg   Deg         Wind                 Dom
Day Temp  High   Time   Low    Time   Days  Days  Rain  Speed High   Time    Dir
----------------------------------------------------------------------------------
 1   6.3  10.4   00:38   1.9   22:18  12.0   0.0  13.8   1.6  22.7   00:43     W
 2   5.1  11.6   12:35   2.0   23:42  13.2   0.0   0.0   1.6  15.3   11:52     W
 3   4.1  10.0   13:54   0.2   04:01  14.2   0.0   0.3   1.0  16.7   11:33   WNW
 4   4.4   8.7   13:05   0.4   01:02  13.9   0.0  16.5   1.1  23.8   10:55   ENE
 5   4.6  10.0   12:28   0.4   23:36  13.7   0.0   0.3   0.9  20.3   12:41   NNW
 6   4.6  10.6   11:59  -1.9   06:32  13.7   0.0   0.6   1.1  13.0   21:11   WNW
 7   7.1  12.1   12:22   1.9   06:36  11.2   0.0   0.0   1.3  15.3   15:20   WNW
 8   8.9  13.6   12:08   6.9   00:11   9.4   0.0   0.0   1.4  14.4   00:53   WNW
 9   8.6  12.0   10:48   6.6   03:14   9.7   0.0   0.3   1.3  20.3   14:59   SSW
10   7.5  10.2   12:00   2.2   23:26  10.8   0.0   4.8   0.5  13.0   07:11     S
11   3.7  12.6   12:51  -0.8   07:03  14.6   0.0   0.3   0.3   9.4   12:56    NW
12   7.4  11.0   20:57   1.1   02:27  10.9   0.0   2.4   1.3  18.9   12:15   WSW
13  11.5  16.6   12:41   7.6   06:20   6.8   0.0   0.3   1.3  15.3   12:45   WSW
14   9.7  13.4   13:17   6.4   23:57   8.6   0.0   0.0   0.8  11.9   10:25   ESE
15   6.1   7.9   13:21   4.5   01:09  12.2   0.0   0.0   0.6  11.9   02:47   NNE
16   6.7   7.9   23:41   5.3   03:16  11.6   0.0   0.0   1.0  15.3   21:25   SSE
17   9.1  12.6   10:04   4.6   23:48   9.2   0.0   0.0   1.0  11.9   05:38     W
18   3.0  10.5   13:00  -1.6   07:39  15.3   0.0   0.0   0.2   5.9   21:59    NW
19   7.0  11.5   12:54   0.5   01:03  11.3   0.0   0.0   2.3  28.6   12:46     S
20  11.4  13.6   13:30   9.9   00:00   6.9   0.0   4.8   3.4  26.3   14:45     S
21   7.9  10.6   00:00   3.6   21:59  10.4   0.0   9.3   1.5  23.8   15:21   WSW
22  10.0  13.2   12:40   4.0   00:05   8.3   0.0   4.2   4.7  42.7   20:20     S
23   5.1  10.1   00:00   1.9   22:54  13.2   0.0   7.8   0.7   9.4   00:00   SSE
24   5.3  11.5   11:31   1.9   00:00  13.1   0.0  18.3   1.9  24.8   18:58     E
25   9.1  11.3   02:19   6.1   08:54   9.3   0.0   5.6   3.9  36.7   09:18     W
26   7.6   9.9   12:01   5.8   07:31  10.7   0.0  14.2   1.0  18.9   01:51   SSE
27   6.5   7.7   12:07   4.6   23:10  11.8   0.0   3.0   4.3  38.1   13:59     N
28   4.5   6.4   12:45   1.2   23:41  13.8   0.0   0.0   4.1  33.3   13:55   NNW
29   1.5   6.1   13:03  -2.6   23:57  16.8   0.0   0.0   1.8  22.7   03:15   NNW
30  -1.4   5.3   13:28  -4.0   06:57  19.7   0.0   0.3   0.2   7.0   13:37   NNW
----------------------------------------------------------------------------------
     6.4  16.6    13    -4.0    30   356.3   0.0 107.1   1.6  42.7    22     WSW

Max >=  27.0:  0
Max <=   0.0:  0
Min <=   0.0:  5
Min <=  -5.0:  0
Max Rain: 18.3 on day 24
Days of Rain: 19 (>= 0.2 mm)  12 (>= 2.0 mm)  2 (>= 15.0 mm)
Heat Base: 15.0  Cool Base: 15.0  Method: Integration
:now::gauges::console::today/yesterday::month/year::records: noaa reports::annual data::wind map::monthly records::trends::longrange forecast::rainfall radar::webcam