High Wych Weather

NOAA Style Reports for High Wych, Hertfordshire


Report for 2012 Dec
                   Monthly Climatological Summary for Dec 2012

Name: High Wych Weather   City: High Wych, Sawbridgeworth   State: Herts
Elevation: 72 m  Lat: N 51° 48' 26"   Lon: E 000° 07' 20"

                  Temperature (°C), Rain (mm), Wind Speed (mph)

                                      Heat  Cool        Avg
    Mean                              Deg   Deg         Wind                 Dom
Day Temp  High   Time   Low    Time   Days  Days  Rain  Speed High   Time    Dir
----------------------------------------------------------------------------------
 1  -1.0   3.6   14:08  -4.7   04:37  19.3   0.0   0.0   1.0  11.9   12:55    NW
 2  -0.9   5.3   12:37  -4.2   03:22  19.2   0.0   0.3   0.7  10.8   11:29    NW
 3   3.9   8.6   10:57  -0.8   23:53  14.4   0.0   3.6   1.4  17.8   12:20   WNW
 4   1.8   6.8   11:58  -2.7   23:50  16.5   0.0   0.3   1.9  17.8   10:57   WNW
 5  -0.2   3.1   12:35  -3.2   03:02  18.5   0.0   3.6   1.5  16.7   13:32    NW
 6  -0.9   3.9   23:45  -6.7   07:45  18.5   0.0   3.3   1.5  28.6   22:48    SW
 7   3.6   5.7   14:18   0.8   05:58  14.1   0.0   2.4   4.5  34.5   12:14    NW
 8   2.6   5.6   13:09   0.1   16:52  15.7   0.0   0.0   1.0  20.3   00:08    NW
 9   5.6   9.0   11:46   2.9   00:15  12.7   0.0   0.3   3.4  23.8   16:07    NW
10   2.2   5.6   13:02  -0.9   22:28  16.1   0.0   0.0   2.8  24.8   14:04    NW
11  -1.8   0.1   12:33  -3.8   23:10  20.1   0.0   0.0   0.7  10.8   12:33   NNW
12  -2.8   2.6   13:20  -6.7   08:03  21.1   0.0   0.3   0.0   3.4   00:00     E
13  -2.1   0.4   12:38  -5.2   08:25  20.4   0.0   0.0   0.7  13.0   21:34     E
14   5.2   9.0   16:32   0.1   00:00  13.1   0.0   8.1   3.3  29.7   16:45   SSE
15   7.4  10.9   12:15   4.9   23:58  10.9   0.0   0.0   2.1  26.3   13:11   WSW
16   5.1   9.7   13:15   1.9   03:37  13.3   0.0   0.9   0.9  14.4   17:10    SW
17   4.9   8.9   13:07   2.7   07:35  13.3   0.0   0.3   1.0  14.4   16:31     W
18   5.0   7.6   11:32   1.1   23:57  13.3   0.0   0.0   1.1  13.0   04:54    NW
19   4.0   5.9   14:07  -0.2   01:11  14.3   0.0   4.8   2.2  22.7   20:12     E
20   6.4   8.0   19:55   5.2   01:01  11.9   0.0  15.0   3.2  27.2   05:28   ESE
21   5.3   8.6   13:21   2.6   22:25  13.0   0.0   0.3   0.8   9.4   00:10   WNW
22   8.5  12.2   18:31   3.5   00:00   9.8   0.0   9.6   1.8  18.9   10:15    SW
23  10.5  12.4   03:55   7.8   23:08   7.8   0.0  18.6   2.6  24.8   09:59     W
24   8.5  11.4   12:02   6.6   19:10   9.8   0.0  12.6   2.4  30.8   14:06   SSW
25   6.7   8.6   13:26   3.4   23:50  11.6   0.0   8.6   2.0  28.6   09:56   WSW
26   5.8   8.9   18:58   2.0   05:38  12.5   0.0   5.2   2.3  21.3   15:30     W
27   6.0   8.0   12:28   3.5   23:59  12.5   0.0   3.9   2.6  24.8   13:59   WNW
28   8.1  11.4   19:52   2.7   01:23  10.2   0.0   0.6   2.3  27.2   21:13    SW
29   9.4  11.3   11:56   5.5   23:57   8.9   0.0   0.9   4.5  41.6   05:58    SW
30   5.9   8.1   12:31   3.2   05:40  12.4   0.0   0.6   3.5  21.3   12:08     W
31   7.2  10.3   00:00   4.8   00:00  11.1   0.0   4.2   3.8   9.4   00:00   WSW
----------------------------------------------------------------------------------
     4.2  12.4    23    -6.7     6   436.3   0.0 108.3   2.0  41.6    29       W

Max >=  27.0:  0
Max <=   0.0:  0
Min <=   0.0: 11
Min <=  -5.0:  3
Max Rain: 18.6 on day 23
Days of Rain: 24 (>= 0.2 mm)  14 (>= 2.0 mm)  2 (>= 15.0 mm)
Heat Base: 15.0  Cool Base: 15.0  Method: Integration
:now::gauges::console::today/yesterday::month/year::records: noaa reports::annual data::wind map::monthly records::trends::longrange forecast::rainfall radar::webcam