High Wych Weather

NOAA Style Reports for High Wych, Hertfordshire


Report for 2013
                   Annual Climatological Summary for 2013

Name: High Wych Weather   City: High Wych, Sawbridgeworth   State: Herts
Elevation: 72 m  Lat: N 51° 48' 26"   Lon: E 000° 07' 20"

                  Temperature (°C), Heat Base: 15.0  Cool Base: 15.0
                          Dep.  Heat  Cool                       Max  Max  Min  Min
        Mean  Mean        From  Deg   Deg                        >=   <=   <=   <=
 YR MO  Max   Min   Mean  Norm  Days  Days  Hi  Date  Low  Date 27.0  0.0  0.0  -5.0
------------------------------------------------------------------------------------
 13  1   5.9  -0.3   3.0  -1.4   466     0  13.0  29  -9.1   17    0    2   17    6
 13  2   6.3  -0.5   2.6  -1.7   438     0  12.5  19  -4.9   13    0    0   17    0
 13  3   6.9  -0.5   2.9  -3.4   475     0  18.5   5  -5.1   14    0    0   19    1
 13  4  15.0   2.5   8.2  -0.6   306     4  25.3  25  -4.3    7    0    0    9    0
 13  5  17.5   5.5  11.0  -1.4   231     5  24.3  31   0.2    3    0    0    0    0
 13  6  21.3   9.6  14.9  -0.3   140    18  29.5  19   3.9    3    2    0    0    0
 13  7  27.9  13.1  19.8   1.6    50    97  35.1  22   9.1    2   20    0    0    0
 13  8  25.4  12.3  18.2   0.7    61    59  33.2   1   7.4    8    5    0    0    0
 13  9  19.8   9.2  14.0  -0.7   156    20  30.1   5   3.4   15    4    0    0    0
 13 10  16.8   8.7  12.4   0.9   188     1  22.1   6   0.7   30    0    0    0    0
 13 11   9.4   2.8   6.1  -1.6   280     0  15.1   2  -3.1   20    0    0    4    0
 13 12   8.9   2.5   5.8  -0.5   284     0  12.4  16  -1.8   29    0    0    7    0
------------------------------------------------------------------------------------
        15.1   5.4   9.9  -0.7  3082   206  35.1 Jul  -9.1  Jan   31    2   73    7

                                Precipitation (mm)

              Dep.   Max        Days of Rain
              From   Obs.           >=
 YR MO Total  Norm   Day Date  0.2  2.0 15.0
---------------------------------------------
 13  1  47.8 -26.7   6.6  20    24   10    0
 13  2  24.6  -6.2   6.3  10    14    5    0
 13  3  37.5   3.4   6.9  16    17    6    0
 13  4  19.8 -19.2   4.2  11    12    5    0
 13  5  37.5 -12.1   9.6  28    12    6    0
 13  6  24.0 -21.1  15.3  15     8    2    1
 13  7  53.1  -9.0  24.9  23     8    5    1
 13  8  48.9 -16.2  11.7  24    14    7    0
 13  9  48.8   6.4  11.4  13    18    7    0
 13 10 115.8  47.6  20.1  27    20   14    3
 13 11  50.0 -34.9   8.9   3    18    8    0
 13 12  76.1   4.8  13.2  24    23   10    0
---------------------------------------------
       583.9 -83.2  24.9  Jul  188   85    5

                                Wind Speed (mph)
                          Dom
 YR MO   Avg.  Hi   Date  Dir
------------------------------
 13  1   1.8  39.2   28   WNW
 13  2   2.5  36.7    6     N
 13  3   2.6  44.1   22   ENE
 13  4   2.7  38.1    4     N
 13  5   1.7  36.7   15   NNW
 13  6   1.8  29.7   13     N
 13  7   1.7  28.6   10   NNE
 13  8   1.3  27.2    4    NW
 13  9   6.3  28.8   11     N
 13 10   1.8  40.5   11    NW
 13 11   1.0  31.3   21    NW
 13 12   1.4  45.3   23   WSW
------------------------------
         2.2  45.3  Dec     N
:now::gauges::console::today/yesterday::month/year::records: noaa reports::annual data::wind map::monthly records::trends::longrange forecast::rainfall radar::webcam