High Wych Weather

NOAA Style Reports for High Wych, Hertfordshire


Report for 2013 Jan
                   Monthly Climatological Summary for Jan 2013

Name: High Wych Weather   City: High Wych, Sawbridgeworth   State: Herts
Elevation: 72 m  Lat: N 51° 48' 26"   Lon: E 000° 07' 20"

                  Temperature (°C), Rain (mm), Wind Speed (mph)

                                      Heat  Cool        Avg
    Mean                              Deg   Deg         Wind                 Dom
Day Temp  High   Time   Low    Time   Days  Days  Rain  Speed High   Time    Dir
----------------------------------------------------------------------------------
 1   4.1   6.4   00:00   2.7   00:00  11.1   0.0   1.2   3.8   9.4   00:00   WSW
 2   5.1   9.6   00:00   1.7   00:00  11.1   0.0   3.6   3.8   9.4   00:00   WSW
 3   6.1   9.8   22:55   4.1   00:00  10.5   0.0   0.0   2.6   9.4   00:00   WSW
 4   9.0  12.3   12:32   7.6   23:49   9.3   0.0   0.0   1.8  13.0   01:52   WNW
 5   7.8  10.7   12:28   3.7   22:52  10.5   0.0   0.0   0.9  13.0   12:55   WNW
 6   6.9   9.1   11:44   4.0   02:44  11.3   0.0   0.0   0.5   8.4   21:26     W
 7   7.7   9.1   13:03   6.5   06:33  10.6   0.0   0.0   1.0  13.0   12:45   WSW
 8   9.2  11.3   12:41   6.9   08:28   9.1   0.0   3.6   1.4  11.9   10:19     W
 9   5.3   9.1   13:14  -1.8   23:19  13.0   0.0   0.3   1.1  17.8   06:43     N
10   0.5   1.8   12:49  -1.9   00:07  17.8   0.0   0.0   0.6   9.4   14:14    NW
11   1.8   5.3   13:34  -1.6   23:45  16.5   0.0   0.3   0.5   9.4   06:29    NW
12   1.7   5.0   14:43  -1.3   01:12  14.9   0.0   0.3   2.3  22.7   10:42     E
13   0.2   2.7   12:21  -3.3   23:29  17.6   0.0   2.7   1.8  18.9   12:09     N
14  -0.5   1.1   13:03  -3.1   00:00  18.8   0.0   0.3   1.0  21.3   23:53   WNW
15  -0.5   1.1   13:22  -4.6   22:38  18.8   0.0   0.9   1.9  23.8   05:36   NNW
16  -3.6   0.3   13:40  -7.3   23:05  21.9   0.0   0.3   0.5   9.4   03:59   NNE
17  -3.5   2.9   13:22  -9.1   07:12  21.6   0.0   1.2   0.5  10.8   22:10     E
18  -1.7  -0.9   20:39  -2.9   08:32  19.9   0.0   4.6   2.6  23.8   16:51   ESE
19  -0.6   0.5   12:56  -1.4   23:39  18.9   0.0   0.0   2.2  23.8   12:45    NE
20  -1.3   0.0   12:53  -2.4   23:42  18.8   0.0   6.6   2.5  18.9   00:58     N
21  -1.1   3.8   14:38  -5.0   23:57  19.4   0.0   0.6   0.2   5.9   10:11   ESE
22  -1.3   3.5   13:10  -7.8   04:57  18.7   0.0   2.1   1.9  21.3   19:46     E
23   0.8   2.1   14:09  -0.2   23:58  19.0   0.0   0.9   1.7  16.7   00:07   ENE
24   0.0   2.7   12:38  -5.3   23:31  20.1   0.0   0.3   0.9  15.3   09:00   NNE
25  -2.4   1.6   13:28  -8.5   04:27  20.6   0.0   0.3   1.7  22.7   15:57   SSE
26   3.4   7.1   12:59   0.4   02:23  15.0   0.0   3.9   1.9  27.2   22:35   SSW
27   6.8   9.8   13:12   1.7   23:40  11.5   0.0   3.9   3.7  28.6   02:56     W
28   5.2   9.3   23:21   0.2   06:09  13.1   0.0   2.4   3.1  39.2   15:48   WSW
29  11.0  13.0   12:32   8.4   05:45   7.3   0.0   0.6   3.6  26.3   19:53     W
30   8.8  11.6   00:00   5.2   22:28   9.5   0.0   6.3   3.4  27.2   15:05   WNW
31   7.7  10.8   13:14   5.3   00:04  10.6   0.0   0.6   3.9  26.3   02:20   WNW
----------------------------------------------------------------------------------
     3.0  13.0    29    -9.1    17   466.8   0.0  47.8   1.8  39.2    28     WNW

Max >=  27.0:  0
Max <=   0.0:  2
Min <=   0.0: 17
Min <=  -5.0:  6
Max Rain: 6.6 on day 20
Days of Rain: 24 (>= 0.2 mm)  10 (>= 2.0 mm)  0 (>= 15.0 mm)
Heat Base: 15.0  Cool Base: 15.0  Method: Integration
:now::gauges::console::today/yesterday::month/year::records: noaa reports::annual data::wind map::monthly records::trends::longrange forecast::rainfall radar::webcam