High Wych Weather

NOAA Style Reports for High Wych, Hertfordshire


Report for 2013 Feb
                   Monthly Climatological Summary for Feb 2013

Name: High Wych Weather   City: High Wych, Sawbridgeworth   State: Herts
Elevation: 72 m  Lat: N 51° 48' 26"   Lon: E 000° 07' 20"

                  Temperature (°C), Rain (mm), Wind Speed (mph)

                                      Heat  Cool        Avg
    Mean                              Deg   Deg         Wind                 Dom
Day Temp  High   Time   Low    Time   Days  Days  Rain  Speed High   Time    Dir
----------------------------------------------------------------------------------
 1   4.5   8.2   13:49   0.3   18:55  13.9   0.0   3.9   1.6  16.7   03:13   WNW
 2   2.4   5.4   13:28  -2.0   23:20  15.9   0.0   0.3   3.3  28.6   13:33    NW
 3   3.2   7.2   14:36  -3.1   01:27  15.1   0.0   0.0   1.6  17.8   11:21   WNW
 4   7.8  11.0   13:33   4.6   22:46  10.5   0.0   0.0   3.9  30.8   13:16   WNW
 5   3.3   6.3   12:27   0.5   07:20  15.0   0.0   2.1   3.8  32.2   12:37   WNW
 6   3.3   5.7   12:46   1.0   23:58  15.0   0.0   0.3   4.9  36.7   12:52   NNW
 7   2.0   6.6   13:17  -0.5   07:33  16.3   0.0   0.0   2.8  26.3   02:23    NW
 8   1.5   7.1   13:02  -3.3   07:20  16.8   0.0   0.3   2.1  28.6   22:06    NW
 9   1.8   5.6   12:16  -2.2   03:26  16.5   0.0   0.3   0.4  14.4   00:06   NNW
10   2.1   4.0   10:41   0.0   21:19  16.2   0.0   6.3   2.9  24.8   13:11   ESE
11   0.5   1.5   13:17   0.0   00:00  17.8   0.0   0.9   1.2  18.9   00:14     N
12   0.5   2.1   12:04  -0.3   22:42  17.8   0.0   2.1   1.2  15.3   03:04   NNE
13  -0.3   2.2   10:43  -4.9   06:56  18.6   0.0   1.2   2.2  21.3   11:43   SSE
14   5.6  11.4   14:14   1.4   00:00  12.7   0.0   6.0   2.2  24.8   05:51   WSW
15   4.9  10.9   13:28  -0.2   03:48  13.6   0.0   0.3   1.0  15.3   11:15    NW
16   5.8  11.4   12:20   0.8   23:55  12.5   0.0   0.0   0.2   8.4   15:39   SSW
17   3.3  11.4   12:58  -1.8   06:00  15.0   0.0   0.0   2.0  22.7   17:49   ESE
18   3.4   8.3   13:17  -0.2   06:43  14.9   0.0   0.0   1.8  16.7   10:52   ESE
19   2.4  12.5   13:16  -4.9   06:30  15.9   0.0   0.0   0.6  17.8   22:33     N
20   2.3   3.9   12:34   0.7   00:00  16.0   0.0   0.3   3.8  23.8   19:29     E
21   0.7   1.9   12:05  -0.1   19:22  17.6   0.0   0.0   3.3  26.3   01:14     E
22   0.1   1.7   11:07  -0.9   05:23  18.2   0.0   0.0   3.0  23.8   20:56   NNE
23   0.2   3.1   12:59  -0.9   03:36  18.1   0.0   0.0   2.8  18.9   11:57     N
24   0.5   1.8   13:53  -0.4   06:15  17.8   0.0   0.0   3.6  28.6   14:29     N
25   2.3   3.8   13:46   0.5   01:06  16.0   0.0   0.0   4.6  29.7   22:32     N
26   3.2   4.5   11:42   2.0   00:21  15.1   0.0   0.3   3.0  23.8   00:42   NNE
27   2.9   7.1   15:43   1.1   21:55  15.4   0.0   0.0   2.8  22.7   06:11   NNE
28   3.8  10.2   14:31   0.2   01:51  14.5   0.0   0.0   2.9  22.7   15:14   NNE
----------------------------------------------------------------------------------
     2.6  12.5    19    -4.9    13   438.7   0.0  24.6   2.5  36.7     6       N

Max >=  27.0:  0
Max <=   0.0:  0
Min <=   0.0: 17
Min <=  -5.0:  0
Max Rain: 6.3 on day 10
Days of Rain: 14 (>= 0.2 mm)  5 (>= 2.0 mm)  0 (>= 15.0 mm)
Heat Base: 15.0  Cool Base: 15.0  Method: Integration
:now::gauges::console::today/yesterday::month/year::records: noaa reports::annual data::wind map::monthly records::trends::longrange forecast::rainfall radar::webcam