High Wych Weather

NOAA Style Reports for High Wych, Hertfordshire


Report for 2013 Mar
                   Monthly Climatological Summary for Mar 2013

Name: High Wych Weather   City: High Wych, Sawbridgeworth   State: Herts
Elevation: 72 m  Lat: N 51° 48' 26"   Lon: E 000° 07' 20"

                  Temperature (°C), Rain (mm), Wind Speed (mph)

                                      Heat  Cool        Avg
    Mean                              Deg   Deg         Wind                 Dom
Day Temp  High   Time   Low    Time   Days  Days  Rain  Speed High   Time    Dir
----------------------------------------------------------------------------------
 1   4.1   6.4   11:18   2.1   00:00  14.2   0.0   0.3   2.6  21.3   13:27   NNE
 2   2.0   5.7   13:39  -4.2   23:57  16.3   0.0   0.0   1.0  20.3   00:00     N
 3   2.2   9.6   13:05  -4.7   05:38  16.1   0.0   0.0   1.5  18.9   14:29     E
 4   4.3  10.7   13:06   0.1   23:58  14.0   0.0   0.0   3.0  28.6   15:39     E
 5   7.3  18.5   13:59  -0.6   02:06  11.0   0.0   0.0   1.0  11.9   14:22    SE
 6   9.2  15.2   12:49   5.9   00:00   9.1   0.0   0.3   1.3  13.0   10:20     E
 7   7.8   9.7   12:41   6.4   02:15  10.5   0.0   5.4   1.6  15.3   15:16     E
 8   7.9   9.4   12:08   6.1   23:48  10.4   0.0   4.2   1.5  13.0   09:36    NE
 9   4.4   6.1   00:00   1.7   23:43  13.9   0.0   1.2   2.1  18.9   22:19   NNW
10   0.9   2.4   10:56  -0.5   23:59  17.4   0.0   0.6   3.3  27.2   23:39   NNE
11  -1.2   1.0   13:27  -3.0   23:51  19.5   0.0   0.0   5.5  38.1   16:42    NE
12   0.4   4.4   12:50  -2.9   00:00  17.9   0.0   0.0   4.9  39.2   05:56   NNE
13   1.5   7.0   13:53  -2.5   23:41  16.8   0.0   0.0   2.6  30.8   15:31   NNW
14   1.5   9.6   14:05  -5.1   04:19  16.7   0.0   0.6   0.9  13.0   12:41    NW
15   5.3   8.2   10:50   1.2   00:09  12.8   0.0   5.4   2.5  24.8   22:47   SSW
16   6.1   8.6   14:19   4.5   22:20  12.2   0.0   6.9   4.6  36.7   08:27     S
17   4.5   8.7   11:38   0.9   23:24  13.8   0.0   5.4   1.9  22.7   10:45     S
18   3.2  11.7   12:55  -1.9   02:49  15.1   0.0   2.7   1.2  14.4   12:09    NE
19   4.3   8.9   13:28   0.3   22:49  14.0   0.0   0.0   0.9  11.9   00:28     E
20   2.6   4.6   10:57   0.7   21:30  15.7   0.0   0.0   1.3  13.0   11:48   NNE
21   2.7   7.2   13:08  -2.9   05:50  15.6   0.0   0.3   3.5  34.5   23:00   ESE
22   3.1   5.7   11:51   1.4   21:56  15.2   0.0   1.2   7.4  44.1   09:29     E
23   0.5   1.6   02:17  -0.5   23:57  17.8   0.0   1.2   3.6  34.5   02:28     E
24  -0.6   0.4   22:47  -1.4   07:12  18.9   0.0   0.0   1.4  21.3   16:34   ENE
25   0.2   1.1   14:12  -0.9   05:29  18.1   0.0   0.6   3.3  29.7   13:43    NE
26   0.3   2.1   15:56  -1.1   23:08  18.0   0.0   0.9   2.8  23.8   09:11    NE
27   0.7   4.7   13:17  -2.3   03:45  17.6   0.0   0.0   2.2  17.8   09:58    NE
28   0.9   4.6   13:39  -2.8   05:55  17.4   0.0   0.0   3.0  23.8   14:33   NNE
29   1.9   9.0   11:47  -2.6   00:42  16.4   0.0   0.0   2.5  23.8   09:33    NE
30   1.8   5.7   15:20  -2.0   23:50  16.5   0.0   0.0   3.0  27.2   10:11   NNE
31   1.1   6.5   10:41  -4.7   05:15  16.4   0.0   0.3   1.8  18.9   10:35   ENE
----------------------------------------------------------------------------------
     2.9  18.5     5    -5.1    14   475.3   0.0  37.5   2.6  44.1    22     ENE

Max >=  27.0:  0
Max <=   0.0:  0
Min <=   0.0: 19
Min <=  -5.0:  1
Max Rain: 6.9 on day 16
Days of Rain: 17 (>= 0.2 mm)  6 (>= 2.0 mm)  0 (>= 15.0 mm)
Heat Base: 15.0  Cool Base: 15.0  Method: Integration
:now::gauges::console::today/yesterday::month/year::records: noaa reports::annual data::wind map::monthly records::trends::longrange forecast::rainfall radar::webcam