High Wych Weather

NOAA Style Reports for High Wych, Hertfordshire


Report for 2013 Apr
                   Monthly Climatological Summary for Apr 2013

Name: High Wych Weather   City: High Wych, Sawbridgeworth   State: Herts
Elevation: 72 m  Lat: N 51° 48' 26"   Lon: E 000° 07' 20"

                  Temperature (°C), Rain (mm), Wind Speed (mph)

                                      Heat  Cool        Avg
    Mean                              Deg   Deg         Wind                 Dom
Day Temp  High   Time   Low    Time   Days  Days  Rain  Speed High   Time    Dir
----------------------------------------------------------------------------------
 1   1.9   6.7   16:30  -1.4   00:41  16.4   0.0   0.3   2.8  29.7   15:02   ENE
 2   3.5   9.5   14:06  -2.2   06:36  14.8   0.0   0.0   4.2  29.7   13:09   ENE
 3   1.8   6.5   14:44  -1.9   05:34  16.5   0.0   0.0   4.7  32.2   14:11   NNE
 4   1.3   3.4   13:44  -0.9   03:54  17.0   0.0   0.0   4.8  38.1   17:13   NNE
 5   3.7   9.2   15:50   0.5   02:20  14.6   0.0   0.0   5.3  35.6   13:06   NNE
 6   3.9  11.7   15:32  -2.3   06:25  14.4   0.0   0.0   2.2  20.3   09:13   NNE
 7   4.1  13.1   14:12  -4.3   06:34  14.2   0.0   0.0   1.7  20.3   18:25    SE
 8   5.3  11.7   15:27   0.9   02:22  13.0   0.0   0.0   3.5  30.8   11:02     E
 9   6.2  11.4   13:45   0.8   00:38  12.1   0.0   0.0   2.8  28.6   10:34     E
10   7.1  16.1   14:20   1.6   06:22  11.2   0.0   2.4   2.2  18.9   16:39   ENE
11   6.4  10.2   17:44   4.9   06:30  11.9   0.0   4.2   2.2  21.3   00:22     E
12   8.0  12.4   17:29   4.5   04:41  10.3   0.0   2.7   1.7  18.9   16:15   WNW
13   8.8  15.3   12:22   2.0   06:22   9.5   0.0   3.9   2.5  24.8   12:39     S
14  15.3  22.6   14:43  10.5   06:03   3.7   0.7   0.3   4.0  33.3   12:35    SW
15  13.3  19.2   14:50   8.9   23:48   5.0   0.0   0.0   2.8  24.8   14:21     W
16  12.9  19.9   15:16   8.3   02:48   5.5   0.1   0.0   3.0  23.8   07:06   WSW
17  13.4  20.3   14:51   7.2   02:24   5.1   0.1   0.0   3.5  35.6   12:42   SSW
18  11.1  18.3   14:05   6.5   23:33   7.2   0.0   0.0   4.4  30.8   09:17   WNW
19   8.4  13.3   13:56   2.4   23:59   9.9   0.0   0.3   2.6  21.3   09:45    NW
20   6.7  15.9   14:49  -2.0   06:01  11.6   0.0   0.0   1.4  18.9   13:35   ESE
21   7.7  19.0   14:05  -2.9   04:25  10.7   0.0   0.0   0.9  15.3   14:18   WNW
22  10.4  18.1   12:17   2.6   04:04   7.9   0.0   0.0   1.7  16.7   17:48     W
23  14.7  22.7   16:03   6.8   06:16   4.4   0.8   0.0   1.6  14.4   12:25   WNW
24  15.1  23.5   15:04   5.7   05:56   4.4   1.2   0.3   1.2  15.3   08:34   WNW
25  16.5  25.3   14:45  10.1   04:55   3.4   1.6   0.0   1.5  22.7   13:06     W
26   8.8  15.2   13:16   3.5   22:47   9.5   0.0   4.2   1.9  23.8   13:59   NNW
27   5.8  11.5   14:32   1.2   23:57  12.5   0.0   0.6   3.1  33.3   15:04     N
28   6.9  15.8   12:49  -2.8   05:22  11.4   0.0   0.3   1.7  22.7   19:41     W
29   9.9  16.2   15:05   3.7   23:58   8.4   0.0   0.3   1.9  17.8   09:37   WNW
30   8.2  15.1   15:05   1.9   05:52  10.1   0.0   0.0   2.1  21.3   12:42   NNE
----------------------------------------------------------------------------------
     8.2  25.3    25    -4.3     7   306.6   4.5  19.8   2.7  38.1     4       N

Max >=  27.0:  0
Max <=   0.0:  0
Min <=   0.0:  9
Min <=  -5.0:  0
Max Rain: 4.2 on day 11
Days of Rain: 12 (>= 0.2 mm)  5 (>= 2.0 mm)  0 (>= 15.0 mm)
Heat Base: 15.0  Cool Base: 15.0  Method: Integration
:now::gauges::console::today/yesterday::month/year::records: noaa reports::annual data::wind map::monthly records::trends::longrange forecast::rainfall radar::webcam