High Wych Weather

NOAA Style Reports for High Wych, Hertfordshire


Report for 2013 May
                   Monthly Climatological Summary for May 2013

Name: High Wych Weather   City: High Wych, Sawbridgeworth   State: Herts
Elevation: 72 m  Lat: N 51° 48' 26"   Lon: E 000° 07' 20"

                  Temperature (°C), Rain (mm), Wind Speed (mph)

                                      Heat  Cool        Avg
    Mean                              Deg   Deg         Wind                 Dom
Day Temp  High   Time   Low    Time   Days  Days  Rain  Speed High   Time    Dir
----------------------------------------------------------------------------------
 1   9.1  17.2   15:36   0.8   04:06   9.2   0.0   0.0   1.8  20.3   13:11   NNE
 2  10.2  18.7   14:47   1.2   04:14   8.1   0.0   0.0   1.9  21.3   12:23    NE
 3  11.8  23.0   14:34   0.2   05:10   7.5   1.0   0.0   1.1  14.4   18:14    NW
 4  12.3  20.8   14:42   6.3   04:41   6.1   0.1   0.0   1.7  18.9   09:33   WNW
 5  13.9  23.3   14:50   3.3   05:11   5.3   0.9   0.0   0.5  10.8   12:39   WNW
 6  15.6  23.9   13:54   7.8   04:19   3.9   1.2   0.0   0.7  16.7   19:21     E
 7  13.9  21.6   16:31   6.3   05:19   4.9   0.5   0.0   1.3  16.7   14:50   ESE
 8  11.0  13.8   21:05   8.3   03:42   7.3   0.0   0.6   1.1  14.4   21:36   ESE
 9  10.5  16.4   11:09   4.3   04:27   7.8   0.0   0.6   3.1  34.5   16:03   WSW
10  12.9  19.1   15:47   8.9   03:00   5.4   0.0   0.0   2.4  22.7   05:55   WNW
11   9.6  16.2   14:33   5.3   23:53   8.7   0.0   3.3   1.6  22.7   18:14   WNW
12  10.2  18.1   13:26   3.8   01:16   8.1   0.0   0.9   1.8  15.3   14:56   WNW
13  11.4  16.4   13:53   5.5   23:53   6.9   0.0   0.6   2.1  23.8   14:53    NW
14   9.0  14.5   11:35   4.1   04:18   9.3   0.0   7.8   1.8  32.2   23:46     S
15   8.9  14.4   18:25   5.0   23:53   9.4   0.0   0.3   2.9  36.7   02:48    SW
16  10.0  18.6   11:30   2.2   05:17   8.3   0.0   0.0   1.6  21.3   19:38   ESE
17   8.9  12.9   16:25   5.2   05:03   9.4   0.0   0.0   1.5  18.9   10:44     N
18  11.5  16.5   16:15   7.6   23:53   6.8   0.0   0.0   0.7   9.4   08:25   NNW
19  12.7  20.9   15:10   5.2   04:19   5.7   0.2   0.0   1.3  17.8   18:21   NNE
20  13.6  17.3   18:41   9.6   00:00   4.7   0.0   0.0   2.0  24.8   23:31   NNW
21  11.8  15.9   18:09   9.7   23:45   6.5   0.0   0.0   3.0  32.2   07:39   NNW
22  11.2  16.6   15:09   6.3   23:35   7.1   0.0   0.0   1.0  15.3   18:45    NW
23   7.5  15.0   14:20   3.5   04:53  10.8   0.0   3.3   1.4  30.8   14:58   NNW
24   6.0   9.6   14:45   3.2   03:21  12.3   0.0   7.2   1.9  23.8   16:54     N
25  10.0  16.6   15:54   3.7   03:27   8.3   0.0   0.0   2.3  22.7   15:10     N
26   6.3  19.0   19:29   2.3   05:11  12.0   0.0   0.0   0.9  10.8   06:39   WNW
27  12.4  20.8   15:17   3.2   04:36   6.2   0.3   0.0   1.6  27.2   17:52   WSW
28  11.0  14.2   11:19   9.3   03:05   7.3   0.0   9.6   1.2  22.7   13:08     E
29  10.8  14.0   09:39   8.3   04:26   7.5   0.0   0.9   1.2  20.3   12:20     N
30  11.4  14.4   12:00  10.1   04:35   6.9   0.0   2.4   2.5  28.6   11:06     N
31  15.4  24.3   19:13  10.0   01:22   3.8   0.9   0.0   1.8  22.7   00:54   NNW
----------------------------------------------------------------------------------
    11.0  24.3    31     0.2     3   231.5   5.1  37.5   1.7  36.7    15     NNW

Max >=  27.0:  0
Max <=   0.0:  0
Min <=   0.0:  0
Min <=  -5.0:  0
Max Rain: 9.6 on day 28
Days of Rain: 12 (>= 0.2 mm)  6 (>= 2.0 mm)  0 (>= 15.0 mm)
Heat Base: 15.0  Cool Base: 15.0  Method: Integration
:now::gauges::console::today/yesterday::month/year::records: noaa reports::annual data::wind map::monthly records::trends::longrange forecast::rainfall radar::webcam