High Wych Weather

NOAA Style Reports for High Wych, Hertfordshire


Report for 2013 Jun
                   Monthly Climatological Summary for Jun 2013

Name: High Wych Weather   City: High Wych, Sawbridgeworth   State: Herts
Elevation: 72 m  Lat: N 51° 48' 26"   Lon: E 000° 07' 20"

                  Temperature (°C), Rain (mm), Wind Speed (mph)

                                      Heat  Cool        Avg
    Mean                              Deg   Deg         Wind                 Dom
Day Temp  High   Time   Low    Time   Days  Days  Rain  Speed High   Time    Dir
----------------------------------------------------------------------------------
 1  13.8  18.3   15:30   9.1   03:55   4.5   0.0   0.0   1.5  20.3   12:01   NNW
 2  13.5  21.2   15:32   6.4   04:41   5.0   0.2   0.0   1.4  20.3   15:40   NNW
 3  12.8  20.2   16:48   3.9   03:58   5.7   0.2   0.0   2.1  23.8   15:10    NE
 4  13.0  21.0   16:09   3.9   05:18   5.8   0.4   0.0   3.6  27.2   17:49   NNE
 5  13.7  22.5   16:26   7.9   04:38   5.2   0.6   0.0   2.8  17.8   08:31   NNE
 6  14.4  23.1   16:18   7.0   02:06   4.8   0.9   0.0   2.8  20.3   16:49   NNE
 7  14.4  23.0   14:49   6.9   04:46   4.8   0.9   0.0   2.9  22.7   17:40   NNE
 8  12.3  17.2   13:13   8.1   02:09   6.0   0.0   0.0   4.0  27.2   11:55   NNE
 9  11.8  15.3   19:21   9.5   04:30   6.5   0.0   0.0   3.0  22.7   05:39   NNE
10  11.8  15.8   17:37   8.7   23:10   6.5   0.0   0.0   1.2  14.4   13:14     E
11  14.1  20.9   11:17   6.0   03:45   4.5   0.2   0.0   1.8  21.3   21:52   SSE
12  16.1  19.4   12:28  13.4   00:16   2.3   0.1   0.6   2.6  23.8   16:55   WSW
13  14.4  18.6   15:38  11.0   23:37   3.9   0.0   0.0   2.8  29.7   13:16   WNW
14  14.7  22.1   16:37   7.1   05:07   4.3   0.6   0.0   1.6  17.8   18:08   WSW
15  13.3  18.3   12:43  10.0   15:38   5.0   0.0  15.3   2.5  26.3   08:17   WNW
16  14.9  20.6   15:32  10.2   05:05   3.5   0.1   0.0   1.3  16.7   07:16    NW
17  15.5  21.5   16:01  10.2   02:44   3.3   0.5   0.0   2.5  22.7   11:07    NE
18  17.5  23.0   12:28  11.3   05:08   2.1   1.3   0.0   1.1  14.4   00:27    NE
19  20.7  29.5   14:58  14.5   04:12   1.1   3.4   0.0   1.1  18.9   19:39   NNE
20  17.8  22.2   11:17  14.2   23:55   1.4   0.9   1.8   1.2  18.9   12:03   ENE
21  17.2  24.3   15:24  12.7   05:02   2.0   1.0   0.3   1.0  16.7   13:07   WNW
22  14.5  18.2   15:49  11.4   05:14   3.9   0.0   1.5   2.6  27.2   05:46     W
23  15.5  18.9   10:46  12.2   11:44  10.6   0.0   0.3   1.8  26.3   11:17    NW
24  13.8  20.0   19:05  10.7   23:48   4.6   0.1   0.0   1.3  16.7   00:15    NW
25  13.5  23.1   00:00   8.7   00:00  10.1   0.0   0.0   0.0  15.9   00:00     E
26  12.8  23.2   14:01  10.4   00:00  13.0   1.0   0.0   0.5  16.7   21:02   WNW
27  15.6  23.8   14:01   9.6   04:54   3.7   1.0   0.9   0.9  15.3   14:48    NW
28  16.1  21.5   16:37  11.6   00:52   2.5   0.3   3.3   1.0  15.3   17:56    NW
29  17.4  24.2   16:18  11.3   06:05   2.3   1.4   0.0   1.2  15.3   03:39    NW
30  19.3  28.5   16:23  11.1   04:50   2.0   3.0   0.0   1.7  22.7   15:18    NW
----------------------------------------------------------------------------------
    14.9  29.5    19     3.9     3   140.9  18.1  24.0   1.8  29.7    13       N

Max >=  27.0:  2
Max <=   0.0:  0
Min <=   0.0:  0
Min <=  -5.0:  0
Max Rain: 15.3 on day 15
Days of Rain: 8 (>= 0.2 mm)  2 (>= 2.0 mm)  1 (>= 15.0 mm)
Heat Base: 15.0  Cool Base: 15.0  Method: Integration
:now::gauges::console::today/yesterday::month/year::records: noaa reports::annual data::wind map::monthly records::trends::longrange forecast::rainfall radar::webcam