High Wych Weather

NOAA Style Reports for High Wych, Hertfordshire


Report for 2013 Jul
                   Monthly Climatological Summary for Jul 2013

Name: High Wych Weather   City: High Wych, Sawbridgeworth   State: Herts
Elevation: 72 m  Lat: N 51° 48' 26"   Lon: E 000° 07' 20"

                  Temperature (°C), Rain (mm), Wind Speed (mph)

                                      Heat  Cool        Avg
    Mean                              Deg   Deg         Wind                 Dom
Day Temp  High   Time   Low    Time   Days  Days  Rain  Speed High   Time    Dir
----------------------------------------------------------------------------------
 1  16.7  24.1   15:44  10.5   02:55   2.8   1.1   0.0   1.2  16.7   10:21    NW
 2  14.8  18.8   13:19   9.1   05:05   3.5   0.0   0.3   1.3  15.3   16:34   SSW
 3  17.5  23.2   18:16  14.0   05:23   1.8   1.1   0.9   1.1  15.3   02:03    NW
 4  17.8  25.4   16:21  10.7   03:12   2.6   2.1   0.0   1.4  18.9   10:42    NW
 5  19.1  28.5   16:12  10.4   03:19   2.5   3.3   0.0   1.1  10.8   14:52     E
 6  20.0  29.5   17:04  10.7   04:26   0.0   5.0   0.0   1.4  15.3   18:08   ESE
 7  21.2  30.4   16:33  12.6   05:45   1.5   4.4   0.0   1.4  20.3   16:17   ENE
 8  19.7  27.6   16:38  12.5   05:01   1.7   3.1   0.0   2.9  21.3   13:04   NNE
 9  18.4  27.8   16:38   9.3   05:32   2.8   2.9   0.0   2.4  21.3   11:42   NNE
10  16.8  23.9   14:48  10.1   05:17   3.0   1.6   0.0   3.1  28.6   15:37     N
11  16.2  24.1   16:24  10.9   00:00   3.3   1.2   0.0   2.7  23.8   13:03   NNE
12  17.9  28.3   17:16   9.2   04:03   3.0   2.6   0.0   1.3  11.9   14:21    NE
13  22.2  31.6   14:14  13.1   05:09   1.4   5.3   0.0   1.6  20.3   16:09   NNE
14  22.7  31.0   15:02  16.0   03:50   0.5   5.0   0.0   1.0  14.4   15:08   NNW
15  22.3  32.2   13:29  12.5   05:25   1.3   5.3   0.0   1.1  13.0   16:24   NNE
16  23.5  33.8   14:20  14.4   03:55   0.9   6.1   0.0   1.1  15.3   17:58     E
17  24.1  34.7   15:10  15.1   05:30   0.4   6.2   0.0   1.4  14.4   13:37     E
18  21.4  29.1   16:39  13.4   05:11   1.0   4.1   0.0   2.2  22.7   17:17   NNE
19  21.5  30.2   14:35  13.1   04:47   1.4   4.6   0.0   2.6  24.8   13:05    NE
20  18.8  23.3   16:22  14.9   03:45   0.9   1.4   0.0   2.8  22.7   19:37   NNE
21  20.3  27.3   17:36  15.8   04:28   0.8   2.9   0.0   2.1  20.3   16:59    NE
22  20.4  35.1   15:51  16.9   01:02   4.1   2.9   0.0   1.3  20.3   16:22     E
23  21.7  27.7   16:06  17.5   05:18   0.1   3.5  24.9   1.5  21.3   15:43   ESE
24  21.6  29.4   16:22  14.8   05:02   0.7   4.0   0.0   1.2  16.7   15:20   WNW
25  20.7  28.4   16:53  15.4   02:23   0.8   3.2   6.9   1.2  20.3   16:25   SSW
26  21.2  29.1   17:40  12.7   05:16   1.4   4.3   0.0   0.8  11.9   12:49     S
27  20.9  30.2   14:02  13.2   04:58   1.2   3.7   5.1   1.2  16.7   16:27     E
28  19.5  26.2   14:09  14.8   06:23   0.9   2.1   1.8   2.4  23.8   18:12     W
29  18.6  25.5   14:23  13.8   23:41   1.3   1.6   3.6   1.9  23.8   14:43   WNW
30  17.0  22.1   18:28  13.6   01:02   1.8   0.5   9.6   1.1  16.7   12:43     W
31  19.8  26.6   15:38  15.4   02:54   0.8   2.3   0.0   1.6  20.3   18:52   WNW
----------------------------------------------------------------------------------
    19.8  35.1    22     9.1     2    50.2  97.4  53.1   1.7  28.6    10     NNE

Max >=  27.0: 20
Max <=   0.0:  0
Min <=   0.0:  0
Min <=  -5.0:  0
Max Rain: 24.9 on day 23
Days of Rain: 8 (>= 0.2 mm)  5 (>= 2.0 mm)  1 (>= 15.0 mm)
Heat Base: 15.0  Cool Base: 15.0  Method: Integration
:now::gauges::console::today/yesterday::month/year::records: noaa reports::annual data::wind map::monthly records::trends::longrange forecast::rainfall radar::webcam