High Wych Weather

NOAA Style Reports for High Wych, Hertfordshire


Report for 2013 Aug
                   Monthly Climatological Summary for Aug 2013

Name: High Wych Weather   City: High Wych, Sawbridgeworth   State: Herts
Elevation: 72 m  Lat: N 51° 48' 26"   Lon: E 000° 07' 20"

                  Temperature (°C), Rain (mm), Wind Speed (mph)

                                      Heat  Cool        Avg
    Mean                              Deg   Deg         Wind                 Dom
Day Temp  High   Time   Low    Time   Days  Days  Rain  Speed High   Time    Dir
----------------------------------------------------------------------------------
 1  25.1  33.2   16:50  16.0   05:30   0.3   7.1   0.0   2.1  24.8   14:49   SSE
 2  20.6  27.3   16:42  15.9   05:57   0.3   2.7   4.8   1.4  17.8   16:19     W
 3  18.7  26.4   14:01  14.6   22:48   1.4   1.7   2.4   1.5  21.3   11:52   WNW
 4  19.1  25.7   15:11  13.1   03:50   1.5   2.3   0.3   1.7  27.2   14:20   WSW
 5  19.0  25.6   12:26  14.3   23:55   1.1   1.8   8.1   1.9  20.3   11:23     S
 6  17.3  25.0   16:01   9.5   05:58   2.9   1.9   0.0   0.9  14.4   16:26    NW
 7  16.8  22.9   14:10  10.8   23:59   2.5   1.0   0.0   2.1  23.8   10:16   NNE
 8  17.8  27.6   15:54   7.4   05:49   3.3   2.8   0.0   0.8  13.0   14:36   WNW
 9  19.1  25.8   14:21  15.3   06:56   1.1   1.8   1.8   1.4  16.7   16:00    NW
10  17.2  24.8   15:12  10.1   04:27   2.6   1.5   0.0   0.8  13.0   11:53    NW
11  18.1  26.6   14:26  11.8   00:36   2.3   2.1   0.0   1.2  18.9   13:26   WNW
12  16.4  24.2   13:12  10.9   23:58   3.0   1.1   0.0   0.9  15.3   11:55    NW
13  15.4  22.9   14:36   8.4   05:56   3.9   1.0   0.0   0.9  15.3   12:39    NW
14  17.2  25.9   14:36   8.6   05:55   3.2   2.1   0.3   1.0  14.4   12:52     W
15  18.9  26.2   15:02  15.3   23:57   0.8   1.4   7.5   1.3  20.3   13:11   WNW
16  18.6  23.7   15:28  15.3   00:00   1.0   1.3   1.2   1.2  14.4   12:38     W
17  16.8  21.6   12:43  11.7   05:07   2.0   0.6   0.3   2.0  27.2   18:49     W
18  19.1  25.3   15:25  14.8   06:03   1.0   1.8   0.3   1.6  18.9   12:48   WNW
19  17.5  25.9   15:16  11.0   23:58   2.7   1.9   0.0   0.8  16.7   11:48    NW
20  17.8  27.1   13:33   9.2   04:21   3.2   2.7   0.0   0.7  16.7   15:20     W
21  18.9  27.8   15:18  10.1   05:35   2.4   3.1   0.0   0.8  16.7   10:51   WNW
22  17.9  22.0   17:46  15.3   23:49   1.2   0.8   6.0   0.6   9.4   17:48   ESE
23  19.6  26.1   12:02  14.4   05:04   1.2   2.4   0.3   1.7  22.7   12:27     E
24  16.8  20.1   14:09  13.5   23:39   1.6   0.1  11.7   1.1  15.3   21:31   NNW
25  17.7  24.6   14:20  12.9   01:53   2.1   1.5   3.9   2.3  21.3   12:41   NNE
26  19.1  26.9   14:08  13.5   23:54   1.5   2.3   0.0   2.2  20.3   05:29   NNE
27  17.0  24.7   15:45  12.0   06:00   2.8   1.5   0.0   1.6  17.8   14:31     N
28  17.5  26.0   13:50   9.8   02:09   2.8   2.0   0.0   0.9  13.0   13:08   NNE
29  19.1  26.7   14:53  12.9   06:16   1.8   2.5   0.0   0.9  14.4   15:42   WNW
30  19.5  26.2   13:39  13.5   05:35   1.2   2.4   0.0   1.3  17.8   16:13   WNW
31  16.0  22.6   14:43   9.3   23:46   3.0   0.7   0.0   1.4  23.8   09:02   NNW
----------------------------------------------------------------------------------
    18.2  33.2     1     7.4     8    61.7  59.9  48.9   1.3  27.2     4      NW

Max >=  27.0:  5
Max <=   0.0:  0
Min <=   0.0:  0
Min <=  -5.0:  0
Max Rain: 11.7 on day 24
Days of Rain: 14 (>= 0.2 mm)  7 (>= 2.0 mm)  0 (>= 15.0 mm)
Heat Base: 15.0  Cool Base: 15.0  Method: Integration
:now::gauges::console::today/yesterday::month/year::records: noaa reports::annual data::wind map::monthly records::trends::longrange forecast::rainfall radar::webcam