High Wych Weather

NOAA Style Reports for High Wych, Hertfordshire


Report for 2013 Sep
                   Monthly Climatological Summary for Sep 2013

Name: High Wych Weather   City: High Wych, Sawbridgeworth   State: Herts
Elevation: 72 m  Lat: N 51° 48' 26"   Lon: E 000° 07' 20"

                  Temperature (°C), Rain (mm), Wind Speed (mph)

                                      Heat  Cool        Avg
    Mean                              Deg   Deg         Wind                 Dom
Day Temp  High   Time   Low    Time   Days  Days  Rain  Speed High   Time    Dir
----------------------------------------------------------------------------------
 1  15.0  22.8   14:16   7.7   03:39   4.3   1.0   0.0   1.0  13.0   12:01   WNW
 2  18.5  28.3   15:04  10.1   03:09   2.7   2.9   0.0   0.9  16.7   12:24    NW
 3  19.2  28.5   13:54  11.2   06:17   2.1   2.9   0.0   0.3  10.8   13:40   WNW
 4  19.6  28.7   10:20  12.7   06:06   1.5   2.8   0.0   1.4   9.4   10:13     E
 5  20.1  30.1   16:41  13.7   00:00   0.0   4.6   0.0   2.2   4.8   00:00     E
 6  12.1  17.2   00:00  10.2   23:58   5.1   2.7   4.8   1.7  17.8   14:17     E
 7  13.9  20.4   14:18   8.9   05:00   4.6   0.2   0.3   1.5  18.9   15:40     S
 8  11.5  18.9   13:08   6.2   06:18   6.8   0.0   1.8   1.5  25.2   23:40   NNW
 9  10.1  14.1   00:00   6.3   00:00  10.5   0.0   7.1  57.0  13.9   00:30     N
10  12.0  16.2   00:00   8.1   00:00  10.5   0.0   1.8  57.0  28.3   00:30     N
11  13.1  15.1   17:58  11.1   00:00  12.5   0.0   8.4  42.8  28.8   00:30     N
12  14.8  20.0   14:18  11.7   06:00   3.6   0.1   0.3   0.3   8.4   12:32   WNW
13  15.7  18.1   16:05  11.6   23:59   2.6   0.0  11.4   0.7  18.9   23:07     N
14  10.4  13.8   15:11   6.0   23:58   7.9   0.0   2.1   1.3  24.8   00:23   NNW
15  10.2  14.9   10:53   3.4   06:24   8.1   0.0   1.2   1.5  23.8   15:44   WNW
16  10.1  15.5   14:19   5.9   06:10   8.2   0.0   0.3   1.6  20.3   11:21    NW
17   9.7  14.5   12:25   5.4   02:35   8.6   0.0   5.7   1.1  18.9   10:22   WNW
18  11.7  17.4   13:21   8.2   23:59   6.6   0.0   0.3   0.8  14.4   11:03    NW
19  11.1  15.7   12:21   6.5   01:58   7.2   0.0   2.1   1.1  18.9   12:02   WNW
20  13.4  22.1   15:17   7.5   01:58   5.1   0.3   0.3   0.6  10.8   14:44    NW
21  13.7  18.5   16:24   8.3   03:39   4.6   0.0   0.3   0.6  13.0   09:36   WNW
22  16.2  21.2   15:22  12.3   23:12   2.6   0.5   0.3   0.5   9.4   12:57     W
23  15.0  19.4   15:01  11.3   03:28   3.4   0.1   0.0   0.3   8.4   13:49    SE
24  14.5  21.0   15:10   9.2   05:10   4.2   0.4   0.3   0.6  11.9   14:25     E
25  16.6  22.6   14:23  13.1   07:00   2.5   0.9   0.0   0.6   8.4   10:31   NNE
26  14.7  19.9   13:43   9.9   23:44   3.7   0.1   0.0   1.9  18.9   11:22    NE
27  12.5  19.0   15:11   7.1   07:03   5.8   0.0   0.0   1.6  20.3   16:55     E
28  14.3  19.7   12:19  10.0   01:49   4.1   0.1   0.0   2.4  23.8   12:53     E
29  14.9  19.8   12:48  11.5   07:18   3.5   0.1   0.0   2.6  23.8   11:30   ENE
30  14.8  20.8   13:10   9.9   22:28   3.8   0.3   0.0   2.1  22.7   12:13     E
----------------------------------------------------------------------------------
    14.0  30.1     5     3.4    15   156.7  20.0  48.8   6.3  28.8    11       N

Max >=  27.0:  4
Max <=   0.0:  0
Min <=   0.0:  0
Min <=  -5.0:  0
Max Rain: 11.4 on day 13
Days of Rain: 18 (>= 0.2 mm)  7 (>= 2.0 mm)  0 (>= 15.0 mm)
Heat Base: 15.0  Cool Base: 15.0  Method: Integration
:now::gauges::console::today/yesterday::month/year::records: noaa reports::annual data::wind map::monthly records::trends::longrange forecast::rainfall radar::webcam