High Wych Weather

NOAA Style Reports for High Wych, Hertfordshire


Report for 2013 Oct
                   Monthly Climatological Summary for Oct 2013

Name: High Wych Weather   City: High Wych, Sawbridgeworth   State: Herts
Elevation: 72 m  Lat: N 51° 48' 26"   Lon: E 000° 07' 20"

                  Temperature (°C), Rain (mm), Wind Speed (mph)

                                      Heat  Cool        Avg
    Mean                              Deg   Deg         Wind                 Dom
Day Temp  High   Time   Low    Time   Days  Days  Rain  Speed High   Time    Dir
----------------------------------------------------------------------------------
 1  13.3  17.3   12:00   9.2   05:02   5.0   0.0   0.0   2.4  28.6   11:37     E
 2  14.5  17.2   16:20  12.4   07:58   3.8   0.0   5.7   2.0  18.9   04:07     E
 3  15.0  18.0   11:45  12.3   05:46   3.3   0.0   2.4   1.8  20.3   10:31   ESE
 4  17.5  21.5   15:31  14.7   23:49   1.3   0.5   0.0   1.8  23.8   09:11   WSW
 5  14.8  20.2   13:44  10.1   22:11   3.6   0.1   0.0   0.2  10.8   12:46    NW
 6  12.7  22.1   13:15   6.1   06:19   6.2   0.5   0.0   0.4  11.9   16:41   WNW
 7  13.0  19.6   15:12   8.1   04:56   5.4   0.1   0.0   0.5  10.8   10:25    NW
 8  15.4  21.4   13:29  10.6   01:28   3.3   0.4   0.0   0.8  13.0   10:05   WNW
 9  12.7  19.7   13:07   6.5   23:47   5.6   0.0   0.0   1.2  17.8   17:51    NW
10   8.6  12.7   13:28   6.3   02:05   9.7   0.0   0.0   2.8  30.8   20:21   NNW
11  10.6  12.8   17:14   7.5   01:58   7.7   0.0   6.9   5.9  40.5   16:15     N
12  11.1  14.2   14:26   7.6   19:20   7.2   0.0   2.7   2.4  35.6   02:05   NNE
13   9.7  13.0   14:36   7.7   00:34   8.6   0.0   7.8   1.2  18.9   15:23    NW
14   9.0  12.0   12:37   7.8   23:33   9.3   0.0   3.0   1.0  13.0   03:14   WNW
15   9.4  13.1   15:08   6.2   23:57   8.9   0.0   0.0   0.8  16.7   12:21    NW
16   8.8  12.8   16:24   4.2   02:36   9.5   0.0   5.4   1.2  17.8   12:54   WSW
17  13.2  19.5   14:36   8.7   23:55   5.2   0.1   0.0   1.1  26.3   00:03    NW
18  12.6  16.6   14:45   8.2   01:15   5.7   0.0   0.3   1.3  17.8   20:25     E
19  13.8  19.6   13:26  11.8   23:06   7.7   0.0   0.9   1.4  14.4   18:11    SE
20  12.8  18.1   13:52  10.7   19:32   5.5   0.0  18.3   1.5  22.7   08:59   SSW
21  14.4  17.4   15:14  11.4   04:15   3.9   0.0   2.1   2.4  28.6   13:47   SSW
22  15.7  17.9   16:10  12.5   23:57   2.6   0.0   6.0   2.9  21.3   19:41     S
23  13.2  17.3   13:59   7.0   23:56   5.1   0.0   9.9   2.3  26.3   13:35     W
24  10.5  18.2   13:30   4.5   06:11   7.8   0.0   0.0   0.9  18.9   23:37   ESE
25  15.0  18.8   12:34  12.5   00:00   3.3   0.0   1.8   2.6  24.8   17:01    SW
26  14.6  17.6   11:40  13.0   06:57   3.7   0.0   1.2   2.7  30.8   22:54     W
27  12.8  16.2   13:15  10.3   07:49   5.8   0.0  20.1   2.8  30.8   00:05     W
28  11.3  15.2   03:53   6.8   23:59   7.0   0.0  17.4   3.2  40.5   07:09   WNW
29   7.5  13.1   13:09   2.8   23:59  10.8   0.0   0.3   1.2  22.7   13:07   NNW
30   8.3  15.3   12:32   0.7   06:38  10.0   0.0   0.3   1.3  22.7   20:40   WSW
31  11.9  13.3   13:11  10.9   18:21   6.4   0.0   3.3   1.4  23.8   00:52     W
----------------------------------------------------------------------------------
    12.4  22.1     6     0.7    30   188.9   1.7 115.8   1.8  40.5    11     WNW

Max >=  27.0:  0
Max <=   0.0:  0
Min <=   0.0:  0
Min <=  -5.0:  0
Max Rain: 20.1 on day 27
Days of Rain: 20 (>= 0.2 mm)  14 (>= 2.0 mm)  3 (>= 15.0 mm)
Heat Base: 15.0  Cool Base: 15.0  Method: Integration
:now::gauges::console::today/yesterday::month/year::records: noaa reports::annual data::wind map::monthly records::trends::longrange forecast::rainfall radar::webcam