High Wych Weather

NOAA Style Reports for High Wych, Hertfordshire


Report for 2013 Nov
                   Monthly Climatological Summary for Nov 2013

Name: High Wych Weather   City: High Wych, Sawbridgeworth   State: Herts
Elevation: 72 m  Lat: N 51° 48' 26"   Lon: E 000° 07' 20"

                  Temperature (°C), Rain (mm), Wind Speed (mph)

                                      Heat  Cool        Avg
    Mean                              Deg   Deg         Wind                 Dom
Day Temp  High   Time   Low    Time   Days  Days  Rain  Speed High   Time    Dir
----------------------------------------------------------------------------------
 1  11.7  14.2   11:33  10.1   07:24   6.6   0.0   1.2   1.1  15.3   03:21   SSW
 2  11.0  15.1   13:10   8.7   23:56   7.2   0.0   1.5   2.3  28.6   19:51   WNW
 3   8.2  12.2   13:54   5.5   06:21  10.2   0.0   8.9   2.1  21.3   00:58    NW
 4   5.6   9.4   13:21   1.3   23:06  12.7   0.0   8.0   1.5  29.7   04:44     N
 5   7.1  12.0   13:17   1.7   00:00   9.8   0.0   4.0   0.6  21.9   14:23   NNW
 6  10.6  13.9   20:35   7.8   00:15   4.4   0.0   3.4   0.6  20.3   22:25     W
 7   8.2  13.7   00:15   5.6   22:45   6.8   0.0   0.6   0.1  12.5   00:40   WNW
 8   6.3  11.3   13:15   3.7   06:40   8.7   0.0   7.0   0.0  14.1   15:10   ESE
 9   4.2   6.8   13:40   1.8   07:20  10.5   0.0   1.2   0.0   6.3   03:40     E
10   4.5   8.9   13:45   0.5   21:49  10.5   0.0   0.4   0.3  14.1   09:35    NW
11   8.1  11.9   23:05   0.7   01:24   6.9   0.0   3.6   0.6  25.0   09:50     S
12   8.8  12.0   00:15   3.5   22:29   6.2   0.0   3.0   0.2  17.2   13:48   NNW
13   4.9   9.7   12:59   0.5   06:49  10.1   0.0   0.2   0.1  15.6   23:44     W
14   6.7   9.2   12:13   3.5   23:59   8.3   0.0   0.0   1.0  20.3   13:27    NW
15   4.4   9.3   13:54   0.6   23:22  10.6   0.0   0.0   0.3  14.1   11:51     N
16   4.3   8.2   11:36  -0.4   05:21  10.6   0.0   0.0   0.0  10.9   11:52     N
17   7.6   9.0   13:26   5.2   03:10   7.4   0.0   0.0   0.2   9.4   07:44     N
18   7.4   8.6   12:59   5.1   23:49   7.6   0.0   0.8   0.1  10.9   19:18    NW
19   2.1   5.3   13:19  -2.7   23:58  12.9   0.0   0.0   0.4  20.3   12:53    NW
20   1.6   5.2   11:33  -3.1   01:52  13.4   0.0   4.8   0.8  20.3   11:37   WNW
21   4.1   7.9   13:40   1.6   00:21  10.9   0.0   0.6   3.4  31.3   09:06     N
22   3.9   7.3   13:10   1.6   00:00  11.1   0.0   0.0   1.7  28.1   12:02     N
23   4.2   6.6   12:14   1.5   07:38  10.8   0.0   0.0   0.9  21.9   12:24     N
24   5.2   7.2   11:50   3.1   22:23   9.8   0.0   0.2   0.9  17.2   11:08     N
25   4.2   6.4   12:34   1.6   08:15  10.8   0.0   0.0   0.4  18.8   11:48   NNW
26   3.3   6.2   12:23  -0.7   08:40  11.7   0.0   0.0   0.0   7.8   01:13   WNW
27   6.5   9.7   12:55   2.4   00:11   8.5   0.0   0.6   0.0   3.1   11:56     E
28   7.4   8.6   14:01   6.3   21:03   7.6   0.0   0.0   0.1  10.9   14:50     N
29   6.9   9.3   12:06   4.9   23:27   8.1   0.0   0.0   2.0  18.8   16:57    NW
30   5.1   7.5   13:08   0.8   23:22   9.9   0.0   0.0   1.2  18.8   01:50    NW
----------------------------------------------------------------------------------
     6.1  15.1     2    -3.1    20   280.6   0.0  50.0   1.0  31.3    21      NW

Max >=  27.0:  0
Max <=   0.0:  0
Min <=   0.0:  4
Min <=  -5.0:  0
Max Rain: 8.9 on day 3
Days of Rain: 18 (>= 0.2 mm)  8 (>= 2.0 mm)  0 (>= 15.0 mm)
Heat Base: 15.0  Cool Base: 15.0  Method: Integration
:now::gauges::console::today/yesterday::month/year::records: noaa reports::annual data::wind map::monthly records::trends::longrange forecast::rainfall radar::webcam