High Wych Weather

NOAA Style Reports for High Wych, Hertfordshire


Report for 2013 Dec
                   Monthly Climatological Summary for Dec 2013

Name: High Wych Weather   City: High Wych, Sawbridgeworth   State: Herts
Elevation: 72 m  Lat: N 51° 48' 26"   Lon: E 000° 07' 20"

                  Temperature (°C), Rain (mm), Wind Speed (mph)

                                      Heat  Cool        Avg
    Mean                              Deg   Deg         Wind                 Dom
Day Temp  High   Time   Low    Time   Days  Days  Rain  Speed High   Time    Dir
----------------------------------------------------------------------------------
 1   4.8   8.6   13:51   0.1   01:35  10.1   0.0   0.0   0.3  12.5   19:39     N
 2   6.6   8.9   12:44   4.4   21:40   8.4   0.0   0.0   0.4   9.4   04:53     N
 3   5.0   5.7   02:15   4.2   19:38  10.0   0.0   0.0   0.0   9.4   05:09     N
 4   4.4   7.9   12:19  -0.6   23:59  10.6   0.0   0.0   0.4  10.9   11:54    NW
 5   3.8   9.9   15:15  -1.2   01:34  11.2   0.0   0.6   2.4  34.4   15:18   WNW
 6   4.3   6.6   14:31   1.4   07:36  10.7   0.0   0.0   1.3  18.8   00:27    NW
 7   5.8   9.1   12:24   3.7   18:35   9.1   0.0   0.0   0.3  10.9   14:41   WNW
 8   6.4   9.9   12:43   2.9   05:31   8.6   0.0   0.0   0.8  14.1   12:57     W
 9   6.1   9.7   14:23   3.2   22:28   8.9   0.0   0.2   0.4  10.9   01:18     W
10   3.3   7.3   14:27  -0.7   06:37  11.7   0.0   0.4   0.0   6.3   16:44    SE
11   0.7   3.3   13:41  -0.9   08:43  14.3   0.0   0.2   0.0   4.7   02:30     E
12   3.3   7.0   14:54  -1.2   06:37  11.9   0.0   0.3   0.1   7.8   10:01   SSW
13   8.7  10.7   14:10   5.4   00:10   6.3   0.0   0.9   1.2  15.3   11:45     S
14   6.7  10.5   15:09   0.7   07:38   8.2   0.0   0.7   1.9  28.1   17:07   WSW
15  10.0  11.9   20:38   6.7   07:06   4.9   0.0   4.4   2.1  25.0   23:57    SW
16  10.7  12.4   13:54   6.1   23:47   4.3   0.0   8.6   2.0  26.6   06:29   WSW
17   4.6   6.2   23:15   3.1   08:11  10.4   0.0   3.8   0.2  12.5   01:33     N
18   7.6   9.6   15:12   4.1   06:52   7.4   0.0   6.8   2.7  34.4   18:58   SSW
19   4.9   9.0   00:00   1.9   23:33  10.1   0.0   5.0   0.7  15.6   19:27     W
20   5.3   9.9   23:31   0.8   06:49   9.7   0.0   0.2   1.8  37.5   20:41   WSW
21  10.0  11.2   18:58   7.4   23:57   5.0   0.0   4.2   3.9  34.4   19:10   WSW
22   6.5   9.0   07:50   3.3   22:13   8.3   0.0   1.4   2.1  23.4   07:37     W
23   8.2  11.5   22:09   3.4   00:00   6.8   0.0  13.0   4.0  45.3   23:22   SSW
24   7.4  11.3   00:00   4.2   23:59   7.6   0.0  13.2   2.9  43.8   02:19   WSW
25   3.4   6.9   12:47   1.6   19:27  11.6   0.0   1.2   0.4  12.5   12:26     W
26   3.1   6.7   23:58   1.2   02:47  11.9   0.0   0.8   0.7  26.6   23:40   SSW
27   8.3  10.4   05:22   5.2   23:57   6.7   0.0   1.8   3.8  34.4   02:57   WSW
28   3.7   7.4   13:16  -0.1   23:54  11.2   0.0   0.0   0.7  10.9   10:43     W
29   2.1   6.4   23:42  -1.8   07:17  12.9   0.0   0.2   0.4  15.6   23:28    SW
30   7.8   9.8   08:27   4.8   23:12   7.2   0.0   4.6   3.1  39.1   08:25   SSW
31   6.8  10.1   11:56   4.6   20:37   8.2   0.0   3.6   1.6  26.6   10:39   SSE
----------------------------------------------------------------------------------
     5.8  12.4    16    -1.8    29   284.2   0.0  76.1   1.4  45.3    23     WSW

Max >=  27.0:  0
Max <=   0.0:  0
Min <=   0.0:  7
Min <=  -5.0:  0
Max Rain: 13.2 on day 24
Days of Rain: 23 (>= 0.2 mm)  10 (>= 2.0 mm)  0 (>= 15.0 mm)
Heat Base: 15.0  Cool Base: 15.0  Method: Integration
:now::gauges::console::today/yesterday::month/year::records: noaa reports::annual data::wind map::monthly records::trends::longrange forecast::rainfall radar::webcam