High Wych Weather

NOAA Style Reports for High Wych, Hertfordshire


Report for 2014
                   Annual Climatological Summary for 2014

Name: High Wych Weather   City: High Wych, Sawbridgeworth   State: Herts
Elevation: 72 m  Lat: N 51° 48' 26"   Lon: E 000° 07' 20"

                  Temperature (°C), Heat Base: 15.0  Cool Base: 15.0
                          Dep.  Heat  Cool                       Max  Max  Min  Min
        Mean  Mean        From  Deg   Deg                        >=   <=   <=   <=
 YR MO  Max   Min   Mean  Norm  Days  Days  Hi  Date  Low  Date 27.0  0.0  0.0  -5.0
------------------------------------------------------------------------------------
 14  1   8.7   2.7   5.7   1.3   287     0  12.0   6  -2.3   21    0    0    6    0
 14  2   9.7   3.0   6.3   2.0   241     0  14.2  24   0.3   11    0    0    0    0
 14  3  13.7   2.9   7.8   1.5   225     3  20.1   9  -2.6   24    0    0    6    0
 14  4  16.1   5.6  10.7   1.9   135     5  20.4  21  -0.3   16    0    0    2    0
 14  5  17.7   7.8  12.6   0.2    97    24  24.9  19  -0.5    3    0    0    1    0
 14  6  21.4  10.1  15.6   0.4    41    59  26.6   9   5.9    4    0    0    0    0
 14  7  24.8  13.2  18.7   0.5    14   129  32.2  18   7.4    2    7    0    0    0
 14  8  21.2  11.2  15.8  -1.7    35    59  26.4   7   5.7   24    0    0    0    0
 14  9  20.8  11.2  15.5   0.8    36    50  25.7  18   5.4   25    0    0    0    0
 14 10  16.8   9.5  12.9   1.4    80    14  22.1  31   1.9    5    0    0    0    0
 14 11  11.5   5.6   8.6   0.9   191     0  16.9   1  -1.1    6    0    0    3    0
 14 12   8.2   1.6   4.8  -1.5   317     0  12.9  18  -3.3   30    0    0   10    0
------------------------------------------------------------------------------------
        15.9   7.0  11.3   0.6  1704   347  32.2 Jul  -3.3  Dec    7    0   28    0

                                Precipitation (mm)

              Dep.   Max        Days of Rain
              From   Obs.           >=
 YR MO Total  Norm   Day Date  0.2  2.0 15.0
---------------------------------------------
 14  1 125.0  50.5  11.8  31    31   19    0
 14  2 100.6  69.8  14.4   7    18   14    0
 14  3  22.8 -11.3   7.0   2    13    5    0
 14  4  22.2 -16.8  10.0  20    10    3    0
 14  5  84.0  34.4  13.8  24    17   10    0
 14  6  24.2 -20.9   4.8  29    14    6    0
 14  7  63.4   1.3  18.0  10    11   10    1
 14  8 118.0  52.9  35.4  25    18    8    2
 14  9  24.0 -18.4  15.2  19    11    2    1
 14 10  94.8  26.6  34.8  13    25   15    1
 14 11  93.4   8.5  30.0  23    28   11    1
 14 12  48.8 -22.5  13.0  26    22    6    0
---------------------------------------------
       821.2 154.1  35.4  Aug  218  109    6

                                Wind Speed (mph)
                          Dom
 YR MO   Avg.  Hi   Date  Dir
------------------------------
 14  1   2.1  45.0   25    SW
 14  2   2.9  40.0   14   WSW
 14  3   1.9  27.5   18    NW
 14  4   1.8  22.5    8   NNE
 14  5   1.5  25.0   24     N
 14  6   1.5  21.3   17     N
 14  7   1.7  25.0    9   NNW
 14  8   1.9  22.5   26    NW
 14  9   1.2  21.3   21   NNE
 14 10   1.6  27.5   21    NW
 14 11   1.3  22.5    8    SE
 14 12   2.2  27.5   27    NW
------------------------------
         1.8  45.0  Jan    NW
:now::gauges::console::today/yesterday::month/year::records: noaa reports::annual data::wind map::monthly records::trends::longrange forecast::rainfall radar::webcam