High Wych Weather

NOAA Style Reports for High Wych, Hertfordshire


Report for 2014 Jan
                   Monthly Climatological Summary for Jan 2014

Name: High Wych Weather   City: High Wych, Sawbridgeworth   State: Herts
Elevation: 72 m  Lat: N 51° 48' 26"   Lon: E 000° 07' 20"

                  Temperature (°C), Rain (mm), Wind Speed (mph)

                                      Heat  Cool        Avg
    Mean                              Deg   Deg         Wind                 Dom
Day Temp  High   Time   Low    Time   Days  Days  Rain  Speed High   Time    Dir
----------------------------------------------------------------------------------
 1   8.1  10.6   21:02   5.7   03:14   6.9   0.0   9.6   3.6  35.9   11:10     S
 2   7.8   9.8   23:22   5.1   07:44   7.2   0.0   1.2   1.9  23.4   23:48   WSW
 3   7.5   9.9   02:23   5.1   13:17   7.5   0.0   8.4   3.3  31.3   11:57     W
 4   6.6   9.0   11:16   2.0   23:37   8.4   0.0   4.8   2.2  29.7   08:17     S
 5   4.7  11.4   23:57  -0.2   07:30  10.3   0.0   3.8   1.9  32.8   17:49     S
 6  10.1  12.0   01:02   7.2   23:55   4.9   0.0  10.8   3.6  30.1   21:33     W
 7   9.4  10.7   14:59   7.3   10:47   5.6   0.0   4.2   3.6  25.0   09:49     W
 8   8.4  11.4   13:28   6.2   07:03   6.6   0.0   0.6   2.1  12.5   20:49   WSW
 9   7.2  11.2   01:13   2.2   23:07   7.8   0.0   1.8   3.9  22.5   11:12   WNW
10   4.9   9.4   13:58   0.2   08:33  10.1   0.0   0.8   0.8  10.0   20:42     W
11   4.7   7.7   03:44  -1.1   23:54  10.2   0.0   1.6   2.2  20.0   06:22    NW
12   2.9   8.1   23:52  -1.9   04:57  12.0   0.0   2.2   1.6  16.3   17:31    SE
13   6.0   8.9   13:29   3.9   08:16   8.9   0.0   4.2   1.6  18.8   18:09    SW
14   3.4   5.6   12:42   0.3   08:32  11.6   0.0   1.2   1.0  13.8   13:43   WNW
15   8.5  10.7   14:04   4.8   00:00   6.5   0.0   5.6   1.9  15.0   18:43   SSW
16   8.1  10.0   13:04   6.3   23:06   6.9   0.0   6.4   2.4  18.8   13:07     S
17   6.5   8.4   13:21   4.8   22:55   8.5   0.0   3.8   2.1  16.3   03:11   SSW
18   7.1   9.2   13:33   4.9   00:00   7.9   0.0   0.2   1.8  13.8   12:24   ESE
19   5.4   7.7   11:49   1.6   23:24   9.6   0.0   1.2   0.6   8.8   04:32   NNW
20   1.8   6.2   14:23  -1.3   23:48  13.2   0.0   0.2   0.0   5.0   20:20     E
21   2.0   5.4   14:58  -2.3   02:12  13.0   0.0   0.4   0.8  15.0   22:51   ESE
22   6.1   8.9   13:30   4.4   00:00   8.9   0.0   4.0   0.9  16.3   00:11    SE
23   4.1   7.4   14:40   1.3   23:01  10.8   0.0   4.6   2.3  25.0   13:02    NW
24   3.9   7.0   13:44  -0.2   02:37  11.1   0.0   4.8   1.0  12.5   14:23    SE
25   6.6  10.4   13:36   2.9   23:56   8.4   0.0   1.8   3.2  45.0   16:32    NW
26   4.1   8.3   15:24   1.3   22:23  10.9   0.0   4.4   2.5  23.8   19:04     W
27   3.5   7.4   13:06   0.9   02:54  11.5   0.0   0.4   2.1  15.0   14:52   WNW
28   5.5   9.3   12:47   3.9   07:08   9.5   0.0   5.6   2.3  17.5   14:37   SSE
29   4.3   5.1   12:29   3.3   23:40  10.7   0.0   6.2   3.4  20.0   12:31     E
30   3.8   5.3   14:36   2.6   05:24  11.2   0.0   8.4   1.2  13.8   02:35   ENE
31   4.6   8.5   23:56   1.4   07:46  10.4   0.0  11.8   2.8  25.0   20:51   SSE
----------------------------------------------------------------------------------
     5.7  12.0     6    -2.3    21   287.0   0.0 125.0   2.1  45.0    25      SW

Max >=  27.0:  0
Max <=   0.0:  0
Min <=   0.0:  6
Min <=  -5.0:  0
Max Rain: 11.8 on day 31
Days of Rain: 31 (>= 0.2 mm)  19 (>= 2.0 mm)  0 (>= 15.0 mm)
Heat Base: 15.0  Cool Base: 15.0  Method: Integration
:now::gauges::console::today/yesterday::month/year::records: noaa reports::annual data::wind map::monthly records::trends::longrange forecast::rainfall radar::webcam