High Wych Weather

NOAA Style Reports for High Wych, Hertfordshire


Report for 2014 Feb
                   Monthly Climatological Summary for Feb 2014

Name: High Wych Weather   City: High Wych, Sawbridgeworth   State: Herts
Elevation: 72 m  Lat: N 51° 48' 26"   Lon: E 000° 07' 20"

                  Temperature (°C), Rain (mm), Wind Speed (mph)

                                      Heat  Cool        Avg
    Mean                              Deg   Deg         Wind                 Dom
Day Temp  High   Time   Low    Time   Days  Days  Rain  Speed High   Time    Dir
----------------------------------------------------------------------------------
 1   6.5   8.9   02:05   3.4   08:04   8.4   0.0   8.2   3.6  23.8   14:23   WSW
 2   6.3   9.1   14:11   2.9   23:15   8.6   0.0   0.0   1.8  15.0   00:24     W
 3   4.5   7.6   12:48   2.0   04:50  10.5   0.0   0.0   2.1  20.0   11:22    SE
 4   5.8   8.6   12:55   2.5   07:07   9.2   0.0   1.2   2.9  26.3   21:39   SSE
 5   7.1   8.9   18:33   4.8   02:12   7.9   0.0   6.0   5.8  35.0   11:51     S
 6   6.8   9.1   20:10   4.7   15:40   8.2   0.0  10.2   2.9  17.5   14:27    SW
 7   6.4   8.7   03:25   2.9   07:27   8.6   0.0  14.4   3.7  20.0   08:30   WNW
 8   7.4   9.3   10:36   6.4   18:16   7.6   0.0   4.4   5.1  30.0   10:38    SW
 9   5.9   8.1   13:08   3.3   20:34   9.1   0.0   0.0   4.4  23.8   00:00   WNW
10   4.3   8.7   14:19   0.9   23:52  10.7   0.0   2.8   1.0  17.5   14:56    NW
11   3.7   6.9   12:15   0.3   02:05  11.3   0.0   3.4   2.7  28.8   11:15   WSW
12   4.9   8.2   12:06   1.6   02:02  10.0   0.0   8.2   4.3  30.0   10:31    SW
13   4.3   7.5   11:44   2.2   23:52  10.7   0.0   0.0   2.9  23.8   13:56   WNW
14   5.8  11.4   18:57   1.6   03:56   9.2   0.0   8.8   4.2  40.0   21:56     S
15   7.7  10.2   13:30   3.8   23:34   7.2   0.0   0.2   6.0  38.8   01:02     W
16   4.5   9.9   15:22   0.3   06:44  10.4   0.0   0.0   0.7   8.8   11:02   WNW
17   6.6  10.9   13:10   2.4   03:00   8.4   0.0   2.2   1.7  16.3   12:48     S
18   7.2  10.2   15:48   3.0   23:54   7.8   0.0   7.2   0.9  10.0   00:26     S
19   6.6  10.4   13:16   2.2   02:47   8.4   0.0   0.0   0.8  10.0   22:45   WSW
20   9.0  12.5   15:18   4.3   23:59   6.0   0.0   1.2   2.7  18.8   10:10   WSW
21   5.4   9.9   14:45   0.8   06:07   9.6   0.0   0.0   2.5  16.3   15:29   WNW
22   6.8  11.7   14:30   2.6   07:22   7.7   0.0   0.0   2.1  13.8   23:29     W
23   9.7  11.6   12:00   7.6   00:00   5.3   0.0   0.0   4.1  22.5   12:35    SW
24   9.7  14.2   13:00   6.0   06:25   5.2   0.0   1.2   3.0  22.5   23:50     S
25   7.9  10.9   00:00   5.6   21:05   7.0   0.0   4.8   2.4  32.5   01:20    SW
26   6.2  11.4   15:09   1.6   07:03   8.7   0.0   0.0   1.1  11.3   13:42   WNW
27   6.2  10.8   14:14   2.3   22:50   8.8   0.0   5.4   2.7  18.8   04:57   WSW
28   3.7   5.4   13:33   1.3   02:19  11.3   0.0  10.8   2.4  18.8   08:15   ENE
----------------------------------------------------------------------------------
     6.3  14.2    24     0.3    11   241.8   0.0 100.6   2.9  40.0    14     WSW

Max >=  27.0:  0
Max <=   0.0:  0
Min <=   0.0:  0
Min <=  -5.0:  0
Max Rain: 14.4 on day 7
Days of Rain: 18 (>= 0.2 mm)  14 (>= 2.0 mm)  0 (>= 15.0 mm)
Heat Base: 15.0  Cool Base: 15.0  Method: Integration
:now::gauges::console::today/yesterday::month/year::records: noaa reports::annual data::wind map::monthly records::trends::longrange forecast::rainfall radar::webcam