High Wych Weather

NOAA Style Reports for High Wych, Hertfordshire


Report for 2014 Mar
                   Monthly Climatological Summary for Mar 2014

Name: High Wych Weather   City: High Wych, Sawbridgeworth   State: Herts
Elevation: 72 m  Lat: N 51° 48' 26"   Lon: E 000° 07' 20"

                  Temperature (°C), Rain (mm), Wind Speed (mph)

                                      Heat  Cool        Avg
    Mean                              Deg   Deg         Wind                 Dom
Day Temp  High   Time   Low    Time   Days  Days  Rain  Speed High   Time    Dir
----------------------------------------------------------------------------------
 1   3.9   8.3   16:47   1.3   23:59  10.9   0.0   0.2   1.1   8.8   01:41    NW
 2   6.2  10.2   11:24   0.5   00:36   8.8   0.0   7.0   3.2  23.8   15:27     S
 3   4.7   8.6   11:09   1.9   23:11  10.3   0.0   3.4   0.6  10.0   11:00    SE
 4   4.1   9.7   12:55  -1.0   06:39  10.9   0.0   0.4   0.3   8.8   12:51    NW
 5   5.6  13.3   13:47  -1.4   06:25   9.4   0.0   0.0   0.4   8.8   13:48   WNW
 6   8.6  14.0   15:25   4.1   03:35   6.4   0.0   0.0   1.7  16.3   15:05   WSW
 7   9.6  15.9   14:58   5.6   23:58   5.3   0.1   0.0   1.8  18.8   14:41   WNW
 8   9.8  16.5   14:44   5.1   01:14   5.3   0.1   0.0   2.2  18.8   07:06   SSE
 9  11.5  20.1   15:21   5.3   04:24   4.4   0.9   0.0   1.1  13.8   15:38     S
10   7.2  11.8   13:12   2.0   06:19   7.7   0.0   0.0   3.5  25.0   13:32     N
11   7.3  12.4   15:58   3.7   23:49   7.7   0.0   0.0   2.0  15.0   00:41    NE
12   7.3  15.3   15:44   1.3   04:57   7.7   0.0   0.0   1.0  10.0   14:37   NNE
13   7.7  16.3   13:27   0.0   06:00   7.4   0.1   0.2   0.7   8.8   14:29     N
14   7.7  16.8   15:24  -1.1   05:24   7.4   0.1   0.0   1.0  12.5   21:04    NW
15  10.7  16.9   15:59   6.7   00:00   4.5   0.2   0.0   4.0  18.8   08:56    NW
16  11.0  17.6   15:49   4.7   06:11   4.4   0.4   0.0   2.6  18.8   09:40    NW
17   9.2  14.4   16:19   3.9   05:11   5.8   0.0   0.0   0.8  13.8   14:30    NW
18   9.6  13.2   15:23   6.0   02:06   5.4   0.0   0.0   3.0  27.5   15:52    NW
19   9.9  14.9   16:53   6.2   23:12   5.1   0.0   0.0   1.9  10.0   10:45   WNW
20   9.9  14.5   14:07   5.9   01:11   5.1   0.0   2.0   3.5  21.3   13:01     W
21   8.3  12.8   15:19   5.4   06:42   6.7   0.0   0.8   2.5  18.8   14:46     W
22   6.4  11.3   15:36   2.6   23:27   8.6   0.0   2.6   2.1  15.0   11:11   WNW
23   4.1   9.8   15:07  -0.3   04:16  10.8   0.0   0.8   2.4  22.5   11:50    NW
24   4.6  10.8   13:43  -2.6   05:44  10.4   0.0   0.2   1.6  20.0   13:15   SSE
25   6.3  10.1   15:29   2.7   23:51   8.7   0.0   1.0   1.9  17.5   13:22   ESE
26   3.3   8.7   12:39   1.1   02:57  11.7   0.0   4.0   1.4  18.8   13:27     N
27   5.2  11.6   13:26   0.7   05:54   9.8   0.0   0.2   1.6  16.3   14:34     E
28   6.7  12.6   14:53   0.3   03:43   8.3   0.0   0.0   2.1  16.3   10:19   ESE
29  10.9  18.1   14:18   4.8   04:42   4.5   0.4   0.0   3.1  22.5   15:54   ESE
30  12.1  20.1   14:54   6.6   05:44   3.6   0.8   0.0   1.6  10.0   14:55   ESE
31  12.5  17.1   14:14   9.4   04:23   2.7   0.2   0.0   0.9  11.3   10:12    SE
----------------------------------------------------------------------------------
     7.8  20.1     9    -2.6    24   225.7   3.3  22.8   1.9  27.5    18      NW

Max >=  27.0:  0
Max <=   0.0:  0
Min <=   0.0:  6
Min <=  -5.0:  0
Max Rain: 7.0 on day 2
Days of Rain: 13 (>= 0.2 mm)  5 (>= 2.0 mm)  0 (>= 15.0 mm)
Heat Base: 15.0  Cool Base: 15.0  Method: Integration
:now::gauges::console::today/yesterday::month/year::records: noaa reports::annual data::wind map::monthly records::trends::longrange forecast::rainfall radar::webcam