High Wych Weather

NOAA Style Reports for High Wych, Hertfordshire


Report for 2014 Apr
                   Monthly Climatological Summary for Apr 2014

Name: High Wych Weather   City: High Wych, Sawbridgeworth   State: Herts
Elevation: 72 m  Lat: N 51° 48' 26"   Lon: E 000° 07' 20"

                  Temperature (°C), Rain (mm), Wind Speed (mph)

                                      Heat  Cool        Avg
    Mean                              Deg   Deg         Wind                 Dom
Day Temp  High   Time   Low    Time   Days  Days  Rain  Speed High   Time    Dir
----------------------------------------------------------------------------------
 1  12.3  18.7   14:12   6.1   07:35   3.3   0.6   0.4   0.7   7.5   15:15   NNW
 2  12.2  18.2   14:57   7.5   06:17   3.2   0.5   0.0   3.4  16.3   14:16   ESE
 3  13.1  18.6   14:21   9.6   06:47   2.4   0.5   0.0   2.3  15.0   15:16   ESE
 4  11.3  13.8   15:13   8.6   23:57   3.7   0.0   0.0   0.9  10.0   11:50    NW
 5  11.3  16.2   12:45   3.9   06:02   3.8   0.1   0.0   1.5  16.3   15:43    SW
 6  13.4  15.2   14:21  12.4   03:09   1.6   0.0   1.2   2.5  15.0   13:28   WSW
 7  12.5  14.6   13:34   6.1   23:54   2.5   0.0   4.8   2.8  20.0   22:11    SW
 8   8.0  13.2   17:15   3.7   23:51   7.0   0.0   0.0   3.1  22.5   14:34    NW
 9   9.5  16.9   17:12   1.9   04:31   5.7   0.3   0.0   1.2  15.0   11:35    NW
10  10.3  16.3   13:51   4.1   06:23   4.8   0.1   0.0   0.6  10.0   15:34    NW
11  11.0  15.7   14:41   7.0   23:58   4.0   0.0   0.0   1.2  12.5   11:10   NNW
12   9.2  13.9   12:08   4.7   05:48   5.8   0.0   0.0   0.9  13.8   17:41    NW
13  10.3  15.6   15:26   4.4   06:38   4.8   0.0   0.0   2.2  15.0   17:45    NW
14   9.5  15.6   15:50   3.3   23:55   5.5   0.0   0.0   2.8  18.8   08:31   NNW
15   7.0  14.5   16:28   0.0   06:39   8.0   0.0   0.0   1.7  16.3   13:27     E
16   8.2  16.2   16:03  -0.3   05:30   6.9   0.1   0.0   1.5  12.5   11:23    SE
17  10.0  16.9   12:19   3.6   04:49   5.1   0.1   0.0   2.3  15.0   11:04    NW
18   7.6  12.0   16:01   3.2   06:04   7.3   0.0   0.0   2.9  20.0   14:06     N
19   7.9  13.6   16:50   2.7   01:46   7.0   0.0   0.0   2.5  18.8   14:16   ENE
20   9.6  14.1   11:04   5.0   00:36   5.4   0.0  10.0   3.0  22.5   11:31    NE
21  12.3  20.4   14:21   5.8   06:09   3.8   1.1   1.6   1.6  15.0   13:14   ENE
22  11.6  17.2   17:31   9.3   00:38   3.4   0.1   0.2   1.0  11.3   00:05     W
23  12.1  17.9   12:39   5.9   05:04   3.4   0.5   0.4   1.1  16.3   11:58     S
24  12.4  16.8   13:35   9.0   23:17   2.8   0.3   1.4   0.7  11.3   14:54   ESE
25  10.4  14.3   14:03   7.6   03:41   4.6   0.0   0.2   2.0  16.3   06:41     N
26  10.8  15.9   15:59   6.9   02:34   4.2   0.0   2.0   2.2  17.5   16:22   SSE
27  10.4  15.3   15:51   5.8   04:10   4.6   0.0   0.0   2.9  18.8   17:23   ESE
28  12.0  17.4   15:58   8.0   23:02   3.3   0.3   0.0   1.9  13.8   17:57   ENE
29  11.7  16.5   14:25   8.0   23:58   3.4   0.1   0.0   1.0  12.5   14:05     E
30  12.0  20.4   15:46   5.2   02:15   4.0   1.0   0.0   0.3   8.8   14:27   WNW
----------------------------------------------------------------------------------
    10.7  20.4    21    -0.3    16   135.3   5.7  22.2   1.8  22.5     8     NNE

Max >=  27.0:  0
Max <=   0.0:  0
Min <=   0.0:  2
Min <=  -5.0:  0
Max Rain: 10.0 on day 20
Days of Rain: 10 (>= 0.2 mm)  3 (>= 2.0 mm)  0 (>= 15.0 mm)
Heat Base: 15.0  Cool Base: 15.0  Method: Integration
:now::gauges::console::today/yesterday::month/year::records: noaa reports::annual data::wind map::monthly records::trends::longrange forecast::rainfall radar::webcam