High Wych Weather

NOAA Style Reports for High Wych, Hertfordshire


Report for 2014 May
                   Monthly Climatological Summary for May 2014

Name: High Wych Weather   City: High Wych, Sawbridgeworth   State: Herts
Elevation: 72 m  Lat: N 51° 48' 26"   Lon: E 000° 07' 20"

                  Temperature (°C), Rain (mm), Wind Speed (mph)

                                      Heat  Cool        Avg
    Mean                              Deg   Deg         Wind                 Dom
Day Temp  High   Time   Low    Time   Days  Days  Rain  Speed High   Time    Dir
----------------------------------------------------------------------------------
 1  10.6  14.5   17:18   6.7   02:37   4.4   0.0  10.0   0.7  11.3   21:48   ENE
 2   8.4  10.1   17:27   3.2   23:58   6.6   0.0   0.0   3.0  17.5   03:44     N
 3   7.0  13.7   15:58  -0.5   06:03   8.0   0.0   0.0   1.1  13.8   13:12   NNE
 4  10.3  17.7   15:58   2.9   05:17   5.1   0.4   0.0   0.7  10.0   11:42   NNW
 5  12.3  18.7   15:02   3.8   05:41   3.6   0.9   0.0   1.5  15.0   15:43     S
 6  13.8  19.1   16:29   9.8   23:58   1.9   0.7   1.2   1.0  15.0   20:37    NW
 7  12.1  16.9   16:08   8.6   01:12   3.0   0.1   0.8   1.7  13.8   12:13   NNW
 8  11.8  14.5   18:31   9.7   01:10   3.2   0.0   8.6   1.4  16.3   12:32    NW
 9  12.8  16.8   14:06   9.8   05:53   2.4   0.2   0.2   2.6  22.5   10:37   NNW
10  12.2  17.6   13:13   8.8   23:59   3.0   0.2   7.0   2.5  18.8   19:10    NW
11  10.3  13.8   16:04   8.1   04:30   4.7   0.0   0.8   2.7  17.5   08:16   NNW
12  10.8  16.9   14:11   7.0   23:59   4.3   0.0   3.6   1.2  13.8   13:38   NNW
13   9.7  15.4   14:00   4.2   04:56   5.3   0.0   9.0   0.8  18.8   14:08    NW
14  11.5  18.0   16:41   4.6   05:11   4.1   0.6   0.2   1.4  16.3   11:51   NNW
15  13.0  20.4   17:41   5.2   05:35   3.4   1.4   0.0   0.9   8.8   13:24     E
16  15.0  22.2   15:41   6.7   04:53   2.4   2.4   0.0   0.5   6.3   10:53   NNW
17  16.7  23.7   16:08   8.4   04:46   1.6   3.4   0.0   0.3   5.0   11:49   WNW
18  17.3  24.0   14:39  12.0   23:53   0.9   3.2   0.0   1.8  16.3   17:02    SE
19  17.8  24.9   14:06  10.6   03:11   1.1   3.9   0.0   2.7  18.8   17:44   ESE
20  16.5  21.6   13:11  12.3   04:36   0.6   2.1   0.2   1.5  16.3   11:15   SSE
21  14.2  18.7   13:28   9.4   05:14   1.7   0.9   0.6   1.3  13.8   23:39     E
22  14.0  18.4   17:37  11.2   23:13   1.6   0.6   9.8   1.7  20.0   15:09   SSE
23  13.3  17.8   14:16   8.8   05:22   2.1   0.4   0.0   1.8  16.3   10:49   SSE
24  11.4  16.1   14:37   9.2   22:18   3.6   0.0  13.8   0.9  25.0   15:13   SSE
25  13.2  19.1   17:09   8.3   05:26   2.6   0.9   0.0   1.5  15.0   13:48   SSW
26  11.8  16.3   15:52   7.3   02:22   3.4   0.1   2.0   1.2  16.3   16:55    NW
27  11.6  12.6   16:19   9.4   23:16   3.4   0.0   9.4   2.5  23.8   09:23   NNW
28  12.1  14.8   17:05   9.3   00:12   2.9   0.0   6.8   1.5  12.5   04:06    NW
29  14.6  19.6   15:22  12.1   22:06   1.3   0.9   0.0   1.9  15.0   15:32   ESE
30  12.8  15.8   15:09   9.3   23:58   2.3   0.1   0.0   1.5  12.5   10:09   ENE
31  12.7  18.8   13:28   4.8   05:05   2.9   0.7   0.0   0.5   7.5   09:48    NW
----------------------------------------------------------------------------------
    12.6  24.9    19    -0.5     3    97.4  24.1  84.0   1.5  25.0    24       N

Max >=  27.0:  0
Max <=   0.0:  0
Min <=   0.0:  1
Min <=  -5.0:  0
Max Rain: 13.8 on day 24
Days of Rain: 17 (>= 0.2 mm)  10 (>= 2.0 mm)  0 (>= 15.0 mm)
Heat Base: 15.0  Cool Base: 15.0  Method: Integration
:now::gauges::console::today/yesterday::month/year::records: noaa reports::annual data::wind map::monthly records::trends::longrange forecast::rainfall radar::webcam