High Wych Weather

NOAA Style Reports for High Wych, Hertfordshire


Report for 2014 Jun
                   Monthly Climatological Summary for Jun 2014

Name: High Wych Weather   City: High Wych, Sawbridgeworth   State: Herts
Elevation: 72 m  Lat: N 51° 48' 26"   Lon: E 000° 07' 20"

                  Temperature (°C), Rain (mm), Wind Speed (mph)

                                      Heat  Cool        Avg
    Mean                              Deg   Deg         Wind                 Dom
Day Temp  High   Time   Low    Time   Days  Days  Rain  Speed High   Time    Dir
----------------------------------------------------------------------------------
 1  15.5  21.7   16:24   9.2   05:32   1.6   2.0   0.0   1.3  11.3   18:56    NE
 2  15.3  20.9   14:56  11.2   00:19   1.3   1.6   0.4   0.9  11.3   16:17   NNE
 3  14.4  19.7   16:13  11.7   05:04   1.1   0.5   1.0   0.7  10.0   17:06     W
 4  11.6  15.1   15:09   5.9   23:48   3.4   0.0   2.0   1.0  12.5   17:54    NW
 5  13.3  19.3   15:12   6.1   00:00   2.6   0.9   1.0   2.8  16.3   11:05    NW
 6  15.0  21.8   15:47   6.9   04:08   2.3   2.3   0.0   2.3  18.8   18:17   ESE
 7  17.2  22.1   17:22  12.8   23:57   0.5   2.6   3.0   2.2  15.0   09:24   ENE
 8  18.2  24.8   14:44  10.6   02:42   1.1   4.3   0.0   1.1  10.0   12:09    NW
 9  18.9  26.6   16:56  12.8   04:41   0.4   4.3   0.4   1.4  13.8   13:25   ESE
10  17.9  23.7   15:10  12.7   05:44   0.3   3.2   0.2   1.7  13.8   12:09    NW
11  15.9  22.1   15:30   9.8   04:07   1.4   2.3   0.0   1.4  10.0   08:57    NW
12  18.1  24.9   17:09   9.8   04:57   1.2   4.3   0.0   0.7  10.0   17:33   NNW
13  18.4  24.9   15:10  10.6   04:29   0.9   4.4   0.0   1.1  13.8   13:06     N
14  16.0  20.1   15:09  11.3   23:15   0.4   1.4   0.2   2.2  18.8   15:36   NNE
15  14.2  17.2   15:30  11.2   23:50   1.3   0.4   0.0   2.2  16.3   13:11   NNE
16  13.3  16.2   14:13  10.4   00:42   1.8   0.1   0.0   2.5  18.8   15:44   NNE
17  14.9  19.9   15:11  11.0   05:33   1.5   1.4   0.0   3.3  21.3   14:19   NNE
18  15.7  20.2   17:04  11.7   23:44   0.9   1.6   0.2   2.5  17.5   13:23   NNE
19  13.7  18.3   10:08   8.2   04:27   2.1   0.8   0.0   1.1  15.0   14:26     N
20  15.5  22.2   15:19   7.7   02:00   1.8   2.3   0.0   0.6   7.5   13:43    NW
21  17.5  24.0   17:44  10.8   04:08   0.9   3.4   0.0   1.6  12.5   13:16    NW
22  17.4  24.5   16:49   9.7   05:27   1.0   3.4   0.0   1.4  11.3   10:03   ESE
23  16.9  25.2   15:45  12.9   02:08   0.6   2.4   3.8   0.6  15.0   17:04   NNW
24  16.8  23.6   14:06  11.6   04:54   0.8   2.6   0.2   1.4  17.5   18:55     N
25  14.3  20.7   16:04   8.3   04:52   2.0   1.3   0.0   1.7  15.0   15:23    NE
26  14.9  20.3   15:44   9.3   03:50   1.6   1.5   2.4   1.4  11.3   11:27     E
27  16.5  22.9   17:26  12.4   02:12   0.8   2.2   0.0   1.6  13.8   16:59    NW
28  14.2  19.9   11:23  10.7   04:33   1.3   0.5   4.6   1.1  10.0   12:22   NNW
29  12.9  18.1   11:37   8.7   23:55   2.4   0.2   4.8   1.4  15.0   11:16   NNW
30  14.7  21.4   15:09   8.3   00:27   2.0   1.7   0.0   1.3  15.0   16:34   ESE
----------------------------------------------------------------------------------
    15.6  26.6     9     5.9     4    41.3  59.9  24.2   1.5  21.3    17       N

Max >=  27.0:  0
Max <=   0.0:  0
Min <=   0.0:  0
Min <=  -5.0:  0
Max Rain: 4.8 on day 29
Days of Rain: 14 (>= 0.2 mm)  6 (>= 2.0 mm)  0 (>= 15.0 mm)
Heat Base: 15.0  Cool Base: 15.0  Method: Integration
:now::gauges::console::today/yesterday::month/year::records: noaa reports::annual data::wind map::monthly records::trends::longrange forecast::rainfall radar::webcam