High Wych Weather

NOAA Style Reports for High Wych, Hertfordshire


Report for 2014 Jul
                   Monthly Climatological Summary for Jul 2014

Name: High Wych Weather   City: High Wych, Sawbridgeworth   State: Herts
Elevation: 72 m  Lat: N 51° 48' 26"   Lon: E 000° 07' 20"

                  Temperature (°C), Rain (mm), Wind Speed (mph)

                                      Heat  Cool        Avg
    Mean                              Deg   Deg         Wind                 Dom
Day Temp  High   Time   Low    Time   Days  Days  Rain  Speed High   Time    Dir
----------------------------------------------------------------------------------
 1  15.7  22.5   17:31   9.6   05:12   1.4   2.2   0.0   1.2  16.3   17:49     E
 2  16.9  24.6   15:42   7.4   05:20   1.8   3.7   0.0   0.6   8.8   21:55   WNW
 3  20.1  26.6   13:56  12.2   04:24   0.4   5.4   0.0   1.9  20.0   15:28    NW
 4  20.1  27.3   14:09  12.7   05:06   0.3   5.4   0.0   2.3  16.3   12:49   WNW
 5  17.3  19.9   10:55  15.8   23:24   0.0   2.3   3.4   1.9  16.3   14:46   WNW
 6  16.3  21.8   17:35  11.7   23:46   0.3   1.6   1.2   1.4  12.5   16:24    NW
 7  15.4  22.1   16:13   8.7   04:49   1.6   2.0   0.0   1.0  13.8   10:41    NW
 8  15.1  20.8   11:27   8.6   05:52   1.6   1.6   4.0   1.1  10.0   11:45    NW
 9  16.4  22.1   17:12  11.9   02:17   0.9   2.3   0.0   2.9  25.0   17:07    NW
10  14.0  15.9   00:06  12.8   10:13   1.0   0.0  18.0   1.8  16.3   05:10    NW
11  14.5  18.4   18:13  11.9   06:34   1.1   0.6   5.8   1.6  15.0   16:37   NNW
12  18.4  25.7   17:31  13.1   05:04   0.5   3.9   0.0   0.8  12.5   19:49   ENE
13  18.3  23.8   13:22  12.4   23:55   0.1   3.5   5.2   1.9  16.3   14:41    NW
14  17.5  24.3   17:28   9.9   05:40   1.3   3.7   0.0   2.6  12.5   16:11    NW
15  19.6  24.1   17:34  14.8   23:53   0.0   4.6   0.0   1.8  11.3   11:06    NW
16  19.6  26.7   14:32  13.0   05:22   0.5   5.1   0.0   1.1  13.8   11:29    NW
17  21.3  27.5   16:18  15.9   06:02   0.0   6.3   0.0   1.8  16.3   18:45   ESE
18  23.5  32.2   17:24  16.4   00:46   0.0   8.5   5.4   2.4  21.3   09:18   ESE
19  22.6  28.8   17:43  18.5   05:59   0.0   7.6   2.0   1.0  10.0   13:09    SE
20  19.9  25.8   14:46  16.6   05:20   0.0   4.9   7.6   0.9  15.0   16:56    NW
21  19.9  25.2   17:48  15.6   05:55   0.0   4.9   0.0   1.3  11.3   15:13    NW
22  19.4  25.3   17:10  14.2   03:13   0.1   4.5   0.0   2.4  17.5   12:12   NNE
23  20.8  28.8   15:31  14.1   05:07   0.1   5.9   0.0   3.1  21.3   13:54    NE
24  21.1  28.5   14:42  14.3   03:49   0.1   6.2   0.0   2.9  18.8   17:03    NE
25  19.7  26.3   11:35  15.2   03:58   0.0   4.7   2.0   1.8  13.8   11:46   NNE
26  21.7  28.9   17:30  14.9   05:26   0.0   6.7   0.0   1.1  13.8   13:34   NNW
27  20.1  25.6   13:50  16.0   04:14   0.0   5.1   0.0   0.9  12.5   08:44    NW
28  17.2  21.2   13:24  13.3   06:14   0.2   2.4   8.8   1.8  15.0   11:31   NNE
29  19.9  26.6   15:56  13.7   06:13   0.1   5.0   0.0   1.3  12.5   08:59   NNW
30  18.9  25.8   16:21  12.4   05:49   0.3   4.2   0.0   1.6  11.3   09:27   WNW
31  19.1  25.9   15:18  12.8   06:10   0.3   4.4   0.0   1.3  13.8   11:54    NW
----------------------------------------------------------------------------------
    18.7  32.2    18     7.4     2    14.0 129.2  63.4   1.7  25.0     9     NNW

Max >=  27.0:  7
Max <=   0.0:  0
Min <=   0.0:  0
Min <=  -5.0:  0
Max Rain: 18.0 on day 10
Days of Rain: 11 (>= 0.2 mm)  10 (>= 2.0 mm)  1 (>= 15.0 mm)
Heat Base: 15.0  Cool Base: 15.0  Method: Integration
:now::gauges::console::today/yesterday::month/year::records: noaa reports::annual data::wind map::monthly records::trends::longrange forecast::rainfall radar::webcam