High Wych Weather

NOAA Style Reports for High Wych, Hertfordshire


Report for 2014 Aug
                   Monthly Climatological Summary for Aug 2014

Name: High Wych Weather   City: High Wych, Sawbridgeworth   State: Herts
Elevation: 72 m  Lat: N 51° 48' 26"   Lon: E 000° 07' 20"

                  Temperature (°C), Rain (mm), Wind Speed (mph)

                                      Heat  Cool        Avg
    Mean                              Deg   Deg         Wind                 Dom
Day Temp  High   Time   Low    Time   Days  Days  Rain  Speed High   Time    Dir
----------------------------------------------------------------------------------
 1  19.1  25.2   15:24  14.1   04:02   0.1   4.2   0.0   1.1  12.5   11:24    SW
 2  18.6  24.2   14:11  14.8   02:02   0.0   3.6   1.0   1.5  16.3   14:11   SSW
 3  17.6  24.3   16:38  10.9   03:19   0.8   3.4   0.0   1.8  15.0   15:44    NW
 4  18.1  25.2   16:06  11.9   04:40   0.5   3.7   0.0   1.2  11.3   11:13    NW
 5  18.4  23.8   14:59  11.4   05:40   0.6   4.0   0.0   1.2  12.5   16:18    SW
 6  19.4  25.5   15:31  15.6   04:19   0.0   4.4  13.4   1.5  12.5   02:26    NW
 7  19.5  26.4   17:26  13.7   05:58   0.1   4.6   0.0   1.0  11.3   20:51   ENE
 8  18.5  23.0   13:28  14.3   23:10   0.0   3.5  14.6   1.6  13.8   15:57     E
 9  17.7  23.3   16:30  12.6   06:20   0.3   3.0   7.6   2.1  12.5   13:13    NW
10  16.2  22.0   14:27  13.7   04:58   0.3   1.5  21.0   2.9  20.0   16:57    NW
11  15.7  21.2   14:00  11.3   05:26   1.0   1.7   0.0   3.0  17.5   11:51    NW
12  15.0  20.1   16:35  11.2   23:21   1.4   1.4   1.2   2.6  17.5   14:09    NW
13  15.8  22.2   14:45  10.2   05:38   1.4   2.1   0.2   2.6  13.8   12:44    NW
14  14.7  20.9   13:14  11.1   05:40   1.0   0.7   3.6   0.9  10.0   15:31    NW
15  15.1  20.7   15:06  11.3   03:14   1.2   1.2   0.2   0.9  11.3   15:21    NW
16  15.3  20.4   12:57   9.7   05:14   1.3   1.6   0.0   2.3  15.0   12:38    NW
17  15.5  19.7   17:25  12.7   23:57   0.6   1.1   1.2   3.5  17.5   15:41    NW
18  13.6  20.3   14:20  10.2   04:33   2.1   0.7   5.4   2.0  12.5   10:35    NW
19  12.2  18.1   17:08   8.8   05:08   3.1   0.3   0.2   2.6  16.3   14:34    NW
20  12.2  18.7   15:17   6.5   06:28   3.4   0.6   0.0   1.3  12.5   15:17    NW
21  12.5  18.2   12:44   5.8   05:22   3.1   0.6   0.0   1.6  13.8   17:02    NW
22  14.1  19.8   15:42  11.0   23:57   1.7   0.8   0.0   1.9  12.5   12:55    NW
23  12.6  19.1   15:39   6.4   06:06   3.0   0.5   0.4   1.7  13.8   15:40    NW
24  12.8  18.9   15:55   5.7   05:26   3.2   0.9   0.0   0.8  11.3   12:20    NW
25  13.8  15.9   14:18  11.4   05:09   1.4   0.2  35.4   1.1  15.0   11:52     E
26  14.5  16.3   16:58  11.1   23:53   0.6   0.1  10.8   2.7  22.5   17:02    NE
27  14.9  19.6   14:38   9.2   05:17   1.6   1.5   0.0   2.3  16.3   16:09     E
28  17.7  22.2   15:02  14.1   23:57   0.0   2.7   1.0   1.7  17.5   17:29   WNW
29  16.3  20.4   13:38  12.7   04:46   0.5   1.8   0.2   2.3  15.0   12:16    NW
30  16.2  19.5   14:25  13.3   22:45   0.2   1.4   0.6   2.3  15.0   00:07    NW
31  15.8  21.9   17:44  11.6   04:13   1.2   2.0   0.0   1.9  15.0   13:27    NW
----------------------------------------------------------------------------------
    15.8  26.4     7     5.7    24    35.7  59.8 118.0   1.9  22.5    26      NW

Max >=  27.0:  0
Max <=   0.0:  0
Min <=   0.0:  0
Min <=  -5.0:  0
Max Rain: 35.4 on day 25
Days of Rain: 18 (>= 0.2 mm)  8 (>= 2.0 mm)  2 (>= 15.0 mm)
Heat Base: 15.0  Cool Base: 15.0  Method: Integration
:now::gauges::console::today/yesterday::month/year::records: noaa reports::annual data::wind map::monthly records::trends::longrange forecast::rainfall radar::webcam