High Wych Weather

NOAA Style Reports for High Wych, Hertfordshire


Report for 2014 Sep
                   Monthly Climatological Summary for Sep 2014

Name: High Wych Weather   City: High Wych, Sawbridgeworth   State: Herts
Elevation: 72 m  Lat: N 51° 48' 26"   Lon: E 000° 07' 20"

                  Temperature (°C), Rain (mm), Wind Speed (mph)

                                      Heat  Cool        Avg
    Mean                              Deg   Deg         Wind                 Dom
Day Temp  High   Time   Low    Time   Days  Days  Rain  Speed High   Time    Dir
----------------------------------------------------------------------------------
 1  14.7  20.9   17:36  10.2   03:26   1.5   1.2   0.0   0.8  15.0   19:33    NW
 2  16.5  22.2   14:44  11.8   01:10   0.7   2.2   0.0   1.7  10.0   02:52    NE
 3  17.1  22.8   15:49  12.2   04:54   0.4   2.5   0.0   1.8  13.8   16:08     E
 4  16.9  20.6   16:06  12.9   02:36   0.5   2.4   0.0   1.4  11.3   10:10    NE
 5  15.9  20.4   14:39  13.1   05:12   0.5   1.4   0.0   0.8  10.0   11:22   NNW
 6  16.7  20.9   16:18  13.7   23:53   0.1   1.7   0.0   0.1   6.3   15:09    NW
 7  15.1  21.6   16:09  11.1   05:37   1.4   1.6   0.0   0.5  12.5   12:39    NW
 8  14.8  22.2   16:10   6.8   06:16   2.3   2.2   0.2   0.3   8.8   12:02    NW
 9  14.9  21.8   15:32   9.1   05:53   1.9   1.8   0.0   0.7  10.0   12:39   ESE
10  14.2  19.7   15:00   9.7   06:37   2.2   1.4   0.0   1.0  13.8   12:47     E
11  13.7  17.9   13:54   9.0   03:08   2.0   0.7   0.0   1.8  15.0   14:21   NNE
12  16.1  22.0   15:21  12.4   03:27   0.9   2.0   0.0   1.8  12.5   13:26   ENE
13  15.0  21.0   13:23  10.7   03:57   1.5   1.5   0.2   2.0  15.0   12:45    NE
14  15.3  20.7   14:02  11.1   01:22   1.3   1.6   0.0   2.3  17.5   11:59    NE
15  15.5  22.4   15:32  11.1   01:48   1.2   1.7   0.4   0.7   8.8   14:57     E
16  16.7  23.9   16:07  11.2   02:01   0.9   2.6   0.2   1.4  13.8   22:16     E
17  16.7  19.9   16:20  14.8   22:44   0.0   1.7   0.0   1.8  11.3   16:22    NE
18  18.6  25.7   16:26  14.2   01:23   0.2   3.8   0.0   2.0  11.3   01:53    NE
19  18.2  23.8   13:54  15.1   07:32   0.0   3.2  15.2   1.0   7.5   01:41    NE
20  15.4  16.7   12:15  14.1   21:19   0.1   0.5   4.6   1.1  11.3   17:03   NNE
21  13.4  16.8   13:01  10.5   07:34   1.8   0.2   0.2   2.5  21.3   15:37   NNE
22  11.8  18.8   15:31   6.2   06:54   3.9   0.7   0.0   0.5   7.5   11:59    NW
23  12.4  18.6   15:03   7.0   06:02   3.3   0.6   0.0   0.5   8.8   13:58    NW
24  13.4  18.0   15:28   9.5   23:51   2.2   0.5   1.4   2.1  17.5   14:11    NW
25  12.8  19.1   14:46   5.4   07:01   3.3   1.1   0.0   1.2  11.3   15:05    NW
26  16.5  21.4   15:48  13.4   21:33   0.1   1.6   0.8   1.4  11.3   13:49    NW
27  16.5  21.9   16:49  11.7   05:01   0.7   2.2   0.0   0.3   8.8   15:37   ENE
28  17.7  23.1   13:09  14.2   23:57   0.0   2.8   0.0   1.0  10.0   11:53   ESE
29  14.9  18.6   15:30  11.7   06:49   1.1   1.0   0.6   0.0   6.3   15:43   SSW
30  16.2  21.9   15:46  11.9   06:15   0.7   1.9   0.2   0.8   7.5   01:48    NW
----------------------------------------------------------------------------------
    15.5  25.7    18     5.4    25    36.7  50.3  24.0   1.2  21.3    21      NE

Max >=  27.0:  0
Max <=   0.0:  0
Min <=   0.0:  0
Min <=  -5.0:  0
Max Rain: 15.2 on day 19
Days of Rain: 11 (>= 0.2 mm)  2 (>= 2.0 mm)  1 (>= 15.0 mm)
Heat Base: 15.0  Cool Base: 15.0  Method: Integration
:now::gauges::console::today/yesterday::month/year::records: noaa reports::annual data::wind map::monthly records::trends::longrange forecast::rainfall radar::webcam