High Wych Weather

NOAA Style Reports for High Wych, Hertfordshire


Report for 2014 Oct
                   Monthly Climatological Summary for Oct 2014

Name: High Wych Weather   City: High Wych, Sawbridgeworth   State: Herts
Elevation: 72 m  Lat: N 51° 48' 26"   Lon: E 000° 07' 20"

                  Temperature (°C), Rain (mm), Wind Speed (mph)

                                      Heat  Cool        Avg
    Mean                              Deg   Deg         Wind                 Dom
Day Temp  High   Time   Low    Time   Days  Days  Rain  Speed High   Time    Dir
----------------------------------------------------------------------------------
 1  16.5  20.3   13:59  14.1   02:03   0.1   1.6   0.2   0.9   7.5   12:56    NW
 2  15.7  20.8   15:50  12.7   06:58   0.6   1.4   1.2   0.1   5.0   17:19   SSE
 3  15.5  21.4   15:36  11.1   03:34   1.2   1.6   0.0   0.8  11.3   13:09   WNW
 4  12.2  18.7   10:17   6.2   22:47   3.1   0.3   3.6   1.4  13.8   10:23   WNW
 5   8.5  15.8   16:29   1.9   07:16   6.5   0.0   0.2   0.2   6.3   11:27   WNW
 6  10.0  12.3   11:54   5.8   00:07   5.0   0.0   2.2   1.7  17.5   10:56   SSE
 7   9.8  14.5   14:09   7.1   23:51   5.2   0.0   3.6   1.6  18.8   09:08    NW
 8  11.1  16.8   14:54   5.9   01:41   4.1   0.2   8.6   1.3  17.5   18:01     W
 9  12.8  16.9   12:53  10.5   02:52   2.3   0.1   2.2   2.8  21.3   10:16   WNW
10  12.1  17.9   14:21   7.6   07:31   3.1   0.3   3.6   0.7  13.8   15:00     W
11  11.5  17.4   14:52   7.8   23:45   3.7   0.2   2.6   0.4  10.0   13:03   WNW
12   9.4  14.0   15:18   4.4   05:45   5.6   0.0   5.0   1.3  15.0   21:21    NE
13  12.5  14.6   13:41  10.3   03:24   2.5   0.0  34.8   3.4  25.0   05:43   NNE
14  12.7  14.7   14:27  12.0   09:42   2.3   0.0   1.8   0.9   8.8   15:18    NW
15  12.1  14.2   15:57  10.3   07:55   2.9   0.0   5.4   0.8   8.8   21:20     E
16  13.8  17.2   14:59  11.0   07:38   1.5   0.3   4.8   0.8   8.8   13:14    NW
17  15.4  19.3   13:40  12.7   05:26   0.6   1.0   1.8   1.6  13.8   11:36   WSW
18  17.3  19.5   10:27  15.2   00:00   0.0   2.3   0.0   2.4  17.5   10:35    SW
19  16.2  18.9   14:38  13.2   22:59   0.2   1.4   3.6   2.7  16.3   05:23    NW
20  13.0  16.0   14:47  10.8   07:32   2.1   0.1   0.6   2.0  11.3   10:18    NW
21  10.9  13.4   09:02   7.0   20:18   4.1   0.0   2.2   7.0  27.5   14:26    NW
22   9.5  13.3   12:55   6.0   03:04   5.5   0.0   0.0   3.4  16.3   00:24    NW
23  13.1  16.8   14:47  10.1   00:59   2.0   0.1   0.0   1.5  11.3   15:22    NW
24  14.2  16.5   12:58  10.3   23:59   1.1   0.2   3.6   0.8  10.0   12:54    NW
25  10.2  14.9   15:31   5.2   06:26   4.7   0.0   0.2   0.9  10.0   13:55    NW
26  12.5  14.2   14:24  10.7   06:26   2.7   0.0   0.0   1.4  12.5   11:07    NW
27  14.5  18.8   13:01  11.1   22:45   1.3   0.8   0.0   1.4  16.3   09:49    SW
28  13.8  18.3   13:34   9.8   04:00   1.8   0.6   0.2   1.3  13.8   11:50   SSW
29  12.0  14.8   00:00  11.2   06:46   3.0   0.0   2.4   1.3   8.8   07:09   ENE
30  14.4  17.3   13:43  12.1   23:58   1.0   0.5   0.2   0.4  10.0   11:16   WSW
31  15.6  22.1   14:09  11.8   00:15   1.0   1.5   0.2   0.8  10.0   13:21     S
----------------------------------------------------------------------------------
    12.9  22.1    31     1.9     5    80.8  14.5  94.8   1.6  27.5    21     WNW

Max >=  27.0:  0
Max <=   0.0:  0
Min <=   0.0:  0
Min <=  -5.0:  0
Max Rain: 34.8 on day 13
Days of Rain: 25 (>= 0.2 mm)  15 (>= 2.0 mm)  1 (>= 15.0 mm)
Heat Base: 15.0  Cool Base: 15.0  Method: Integration
:now::gauges::console::today/yesterday::month/year::records: noaa reports::annual data::wind map::monthly records::trends::longrange forecast::rainfall radar::webcam