High Wych Weather

NOAA Style Reports for High Wych, Hertfordshire


Report for 2014 Nov
                   Monthly Climatological Summary for Nov 2014

Name: High Wych Weather   City: High Wych, Sawbridgeworth   State: Herts
Elevation: 72 m  Lat: N 51° 48' 26"   Lon: E 000° 07' 20"

                  Temperature (°C), Rain (mm), Wind Speed (mph)

                                      Heat  Cool        Avg
    Mean                              Deg   Deg         Wind                 Dom
Day Temp  High   Time   Low    Time   Days  Days  Rain  Speed High   Time    Dir
----------------------------------------------------------------------------------
 1  14.5  16.9   14:16  12.1   20:12   0.9   0.3   0.0   1.7  16.3   23:15     W
 2  13.1  14.8   09:41   9.5   23:28   1.9   0.0   9.6   2.2  18.8   03:42   WSW
 3   8.1  10.1   01:40   4.6   23:39   6.9   0.0   5.2   0.7  15.0   04:01    SW
 4   6.9  11.8   13:35   3.3   03:02   8.1   0.0   0.2   0.3  11.3   21:36   NNE
 5   6.2   9.7   15:17   2.1   23:48   8.8   0.0   0.2   1.7  20.0   14:45    NW
 6   6.1  11.7   13:11  -1.1   05:53   8.9   0.0   0.4   1.7  17.5   16:25     S
 7  10.1  12.6   10:09   6.9   23:51   4.9   0.0   5.2   2.9  21.3   11:21   WSW
 8   9.7  13.6   12:44   5.4   07:03   5.3   0.0   6.0   2.2  22.5   13:46     S
 9   8.4  11.8   13:50   5.4   20:48   6.6   0.0   0.6   0.1   5.0   12:49   WNW
10   8.7  12.8   12:35   5.2   04:30   6.3   0.0   0.2   0.9  11.3   13:57   SSW
11  10.6  12.6   12:22   8.8   04:44   4.4   0.0   0.8   2.2  15.0   06:48    SE
12  10.3  12.6   13:54   7.3   19:57   4.7   0.0   2.4   1.4  16.3   08:56     S
13  10.3  12.0   14:14   7.5   04:54   4.7   0.0   0.2   1.6  17.5   13:39   SSE
14   9.9  13.2   14:52   5.7   23:50   5.1   0.0  10.2   1.2  13.8   02:31   ESE
15   8.1  11.3   12:46   5.1   00:38   6.9   0.0   0.4   0.6   8.8   07:53   ESE
16   8.6  10.3   12:34   7.2   00:06   6.4   0.0   4.8   0.9  11.3   18:24     N
17   7.7   9.9   14:00   6.6   20:49   7.3   0.0   5.6   1.2  12.5   12:53     E
18   8.8  12.4   12:26   6.6   06:20   6.2   0.0   0.4   1.5  12.5   12:39   NNE
19   7.7  11.1   13:47   4.7   22:48   7.3   0.0   0.2   0.2   7.5   14:20   ESE
20   6.2  10.3   14:06   4.3   07:30   8.8   0.0   0.2   0.3  12.5   14:34     E
21   7.2   8.8   12:12   4.3   00:28   7.8   0.0   1.4   1.7  16.3   13:07   ESE
22  11.7  13.4   13:03   8.5   00:00   3.3   0.0   1.4   0.3   8.8   01:21   SSE
23   7.8  12.7   00:00   3.2   23:57   7.2   0.0  30.0   1.6  13.8   07:41   NNW
24   2.7   7.7   12:24  -0.3   23:52  12.3   0.0   0.4   0.1   5.0   11:01    NW
25   4.7   8.0   13:53  -0.4   00:11  10.3   0.0   0.4   1.0  11.3   12:28    NE
26   8.0   8.6   12:56   7.2   01:32   7.0   0.0   4.4   0.1   3.8   00:51   ESE
27   9.4  10.2   12:49   8.4   00:00   5.6   0.0   2.2   0.8   7.5   22:53   ESE
28  10.1  11.4   13:47   9.1   00:00   4.9   0.0   0.0   2.9  17.5   10:41     E
29   9.2  12.2   13:19   5.4   23:59   5.8   0.0   0.2   2.2  16.3   03:00   ESE
30   8.2  10.8   13:05   4.5   03:23   6.8   0.0   0.2   2.0  17.5   22:55   NNW
----------------------------------------------------------------------------------
     8.6  16.9     1    -1.1     6   191.4   0.3  93.4   1.3  22.5     8      SE

Max >=  27.0:  0
Max <=   0.0:  0
Min <=   0.0:  3
Min <=  -5.0:  0
Max Rain: 30.0 on day 23
Days of Rain: 28 (>= 0.2 mm)  11 (>= 2.0 mm)  1 (>= 15.0 mm)
Heat Base: 15.0  Cool Base: 15.0  Method: Integration
:now::gauges::console::today/yesterday::month/year::records: noaa reports::annual data::wind map::monthly records::trends::longrange forecast::rainfall radar::webcam