High Wych Weather

NOAA Style Reports for High Wych, Hertfordshire


Report for 2014 Dec
                   Monthly Climatological Summary for Dec 2014

Name: High Wych Weather   City: High Wych, Sawbridgeworth   State: Herts
Elevation: 72 m  Lat: N 51° 48' 26"   Lon: E 000° 07' 20"

                  Temperature (°C), Rain (mm), Wind Speed (mph)

                                      Heat  Cool        Avg
    Mean                              Deg   Deg         Wind                 Dom
Day Temp  High   Time   Low    Time   Days  Days  Rain  Speed High   Time    Dir
----------------------------------------------------------------------------------
 1   6.2   8.0   00:00   5.2   21:14   8.8   0.0   0.0   2.1  15.0   09:29   NNE
 2   5.9   6.8   14:28   4.4   23:45   9.1   0.0   1.6   3.5  25.0   12:51     N
 3   4.9   7.5   12:50   2.3   07:05  10.1   0.0   0.6   3.4  20.0   11:11     N
 4   3.4   5.2   00:00   2.9   15:01  11.6   0.0   1.2   0.8  13.8   04:37   ENE
 5   3.2   5.4   12:52   1.1   23:21  11.8   0.0   0.2   1.4  13.8   13:42    NW
 6   1.0   4.6   13:57  -1.9   08:15  14.0   0.0   0.2   0.7   7.5   00:32    NW
 7   5.2   9.2   10:53   0.6   22:06   9.8   0.0   1.6   2.2  23.8   13:52    NW
 8   2.8   5.4   11:31   0.8   08:59  12.2   0.0   0.0   3.2  17.5   14:07    NW
 9   3.6  10.4   23:53  -2.2   06:59  11.4   0.0   1.8   1.8  23.8   20:15    SW
10   6.4  10.7   00:40   4.1   09:04   8.6   0.0   0.6   2.9  16.3   03:08   WNW
11   5.4   7.9   23:21   3.3   10:00   9.6   0.0   2.0   3.0  22.5   10:08   WNW
12   5.5   9.4   05:44  -0.2   23:38   9.5   0.0   7.0   2.4  21.3   02:07   WNW
13   0.2   5.2   13:52  -2.2   09:10  14.8   0.0   0.0   0.3   7.5   12:34    NW
14   4.5   8.7   23:51  -2.2   01:16  10.5   0.0   0.2   1.5  13.8   12:05     W
15   5.1   8.7   00:00   1.1   23:30   9.9   0.0   1.4   0.8  15.0   03:45    NW
16   3.0   6.7   13:11   0.3   04:52  11.9   0.0   3.0   0.4  10.0   23:34    NW
17  10.1  12.3   12:54   5.3   00:00   4.9   0.0   6.8   2.2  17.5   01:05   WNW
18  12.2  12.9   11:29  10.9   00:00   2.8   0.0   0.0   3.5  17.5   18:49   WNW
19   8.0  12.1   00:26   3.1   23:35   7.1   0.0   1.8   3.5  22.5   08:17    NW
20   5.4   8.8   13:06   2.0   23:59   9.6   0.0   0.0   2.3  23.8   11:30    NW
21   7.1  11.1   23:38   1.8   00:12   7.9   0.0   0.6   2.5  15.0   19:21   WNW
22  11.6  12.4   07:29  10.3   20:41   3.4   0.0   0.0   4.2  17.5   16:55   WNW
23  10.7  12.2   10:25   9.7   08:01   4.3   0.0   0.0   3.9  16.3   15:08   WNW
24   6.8  11.1   05:03   1.6   20:46   8.2   0.0   1.2   3.1  20.0   13:00    NW
25   3.4   7.2   12:40   0.2   22:38  11.6   0.0   0.0   1.8  15.0   13:27    NW
26   1.7   7.4   23:53  -1.3   07:44  13.3   0.0  13.0   0.8  23.8   18:14    SE
27   2.0   7.6   00:07   0.6   23:50  13.0   0.0   3.4   5.5  27.5   02:25   NNW
28   0.8   4.9   13:20  -3.1   22:10  14.2   0.0   0.0   2.2  13.8   01:07     N
29   0.2   4.1   13:03  -2.9   02:23  14.8   0.0   0.2   1.2  11.3   05:52    NW
30  -0.3   4.4   13:13  -3.3   05:05  15.3   0.0   0.2   0.1   3.8   11:22    NW
31   1.7   5.7   13:44  -2.9   03:40  13.3   0.0   0.2   0.6  10.0   16:39    SW
----------------------------------------------------------------------------------
     4.8  12.9    18    -3.3    30   317.3   0.0  48.8   2.2  27.5    27      NW

Max >=  27.0:  0
Max <=   0.0:  0
Min <=   0.0: 10
Min <=  -5.0:  0
Max Rain: 13.0 on day 26
Days of Rain: 22 (>= 0.2 mm)  6 (>= 2.0 mm)  0 (>= 15.0 mm)
Heat Base: 15.0  Cool Base: 15.0  Method: Integration
:now::gauges::console::today/yesterday::month/year::records: noaa reports::annual data::wind map::monthly records::trends::longrange forecast::rainfall radar::webcam