High Wych Weather

NOAA Style Reports for High Wych, Hertfordshire


Report for 2015
                   Annual Climatological Summary for 2015

Name: High Wych Weather   City: High Wych, Sawbridgeworth   State: Herts
Elevation: 72 m  Lat: N 51° 48' 26"   Lon: E 000° 07' 20"

                  Temperature (°C), Heat Base: 15.0  Cool Base: 15.0
                          Dep.  Heat  Cool                       Max  Max  Min  Min
        Mean  Mean        From  Deg   Deg                        >=   <=   <=   <=
 YR MO  Max   Min   Mean  Norm  Days  Days  Hi  Date  Low  Date 27.0  0.0  0.0  -5.0
------------------------------------------------------------------------------------
 15  1   7.4   0.2   4.1  -0.3   337     0  14.1   9  -5.7   23    0    0   15    1
 15  2   7.0   0.6   3.8  -0.5   313     0  10.9  25  -3.3   22    0    0   12    0
 15  3  11.0   2.3   6.5   0.2   264     0  17.3   7  -2.7   23    0    0    5    0
 15  4  15.3   3.4   9.3   0.5   181     8  24.2  15   0.2    7    0    0    0    0
 15  5  17.0   6.1  11.6  -0.8   119    13  22.2  11   1.5    2    0    0    0    0
 15  6  21.1   9.3  15.1  -0.1    55    58  29.0  30   4.6    1    2    0    0    0
 15  7  22.9  11.8  17.2  -1.0    25    92  33.7   1   6.3   31    3    0    0    0
 15  8  21.9  12.2  16.9  -0.6    21    80  30.1  22   8.2    1    1    0    0    0
 15  9  18.1   8.3  12.8  -1.9    83    17  21.7  12   3.9    6    0    0    0    0
 15 10  15.0   7.3  11.0  -0.5   129     4  18.9   2   2.3   25    0    0    0    0
 15 11  12.5   6.5   9.6   1.9   162     0  16.8   6  -3.3   22    0    0    3    0
 15 12  12.5   7.5  10.3   4.0   146     0  15.9  19   1.4   11    0    0    0    0
------------------------------------------------------------------------------------
        15.1   6.3  10.7   0.1  1839   275  33.7 Jul  -5.7  Jan    6    0   35    1

                                Precipitation (mm)

              Dep.   Max        Days of Rain
              From   Obs.           >=
 YR MO Total  Norm   Day Date  0.2  2.0 15.0
---------------------------------------------
 15  1  71.4  -3.1  15.0   3    22    8    1
 15  2  40.4   9.6   7.4  16    15    6    0
 15  3  21.6 -12.5   5.6  29    12    4    0
 15  4  23.6 -15.4   5.8  25     8    5    0
 15  5  52.4   2.8  14.8  14    14    9    0
 15  6  20.4 -24.7   8.6  13     8    3    0
 15  7  83.4  21.3  35.4  24    16    7    2
 15  8 108.8  43.7  30.6  26    18   10    2
 15  9  48.2   5.8  25.6  16    16    4    1
 15 10  41.8 -26.4  15.8  28    14    5    1
 15 11  80.2  -4.7  25.8   4    22   10    1
 15 12  49.2 -22.1   7.2  30    25   10    0
---------------------------------------------
       641.4 -25.7  35.4  Jul  190   81    8

                                Wind Speed (mph)
                          Dom
 YR MO   Avg.  Hi   Date  Dir
------------------------------
 15  1   2.3  36.3   28   WNW
 15  2   2.1  30.0    1    NW
 15  3   2.8  37.5   29   NNW
 15  4   1.9  27.5    1   NNE
 15  5   1.9  27.5    5    NW
 15  6   1.9  23.8    1   NNW
 15  7   1.6  20.0    8    NW
 15  8   1.2  17.5   13    NW
 15  9   1.1  22.5   30   NNE
 15 10   1.1  21.3   14   NNE
 15 11   2.4  35.0   21   WNW
 15 12   2.7  30.0    5   WSW
------------------------------
         1.9  37.5  Mar    NW
:now::gauges::console::today/yesterday::month/year::records: noaa reports::annual data::wind map::monthly records::trends::longrange forecast::rainfall radar::webcam