High Wych Weather

NOAA Style Reports for High Wych, Hertfordshire


Report for 2015 Jan
                   Monthly Climatological Summary for Jan 2015

Name: High Wych Weather   City: High Wych, Sawbridgeworth   State: Herts
Elevation: 72 m  Lat: N 51° 48' 26"   Lon: E 000° 07' 20"

                  Temperature (°C), Rain (mm), Wind Speed (mph)

                                      Heat  Cool        Avg
    Mean                              Deg   Deg         Wind                 Dom
Day Temp  High   Time   Low    Time   Days  Days  Rain  Speed High   Time    Dir
----------------------------------------------------------------------------------
 1   8.0  11.4   23:52   3.9   00:00   7.0   0.0   0.4   3.3  25.0   16:53     W
 2   6.9  11.9   02:31   1.8   18:57   8.1   0.0   0.6   3.2  25.0   05:00    NW
 3   3.1   4.9   04:00   0.7   23:36  11.9   0.0  15.0   1.6  17.5   14:11   NNE
 4   0.2   2.4   23:40  -2.8   06:32  14.8   0.0   0.2   0.1   6.3   13:20   WNW
 5   6.0   8.8   14:03   2.4   00:00   9.0   0.0   0.0   0.5   8.8   14:48     W
 6   5.6   9.4   11:48  -0.3   22:44   9.4   0.0   1.8   1.7  16.3   13:34     W
 7   5.1   9.3   23:54  -0.7   00:26   9.9   0.0   0.2   2.0  21.3   18:44     W
 8   7.6  10.3   03:36   4.3   19:39   7.4   0.0  11.4   1.6  15.0   00:12   WNW
 9  11.0  14.1   18:45   7.2   00:00   4.0   0.0   0.2   4.4  21.3   19:03   WNW
10   8.2  12.9   00:28   1.7   23:53   6.8   0.0   1.6   5.1  31.3   10:42    NW
11   4.6   7.7   13:25   1.2   02:54  10.4   0.0   0.0   2.9  16.3   23:43   WNW
12   9.3  11.1   13:11   6.4   00:00   5.7   0.0   6.4   4.0  22.5   03:59   WNW
13   6.6  10.8   00:30   2.2   23:10   8.4   0.0   5.8   1.9  16.3   01:32   WNW
14   4.3   8.7   21:30   1.5   08:22  10.7   0.0   1.0   3.2  27.5   23:19   WSW
15   6.9  10.0   03:31   3.6   23:10   8.1   0.0   6.0   4.4  27.5   01:07     W
16   3.3   5.8   14:41  -2.1   23:57  11.7   0.0   0.0   1.5  12.5   17:28   WNW
17   0.4   4.1   15:08  -3.3   02:45  14.6   0.0   0.6   0.4   7.5   11:11   WNW
18   0.9   3.0   12:52  -2.7   22:52  14.1   0.0   1.2   0.4   8.8   11:52     N
19   0.3   2.9   12:48  -2.3   00:15  14.7   0.0   0.0   0.5   7.5   12:25    NW
20  -0.5   2.8   14:20  -4.1   05:27  15.5   0.0   0.2   0.6  12.5   23:05   ESE
21   1.6   2.4   00:00   0.0   22:57  13.4   0.0   0.0   2.0  16.3   10:49   ESE
22   0.4   3.5   13:39  -3.8   23:17  14.6   0.0   0.0   0.6  11.3   12:39   NNE
23  -0.1   6.3   23:58  -5.7   07:34  15.1   0.0   1.8   0.8  13.8   22:36   WSW
24   3.5   6.7   01:11  -1.1   23:10  11.5   0.0   3.2   4.2  22.5   10:12    NW
25   3.4   7.3   14:54  -1.4   02:59  11.5   0.0   0.0   0.7   7.5   12:29   WNW
26   6.7   9.1   10:38   2.0   23:43   8.3   0.0   0.4   3.4  20.0   15:11    NW
27   4.8   8.1   12:43   0.3   02:42  10.2   0.0   0.0   1.7  12.5   14:14    NW
28   5.3   9.3   11:00   1.2   23:54   9.7   0.0   1.2   4.6  36.3   11:59    NW
29   1.6   5.6   12:37   0.2   05:34  13.2   0.0   0.0   3.3  20.0   15:44    NW
30   1.1   4.5   15:49  -1.1   23:59  13.9   0.0   9.4   1.7  12.5   10:11    NW
31   1.0   3.3   15:48  -2.6   03:07  14.0   0.0   2.8   3.9  20.0   17:35    NW
----------------------------------------------------------------------------------
     4.1  14.1     9    -5.7    23   337.6   0.0  71.4   2.3  36.3    28     WNW

Max >=  27.0:  0
Max <=   0.0:  0
Min <=   0.0: 15
Min <=  -5.0:  1
Max Rain: 15.0 on day 3
Days of Rain: 22 (>= 0.2 mm)  8 (>= 2.0 mm)  1 (>= 15.0 mm)
Heat Base: 15.0  Cool Base: 15.0  Method: Integration
:now::gauges::console::today/yesterday::month/year::records: noaa reports::annual data::wind map::monthly records::trends::longrange forecast::rainfall radar::webcam