High Wych Weather

NOAA Style Reports for High Wych, Hertfordshire


Report for 2015 Feb
                   Monthly Climatological Summary for Feb 2015

Name: High Wych Weather   City: High Wych, Sawbridgeworth   State: Herts
Elevation: 72 m  Lat: N 51° 48' 26"   Lon: E 000° 07' 20"

                  Temperature (°C), Rain (mm), Wind Speed (mph)

                                      Heat  Cool        Avg
    Mean                              Deg   Deg         Wind                 Dom
Day Temp  High   Time   Low    Time   Days  Days  Rain  Speed High   Time    Dir
----------------------------------------------------------------------------------
 1   2.3   4.7   13:34  -1.1   23:37  12.7   0.0   0.0   7.3  30.0   09:42    NW
 2  -0.8   2.6   13:33  -3.2   05:24  15.8   0.0   0.0   2.4  15.0   10:02    NW
 3   0.5   2.8   14:41  -0.8   00:04  14.5   0.0   1.4   2.2  17.5   20:47     N
 4   1.3   3.4   14:29  -0.4   03:59  13.7   0.0   0.0   2.9  18.8   11:39   NNW
 5   1.4   4.7   14:19  -0.6   23:54  13.6   0.0   0.6   2.7  17.5   15:01     N
 6   1.1   4.8   14:06  -0.9   00:47  13.9   0.0   0.0   3.4  21.3   12:03   NNE
 7   1.9   4.2   16:17  -1.4   02:51  13.1   0.0   0.0   1.9  17.5   16:22     N
 8   3.5   7.7   14:15   0.0   21:06  11.5   0.0   0.0   2.1  17.5   04:09   NNW
 9   3.8   9.0   15:05   0.3   21:41  11.2   0.0   0.0   1.6  11.3   12:34    NW
10   3.8   6.1   14:06   1.4   00:10  11.2   0.0   0.0   0.2  12.5   23:36    SE
11   4.0   4.6   12:31   3.1   23:43  11.0   0.0   0.0   0.1  10.0   00:08    SE
12   2.7   3.4   15:15   0.4   23:05  12.3   0.0   0.0   0.1   6.3   19:59    SE
13   5.1   8.6   13:17   0.8   00:00   9.9   0.0   5.2   2.6  20.0   13:50   SSE
14   6.5   8.4   13:38   4.9   06:36   8.5   0.0   1.4   1.8  18.8   02:33     E
15   5.6   8.4   13:45   2.9   22:50   9.4   0.0   0.0   0.9   8.8   03:23    NE
16   5.1   8.0   12:48   3.0   04:03   9.9   0.0   7.4   1.4  20.0   18:56     S
17   3.6   8.3   14:37   0.2   23:38  11.4   0.0   0.2   2.5  15.0   11:19    NW
18   4.2  10.3   14:40  -1.3   05:37  10.8   0.0   0.0   1.2  15.0   15:22   WNW
19   6.0   8.7   10:39   3.9   05:47   9.0   0.0   6.6   2.3  18.8   10:22    SW
20   4.6   6.3   00:00   0.7   23:57  10.4   0.0   2.4   0.3   7.5   16:17    NW
21   2.1   6.4   13:24  -1.4   23:57  12.9   0.0   1.0   2.2  17.5   15:31    NW
22   2.5   8.1   23:44  -3.3   07:06  12.5   0.0   5.2   2.5  26.3   18:49    SW
23   4.5   8.0   00:00   2.4   06:50  10.5   0.0   1.4   2.6  22.5   00:34   WNW
24   5.1   8.6   11:18   2.6   06:47   9.9   0.0   0.0   3.3  21.3   14:29    NW
25   7.2  10.9   15:23   3.7   00:00   7.8   0.0   1.2   1.0  11.3   14:18    NW
26   7.8  10.6   13:47   0.8   23:59   7.2   0.0   4.4   2.7  18.8   14:02   WNW
27   3.3   8.3   13:28  -1.8   06:46  11.7   0.0   0.2   0.9  11.3   10:37    NW
28   7.3   9.8   23:57   2.9   00:28   7.7   0.0   1.8   3.2  23.8   21:14    SW
----------------------------------------------------------------------------------
     3.8  10.9    25    -3.3    22   314.0   0.0  40.4   2.1  30.0     1      NW

Max >=  27.0:  0
Max <=   0.0:  0
Min <=   0.0: 12
Min <=  -5.0:  0
Max Rain: 7.4 on day 16
Days of Rain: 15 (>= 0.2 mm)  6 (>= 2.0 mm)  0 (>= 15.0 mm)
Heat Base: 15.0  Cool Base: 15.0  Method: Integration
:now::gauges::console::today/yesterday::month/year::records: noaa reports::annual data::wind map::monthly records::trends::longrange forecast::rainfall radar::webcam