High Wych Weather

NOAA Style Reports for High Wych, Hertfordshire


Report for 2015 Mar
                   Monthly Climatological Summary for Mar 2015

Name: High Wych Weather   City: High Wych, Sawbridgeworth   State: Herts
Elevation: 72 m  Lat: N 51° 48' 26"   Lon: E 000° 07' 20"

                  Temperature (°C), Rain (mm), Wind Speed (mph)

                                      Heat  Cool        Avg
    Mean                              Deg   Deg         Wind                 Dom
Day Temp  High   Time   Low    Time   Days  Days  Rain  Speed High   Time    Dir
----------------------------------------------------------------------------------
 1   7.5  11.2   15:36   2.2   23:45   7.5   0.0   1.4   3.7  18.8   17:06    NW
 2   3.7   8.1   14:19   0.6   02:32  11.3   0.0   0.0   3.3  25.0   10:39    NW
 3   4.4   8.8   13:33   1.3   02:20  10.6   0.0   0.2   2.2  20.0   14:42    NW
 4   4.1   9.4   15:45  -0.8   04:38  10.9   0.0   0.0   3.1  22.5   13:31    NW
 5   5.1  11.0   12:31  -1.6   06:15   9.9   0.0   0.0   1.2  15.0   15:33    NW
 6   8.1  13.4   15:09   5.8   21:35   6.9   0.0   0.0   1.5  13.8   17:05     W
 7  10.1  17.3   14:33   5.9   00:00   5.1   0.2   0.0   2.6  15.0   14:33     W
 8   8.6  14.0   11:59   3.8   22:55   6.4   0.0   0.0   1.6  16.3   04:00   WNW
 9   6.1   9.7   14:53  -1.1   04:50   8.9   0.0   0.0   1.7  17.5   10:47    SW
10   6.5  12.1   14:28   2.3   06:07   8.5   0.0   0.2   1.0  11.3   10:18     N
11   7.0  13.2   15:04   0.6   02:56   8.0   0.0   0.2   1.4  16.3   10:35   SSE
12   8.4  13.7   13:58   3.7   06:31   6.6   0.0   0.0   2.3  20.0   14:59    SE
13   7.1  11.6   11:44   1.8   23:55   7.9   0.0   0.0   3.1  22.5   13:49     E
14   4.8   8.9   13:56   0.9   01:00  10.2   0.0   0.0   3.6  17.5   04:25   NNE
15   5.2   6.6   11:42   4.1   01:26   9.8   0.0   0.0   2.5  15.0   00:43    NE
16   5.9   9.4   13:16   4.3   00:00   9.1   0.0   0.4   1.9  17.5   13:08     E
17   6.8  11.0   15:22   4.4   02:21   8.2   0.0   4.4   1.4  10.0   12:46   NNE
18   5.0   8.2   15:12   2.0   06:11  10.0   0.0   0.0   2.9  18.8   13:22     N
19   5.7   7.3   15:16   4.6   23:55   9.3   0.0   0.0   4.1  20.0   08:13     N
20   7.2  13.5   15:52   4.0   06:04   7.8   0.0   0.0   1.5  16.3   22:04   NNW
21   5.8   7.6   00:00   3.6   22:24   9.2   0.0   0.0   4.5  26.3   08:45     N
22   4.0   7.6   13:47   0.4   22:42  11.0   0.0   0.0   1.6  15.0   00:06   ENE
23   5.1  11.8   13:22  -2.7   05:42   9.9   0.0   0.2   0.8  12.5   13:56    NW
24   5.6  10.2   13:34   1.0   23:39   9.4   0.0   0.4   1.4  12.5   11:01   NNW
25   3.7  10.1   15:55  -1.7   06:07  11.3   0.0   0.0   1.1  13.8   11:25   NNW
26   6.4  11.4   15:28   1.2   00:00   8.6   0.0   5.4   4.9  25.0   13:43    NW
27   6.8  12.8   16:49   1.6   05:11   8.2   0.0   0.0   2.1  15.0   00:00    NW
28  10.1  13.6   11:35   5.0   00:00   4.9   0.0   0.0   3.1  17.5   11:40   WNW
29   9.5  13.3   14:57   6.0   23:57   5.3   0.0   5.6   5.3  37.5   16:27    NW
30   7.6  11.3   23:59   4.6   05:45   7.4   0.0   1.0   4.2  20.0   02:40    NW
31   9.0  12.4   15:00   3.3   22:14   6.0   0.0   2.2  10.3  37.5   09:10    NW
----------------------------------------------------------------------------------
     6.5  17.3     7    -2.7    23   264.1   0.2  21.6   2.8  37.5    29     NNW

Max >=  27.0:  0
Max <=   0.0:  0
Min <=   0.0:  5
Min <=  -5.0:  0
Max Rain: 5.6 on day 29
Days of Rain: 12 (>= 0.2 mm)  4 (>= 2.0 mm)  0 (>= 15.0 mm)
Heat Base: 15.0  Cool Base: 15.0  Method: Integration
:now::gauges::console::today/yesterday::month/year::records: noaa reports::annual data::wind map::monthly records::trends::longrange forecast::rainfall radar::webcam