High Wych Weather

NOAA Style Reports for High Wych, Hertfordshire


Report for 2015 Apr
                   Monthly Climatological Summary for Apr 2015

Name: High Wych Weather   City: High Wych, Sawbridgeworth   State: Herts
Elevation: 72 m  Lat: N 51° 48' 26"   Lon: E 000° 07' 20"

                  Temperature (°C), Rain (mm), Wind Speed (mph)

                                      Heat  Cool        Avg
    Mean                              Deg   Deg         Wind                 Dom
Day Temp  High   Time   Low    Time   Days  Days  Rain  Speed High   Time    Dir
----------------------------------------------------------------------------------
 1   6.6  11.6   14:31   3.0   06:54   8.4   0.0   0.6   5.2  27.5   11:47    NW
 2   7.7  11.7   16:02   4.9   08:23   7.3   0.0   3.2   2.3  18.8   04:59   NNW
 3   8.0  11.2   14:46   5.1   06:07   7.0   0.0   5.2   1.0  11.3   02:44    SE
 4   7.2   8.2   00:00   5.1   23:59   7.8   0.0   0.2   1.9  17.5   08:59     N
 5   7.5  11.3   14:57   3.3   23:57   7.5   0.0   0.0   0.6   8.8   11:38   ESE
 6   7.4  14.1   11:36   1.3   05:52   7.6   0.0   0.0   1.9  18.8   12:41     N
 7   9.3  17.3   17:09   0.2   06:33   6.0   0.3   0.0   0.6  10.0   17:52    NW
 8   9.6  16.0   14:07   3.8   07:27   5.4   0.0   0.0   2.1  17.5   15:57   ESE
 9   9.4  16.7   15:26   4.7   07:38   5.8   0.2   0.0   1.2  10.0   14:20   ESE
10  11.3  18.9   14:17   3.9   05:13   4.5   0.8   0.0   1.5  12.5   16:12   ESE
11  10.0  13.8   16:24   3.6   23:30   5.0   0.0   1.2   3.1  22.5   13:58    NW
12   9.5  17.9   15:30   1.7   03:52   5.9   0.3   0.0   2.6  20.0   11:22   WNW
13   9.4  15.9   17:57   2.2   06:08   5.6   0.0   0.0   0.5   8.8   10:00   WSW
14  13.1  22.5   16:47   4.4   06:29   3.8   1.9   0.0   1.1  11.3   15:29    NW
15  15.1  24.2   14:08   6.5   05:24   2.7   2.8   0.0   1.8  16.3   14:30   NNW
16  10.5  16.8   14:41   5.6   05:53   4.7   0.1   0.0   2.8  18.8   11:59   ESE
17   9.1  13.4   13:26   4.9   06:28   5.9   0.0   0.0   2.9  21.3   10:23     E
18   8.6  14.8   14:35   2.2   04:59   6.4   0.0   0.0   3.4  21.3   13:48     E
19   6.4  10.8   17:32   1.0   05:10   8.6   0.0   0.0   1.7  13.8   12:46     N
20   9.4  18.7   16:10   1.6   06:37   6.2   0.6   0.0   2.1  15.0   12:14   ENE
21  10.2  18.8   16:22   2.1   01:35   5.5   0.6   0.0   2.0  16.3   12:25    NE
22   9.3  14.7   14:46   3.2   05:41   5.7   0.0   0.0   2.2  20.0   11:34     E
23   9.3  15.7   16:41   5.1   23:52   5.7   0.0   0.0   1.4  10.0   12:03   ESE
24  11.4  19.0   14:13   1.8   04:58   4.4   0.8   0.0   1.0  10.0   14:04   WNW
25  13.0  18.5   15:07  10.6   04:31   2.4   0.5   5.8   1.0  10.0   11:04   WNW
26   7.9  10.8   00:00   3.3   23:48   7.1   0.0   2.4   1.8  11.3   05:22   NNE
27   7.3  13.1   13:55   1.1   05:28   7.7   0.0   0.0   1.1  11.3   09:34     N
28   7.6  13.9   16:48   0.7   05:43   7.4   0.0   0.0   1.7  17.5   08:55   NNW
29   8.5  14.6   16:26   3.5   23:49   6.5   0.0   5.0   1.7  20.0   11:12     W
30   8.1  14.6   12:50   2.1   05:04   6.9   0.0   0.0   1.9  15.0   12:23   NNW
----------------------------------------------------------------------------------
     9.3  24.2    15     0.2     7   181.4   8.9  23.6   1.9  27.5     1     NNE

Max >=  27.0:  0
Max <=   0.0:  0
Min <=   0.0:  0
Min <=  -5.0:  0
Max Rain: 5.8 on day 25
Days of Rain: 8 (>= 0.2 mm)  5 (>= 2.0 mm)  0 (>= 15.0 mm)
Heat Base: 15.0  Cool Base: 15.0  Method: Integration
:now::gauges::console::today/yesterday::month/year::records: noaa reports::annual data::wind map::monthly records::trends::longrange forecast::rainfall radar::webcam