High Wych Weather

NOAA Style Reports for High Wych, Hertfordshire


Report for 2015 May
                   Monthly Climatological Summary for May 2015

Name: High Wych Weather   City: High Wych, Sawbridgeworth   State: Herts
Elevation: 72 m  Lat: N 51° 48' 26"   Lon: E 000° 07' 20"

                  Temperature (°C), Rain (mm), Wind Speed (mph)

                                      Heat  Cool        Avg
    Mean                              Deg   Deg         Wind                 Dom
Day Temp  High   Time   Low    Time   Days  Days  Rain  Speed High   Time    Dir
----------------------------------------------------------------------------------
 1   7.5  12.9   14:15   2.7   05:49   7.5   0.0   0.0   2.3  15.0   10:00     E
 2   7.6  13.2   14:58   1.5   04:43   7.4   0.0   0.0   3.3  22.5   15:40   ESE
 3  13.5  20.3   15:06   8.2   00:00   2.3   0.8   2.6   2.6  18.8   06:35   WSW
 4  13.9  19.2   14:19  10.6   04:50   1.8   0.7   4.0   2.1  13.8   00:20   SSW
 5  13.4  16.2   12:33  11.1   23:58   1.7   0.1   4.4   4.1  27.5   17:45   WNW
 6  11.1  14.2   12:20   7.5   06:42   3.9   0.0   3.8   3.6  26.3   18:28   WNW
 7  11.8  17.7   14:09   7.3   02:25   3.4   0.2   0.2   0.7  10.0   12:31    NW
 8  11.0  15.8   13:42   6.1   06:04   4.1   0.0   1.2   1.3  13.8   13:13   ESE
 9  12.5  16.9   16:17   8.9   23:22   2.6   0.1   0.0   2.4  18.8   14:25    NW
10  13.2  20.1   15:44   4.8   05:20   3.0   1.2   0.0   1.3  13.8   16:33   SSW
11  15.7  22.2   16:24  10.7   05:43   1.5   2.2   0.0   1.0  11.3   12:24    NW
12  12.5  18.1   16:11   6.5   23:58   2.9   0.4   0.0   1.5  16.3   17:01   NNW
13  11.4  18.9   15:13   3.8   04:44   4.4   0.9   0.0   1.3  12.5   16:49    NE
14   7.7  10.3   08:49   4.8   03:03   7.3   0.0  14.8   2.8  21.3   10:52     E
15  10.5  16.2   17:23   6.6   05:08   4.5   0.0   0.0   1.6  12.5   02:08     N
16  13.2  17.8   16:55   7.3   23:58   2.3   0.5   0.2   2.8  16.3   12:21    NW
17  10.9  17.8   14:09   3.2   04:39   4.4   0.3   0.0   1.3  13.8   09:47   NNW
18  10.2  14.3   16:25   6.8   23:25   4.8   0.0   5.4   2.1  21.3   14:45    NW
19   8.3  14.7   12:51   4.4   23:54   6.7   0.0   6.2   1.6  17.5   15:19    NW
20   8.9  15.2   16:45   2.4   04:03   6.1   0.0   0.2   2.9  16.3   14:53    NW
21  12.1  20.1   14:55   3.1   04:39   4.2   1.3   0.0   0.9  10.0   14:38   NNW
22  14.2  21.2   17:38   6.1   04:26   2.5   1.7   0.0   0.6   8.8   12:33    NW
23  13.2  15.7   16:10   7.8   23:44   1.9   0.1   0.0   1.2  11.3   15:49   ENE
24  13.6  18.9   11:22   7.9   00:00   2.2   0.8   0.6   0.8   8.8   08:29    NW
25  10.9  15.1   15:17   6.3   06:18   4.1   0.0   0.0   0.8  10.0   08:20    NW
26  12.6  18.7   15:52   6.5   03:57   3.0   0.6   0.0   1.6  13.8   15:15    NW
27  12.3  19.8   15:44   3.9   04:44   3.6   0.9   0.0   1.3  12.5   14:13    NW
28  12.9  17.4   15:31   8.6   23:58   2.3   0.2   0.0   2.8  15.0   14:04    NW
29   9.4  12.9   08:57   5.7   23:28   5.6   0.0   5.0   1.6  20.0   12:00    NW
30  11.0  17.3   16:20   3.3   02:29   4.3   0.3   0.0   1.1  10.0   10:57    NW
31  11.7  16.5   13:48   4.9   23:58   3.3   0.0   3.8   2.3  16.3   11:16   WNW
----------------------------------------------------------------------------------
    11.6  22.2    11     1.5     2   119.6  13.3  52.4   1.9  27.5     5      NW

Max >=  27.0:  0
Max <=   0.0:  0
Min <=   0.0:  0
Min <=  -5.0:  0
Max Rain: 14.8 on day 14
Days of Rain: 14 (>= 0.2 mm)  9 (>= 2.0 mm)  0 (>= 15.0 mm)
Heat Base: 15.0  Cool Base: 15.0  Method: Integration
:now::gauges::console::today/yesterday::month/year::records: noaa reports::annual data::wind map::monthly records::trends::longrange forecast::rainfall radar::webcam