High Wych Weather

NOAA Style Reports for High Wych, Hertfordshire


Report for 2015 Jun
                   Monthly Climatological Summary for Jun 2015

Name: High Wych Weather   City: High Wych, Sawbridgeworth   State: Herts
Elevation: 72 m  Lat: N 51° 48' 26"   Lon: E 000° 07' 20"

                  Temperature (°C), Rain (mm), Wind Speed (mph)

                                      Heat  Cool        Avg
    Mean                              Deg   Deg         Wind                 Dom
Day Temp  High   Time   Low    Time   Days  Days  Rain  Speed High   Time    Dir
----------------------------------------------------------------------------------
 1  10.4  16.1   14:08   4.6   02:48   4.6   0.1   0.0   2.4  23.8   23:28   WNW
 2  14.1  18.3   15:55  10.8   00:51   1.4   0.5   0.8   3.9  21.3   00:25    NW
 3  14.3  19.6   17:10   9.4   23:45   1.7   1.0   0.0   2.0  15.0   00:03    NW
 4  14.7  21.6   13:43   6.0   04:35   2.7   2.4   0.0   1.7  16.3   14:05   ESE
 5  17.1  24.4   16:04  10.4   23:25   1.3   3.4   0.4   1.6  11.3   14:40   NNW
 6  12.8  19.7   14:32   6.4   03:27   3.1   1.0   0.0   2.2  16.3   13:14   NNW
 7  13.2  19.8   14:57   5.3   04:47   3.3   1.5   0.0   1.3  12.5   08:14   NNW
 8  11.7  18.4   15:11   6.0   03:31   3.6   0.3   0.0   2.0  17.5   15:38    NE
 9  10.1  14.2   14:42   5.1   04:32   4.9   0.0   0.0   3.9  20.0   12:52   NNE
10  12.4  18.2   15:43   8.1   00:47   3.1   0.5   0.0   3.6  18.8   17:06    NE
11  15.8  23.3   16:07   7.7   03:05   2.2   3.0   0.0   3.1  21.3   14:12     E
12  18.2  25.7   15:12  10.3   04:53   1.1   4.4   0.6   1.9  13.8   13:51   ENE
13  14.8  16.6   00:00  13.9   02:25   0.4   0.1   8.6   1.1  10.0   12:17    NW
14  13.4  16.3   15:23  10.6   23:43   1.7   0.1   0.0   1.4  20.0   17:44     N
15  13.1  18.4   12:42   8.1   23:56   2.5   0.6   0.0   2.4  13.8   00:36    NE
16  14.8  23.3   17:48   6.3   03:43   2.6   2.4   0.0   0.6   8.8   18:24    SW
17  17.6  24.7   16:04  10.1   04:28   1.0   3.6   0.2   1.8  12.5   13:30    NW
18  15.9  20.7   16:05  11.1   23:58   0.7   1.6   0.0   1.8  15.0   03:37    NW
19  13.8  19.8   17:28   8.6   03:38   2.0   0.8   0.0   2.1  12.5   07:49    NW
20  14.3  18.4   18:51   9.1   03:52   1.4   0.7   5.2   0.4   6.3   11:47   WNW
21  15.8  19.3   17:40  13.0   23:26   0.4   1.2   0.0   2.4  15.0   15:20    NW
22  13.4  17.6   15:24  10.5   23:43   1.9   0.4   3.2   2.5  17.5   19:13    NW
23  13.9  19.5   16:49  10.2   03:09   2.0   0.9   0.0   1.6  17.5   09:57    NW
24  16.5  23.9   14:39   8.9   03:04   1.6   3.1   0.0   1.2  10.0   11:11    NW
25  18.2  26.2   17:00  10.6   04:17   1.0   4.3   0.0   0.8  12.5   10:55    NW
26  18.8  27.4   15:20  12.1   03:48   0.5   4.3   0.0   1.3  13.8   13:29    NW
27  17.7  24.7   16:39  10.6   04:44   0.8   3.5   0.0   1.4   8.8   01:10    NW
28  16.7  20.9   15:56  12.9   23:59   0.2   1.9   1.4   0.9  11.3   15:50    NW
29  18.6  26.1   17:50  10.7   04:25   1.0   4.6   0.0   1.0  11.3   16:11    NW
30  20.7  29.0   15:49  11.9   05:03   0.5   6.2   0.0   1.6  16.3   17:23    SE
----------------------------------------------------------------------------------
    15.1  29.0    30     4.6     1    55.2  58.4  20.4   1.9  23.8     1     NNW

Max >=  27.0:  2
Max <=   0.0:  0
Min <=   0.0:  0
Min <=  -5.0:  0
Max Rain: 8.6 on day 13
Days of Rain: 8 (>= 0.2 mm)  3 (>= 2.0 mm)  0 (>= 15.0 mm)
Heat Base: 15.0  Cool Base: 15.0  Method: Integration
:now::gauges::console::today/yesterday::month/year::records: noaa reports::annual data::wind map::monthly records::trends::longrange forecast::rainfall radar::webcam