High Wych Weather

NOAA Style Reports for High Wych, Hertfordshire


Report for 2015 Jul
                   Monthly Climatological Summary for Jul 2015

Name: High Wych Weather   City: High Wych, Sawbridgeworth   State: Herts
Elevation: 72 m  Lat: N 51° 48' 26"   Lon: E 000° 07' 20"

                  Temperature (°C), Rain (mm), Wind Speed (mph)

                                      Heat  Cool        Avg
    Mean                              Deg   Deg         Wind                 Dom
Day Temp  High   Time   Low    Time   Days  Days  Rain  Speed High   Time    Dir
----------------------------------------------------------------------------------
 1  25.7  33.7   12:32  17.4   00:00   0.0  10.7   0.0   2.2  16.3   00:20   ESE
 2  20.8  27.7   16:31  13.8   23:57   0.0   5.8   0.2   1.1  11.3   19:11    NW
 3  18.7  26.3   13:57  10.7   05:47   0.9   4.6   0.2   2.0  16.3   19:53     E
 4  21.5  27.6   16:11  15.6   23:35   0.0   6.5  21.2   1.5  15.0   11:35    NW
 5  16.4  22.7   16:20  12.2   23:57   0.5   1.9   1.6   0.9  13.8   17:52    NW
 6  17.1  23.7   16:28   9.8   04:54   1.2   3.3   0.2   1.3  13.8   18:05   WNW
 7  17.5  23.1   17:17  13.2   23:47   0.4   2.8   0.0   2.1  17.5   20:14   NNW
 8  15.3  19.6   15:22  10.0   23:58   0.9   1.2   5.2   2.6  20.0   16:43    NW
 9  15.4  22.6   17:59   7.8   05:12   1.9   2.3   0.0   1.2  10.0   08:05   WNW
10  18.8  26.3   16:02  10.9   04:41   0.9   4.6   0.0   1.3  15.0   13:03     S
11  18.8  25.4   17:01  11.7   05:55   0.4   4.1   0.0   1.4  17.5   17:57    NW
12  17.5  22.1   15:28  14.2   05:40   0.1   2.6   0.2   1.8  17.5   13:32    NW
13  17.1  19.8   15:04  15.0   04:34   0.0   2.1   2.2   1.5  15.0   21:39    NW
14  17.9  21.6   17:30  16.0   05:29   0.0   2.9   0.8   1.0  11.3   15:50    NW
15  18.0  22.9   16:19  14.0   23:58   0.0   3.0   2.0   0.6  10.0   13:09    NW
16  18.1  23.6   15:47  12.8   01:05   0.2   3.2   0.0   2.5  17.5   15:32   ESE
17  18.7  25.7   14:48  13.6   05:00   0.2   3.9   0.0   2.1  17.5   14:25    NW
18  17.2  23.9   17:04  10.0   04:24   1.1   3.3   0.0   1.4  15.0   16:42    NW
19  18.2  24.4   17:02  12.7   07:08   0.3   3.5   1.4   1.5  16.3   15:14    NW
20  17.1  24.8   18:02   9.6   04:41   1.0   3.1   0.6   1.1  15.0   19:06   WNW
21  19.0  25.9   14:35  12.3   04:44   0.5   4.5   0.0   2.2  17.5   15:44    NW
22  17.4  23.4   12:09  11.9   23:55   0.3   2.7   0.0   1.2  13.8   13:07    NW
23  15.4  20.9   13:32   8.8   05:34   1.6   2.0   0.0   0.8  10.0   16:02    NW
24  13.8  17.3   09:14  11.9   18:05   1.5   0.2  35.4   1.4  16.3   16:24   NNE
25  14.6  20.7   18:32   9.9   04:14   1.6   1.3   1.4   2.6  20.0   03:35    NW
26  13.1  15.6   19:58  10.2   02:35   1.9   0.0   8.4   1.3  16.3   12:16     S
27  15.9  19.8   14:04  13.8   00:54   0.4   1.3   2.4   3.0  20.0   14:45    NW
28  15.4  19.7   16:52  12.0   22:55   0.8   1.1   0.0   3.2  17.5   15:21   NNW
29  13.8  19.1   15:03   7.8   05:25   2.2   0.9   0.0   1.9  11.3   09:24    NW
30  13.8  18.4   14:30   8.9   06:17   1.9   0.7   0.0   1.6  13.8   15:09    NW
31  14.8  21.9   16:11   6.3   04:59   2.4   2.2   0.0   0.6  10.0   16:08    SW
----------------------------------------------------------------------------------
    17.2  33.7     1     6.3    31    25.1  92.3  83.4   1.6  20.0     8      NW

Max >=  27.0:  3
Max <=   0.0:  0
Min <=   0.0:  0
Min <=  -5.0:  0
Max Rain: 35.4 on day 24
Days of Rain: 16 (>= 0.2 mm)  7 (>= 2.0 mm)  2 (>= 15.0 mm)
Heat Base: 15.0  Cool Base: 15.0  Method: Integration
:now::gauges::console::today/yesterday::month/year::records: noaa reports::annual data::wind map::monthly records::trends::longrange forecast::rainfall radar::webcam