High Wych Weather

NOAA Style Reports for High Wych, Hertfordshire


Report for 2015 Aug
                   Monthly Climatological Summary for Aug 2015

Name: High Wych Weather   City: High Wych, Sawbridgeworth   State: Herts
Elevation: 72 m  Lat: N 51° 48' 26"   Lon: E 000° 07' 20"

                  Temperature (°C), Rain (mm), Wind Speed (mph)

                                      Heat  Cool        Avg
    Mean                              Deg   Deg         Wind                 Dom
Day Temp  High   Time   Low    Time   Days  Days  Rain  Speed High   Time    Dir
----------------------------------------------------------------------------------
 1  15.4  21.7   13:29   8.2   05:21   1.6   2.1   0.0   0.8  10.0   13:30    NW
 2  17.7  25.6   16:55   9.7   05:25   1.3   4.0   0.0   1.2  12.5   18:18   SSE
 3  18.9  24.4   12:51  13.9   06:08   0.1   3.9   0.0   1.9  16.3   11:26   WNW
 4  17.2  21.9   12:54  12.1   05:54   0.3   2.6   0.0   2.0  16.3   12:39    NW
 5  16.4  22.3   14:24  13.4   20:40   0.5   1.9   1.4   1.0  15.0   15:16     S
 6  18.2  24.6   16:15  13.1   23:52   0.3   3.4   0.0   1.0  12.5   14:13    NW
 7  17.3  24.7   15:13   9.3   05:12   1.3   3.5   0.0   0.6  12.5   18:55   NNE
 8  18.4  25.9   17:29  12.2   04:51   0.6   3.9   0.0   0.8  11.3   18:15    SE
 9  19.5  26.9   15:55  11.6   05:51   0.6   5.2   0.0   0.9  12.5   12:42    NW
10  19.2  24.5   12:07  14.7   23:59   0.0   4.2   0.0   1.5  15.0   15:54    NW
11  16.7  22.9   14:01  11.8   05:53   0.8   2.5   0.4   0.4   7.5   09:00   SSE
12  17.2  22.0   14:53  13.7   05:38   0.2   2.4   0.6   1.2  13.8   16:45   ENE
13  17.3  19.7   12:08  14.2   02:31   0.1   2.4  12.4   1.8  17.5   16:19    NE
14  17.4  20.7   13:07  14.8   23:41   0.0   2.4   8.2   0.7  10.0   13:02   WNW
15  15.8  20.6   13:51  10.4   23:56   0.9   1.6   0.2   1.2  11.3   10:50   WNW
16  14.6  20.0   11:42   8.6   04:51   1.8   1.4   0.0   0.1   7.5   13:54   ESE
17  15.6  20.5   14:10   9.8   06:28   1.2   1.8   0.0   0.8  13.8   11:33     N
18  14.4  17.2   16:54  11.9   01:22   1.1   0.5   3.0   0.7   8.8   15:06   WNW
19  16.7  21.7   13:48  12.2   06:08   0.4   2.1   0.8   1.2  11.3   11:04   WNW
20  18.0  21.4   12:41  14.4   00:17   0.1   3.1   2.2   1.1  10.0   12:02   WSW
21  21.1  26.7   17:11  16.4   23:37   0.0   6.1   0.0   1.6  13.8   15:44   WSW
22  21.6  30.1   15:27  13.1   06:52   0.2   6.8   0.0   1.7  15.0   14:55    SE
23  18.6  23.6   11:03  12.9   22:40   0.2   3.8   6.8   1.8  17.5   09:29   ESE
24  13.8  15.9   18:04  11.3   03:13   1.4   0.2  14.0   1.1  13.8   16:15     N
25  14.6  17.3   18:53  10.7   05:29   1.1   0.7   2.6   2.0  15.0   13:29     W
26  16.6  19.3   17:59  13.7   23:58   0.1   1.7  30.6   2.3  17.5   09:24   WSW
27  14.6  20.1   16:55  11.4   23:57   1.3   0.8   3.2   1.3  12.5   12:05    NW
28  15.1  21.0   15:14   9.1   05:07   1.7   1.8   0.2   1.1  15.0   17:09    NW
29  16.8  22.3   12:50  12.6   02:50   0.6   2.4   1.6   0.5  12.5   12:28   WSW
30  16.3  19.8   13:38  14.4   04:52   0.1   1.4   1.0   1.1  13.8   19:02   NNE
31  13.8  14.7   00:42  13.1   20:54   1.2   0.0  19.6   1.4  16.3   09:13     N
----------------------------------------------------------------------------------
    16.9  30.1    22     8.2     1    21.1  80.6 108.8   1.2  17.5    13     WNW

Max >=  27.0:  1
Max <=   0.0:  0
Min <=   0.0:  0
Min <=  -5.0:  0
Max Rain: 30.6 on day 26
Days of Rain: 18 (>= 0.2 mm)  10 (>= 2.0 mm)  2 (>= 15.0 mm)
Heat Base: 15.0  Cool Base: 15.0  Method: Integration
:now::gauges::console::today/yesterday::month/year::records: noaa reports::annual data::wind map::monthly records::trends::longrange forecast::rainfall radar::webcam