High Wych Weather

NOAA Style Reports for High Wych, Hertfordshire


Report for 2015 Sep
                   Monthly Climatological Summary for Sep 2015

Name: High Wych Weather   City: High Wych, Sawbridgeworth   State: Herts
Elevation: 72 m  Lat: N 51° 48' 26"   Lon: E 000° 07' 20"

                  Temperature (°C), Rain (mm), Wind Speed (mph)

                                      Heat  Cool        Avg
    Mean                              Deg   Deg         Wind                 Dom
Day Temp  High   Time   Low    Time   Days  Days  Rain  Speed High   Time    Dir
----------------------------------------------------------------------------------
 1  13.9  18.9   16:30  11.2   22:17   1.5   0.5   1.2   0.3  10.0   17:23    NW
 2  12.8  18.3   13:37   8.7   05:45   2.6   0.4   1.4   0.2  10.0   13:40    NW
 3  11.3  16.1   12:57   8.2   06:06   3.7   0.0   0.2   0.7   7.5   09:55   WNW
 4  12.0  15.3   11:02   8.1   01:10   3.0   0.0   0.0   0.9  11.3   10:05    NW
 5  11.1  16.1   16:23   6.1   23:51   3.9   0.0   0.0   1.3  17.5   18:32     N
 6  11.6  19.7   16:30   3.9   06:29   4.4   1.0   0.0   0.7  10.0   12:36    NW
 7  12.3  16.7   16:02   6.8   05:05   2.9   0.2   0.0   1.3  13.8   09:58     N
 8  13.2  17.4   15:58   9.9   00:11   2.0   0.2   0.0   1.5  10.0   09:35   NNE
 9  14.4  20.3   14:34  11.4   23:54   1.6   1.0   0.0   1.7  15.0   18:33   ENE
10  14.9  20.7   14:14   9.7   06:06   1.9   1.8   0.2   1.8  17.5   12:09   ESE
11  15.3  21.6   14:11  10.0   06:16   1.5   1.8   0.8   1.7  15.0   12:25   ESE
12  16.4  21.7   15:52  10.6   23:56   0.5   1.9   0.2   1.6  15.0   11:38   WNW
13  12.2  17.9   14:13   7.5   06:40   3.2   0.4   0.0   0.6  12.5   14:21   ESE
14  13.0  18.5   13:48   8.8   01:14   2.5   0.5   4.2   1.9  17.5   14:59   WSW
15  12.6  18.7   16:33   9.1   04:42   2.8   0.4   1.4   1.6  15.0   05:56   WNW
16  12.1  14.9   11:09   9.8   03:14   2.9   0.0  25.6   2.0  17.5   14:52   NNE
17  13.1  18.3   16:03   8.0   07:10   2.4   0.4   1.6   1.3  10.0   11:33    NW
18  13.4  18.0   16:01  10.4   06:41   2.1   0.5   0.2   0.3  10.0   15:40    NW
19  13.4  19.0   16:02   8.7   23:43   2.4   0.8   0.0   0.7   8.8   00:35   NNW
20  13.1  20.0   16:23   6.5   06:27   3.0   1.1   0.0   0.6  10.0   15:50    NW
21  12.8  14.6   09:03  10.0   23:56   2.2   0.0   6.2   0.7  12.5   13:56   WNW
22  10.3  15.2   16:08   7.7   03:07   4.7   0.0   3.0   0.6  11.3   16:34    NW
23  12.6  17.4   15:20   7.7   06:56   2.8   0.3   0.2   1.6  13.8   11:31    NW
24  13.7  17.7   14:23   9.2   23:36   1.6   0.3   1.6   1.4  11.3   11:49    NW
25  10.6  17.9   15:11   5.8   06:04   4.7   0.3   0.0   0.1   8.8   15:11    NW
26  10.7  17.9   15:48   4.4   02:51   4.6   0.4   0.0   0.1  12.5   16:29     E
27  12.1  18.6   14:36   7.3   07:05   3.6   0.7   0.2   1.3  13.8   13:24   ENE
28  12.6  18.3   15:18   7.3   06:40   3.1   0.7   0.0   1.3  16.3   13:02   ESE
29  13.3  18.9   14:27   8.7   06:52   2.5   0.8   0.0   1.6  16.3   14:32   ENE
30  13.2  18.5   13:53   8.9   06:03   2.6   0.8   0.0   2.5  22.5   13:28   ENE
----------------------------------------------------------------------------------
    12.8  21.7    12     3.9     6    83.2  17.2  48.2   1.1  22.5    30       N

Max >=  27.0:  0
Max <=   0.0:  0
Min <=   0.0:  0
Min <=  -5.0:  0
Max Rain: 25.6 on day 16
Days of Rain: 16 (>= 0.2 mm)  4 (>= 2.0 mm)  1 (>= 15.0 mm)
Heat Base: 15.0  Cool Base: 15.0  Method: Integration
:now::gauges::console::today/yesterday::month/year::records: noaa reports::annual data::wind map::monthly records::trends::longrange forecast::rainfall radar::webcam