High Wych Weather

NOAA Style Reports for High Wych, Hertfordshire


Report for 2015 Oct
                   Monthly Climatological Summary for Oct 2015

Name: High Wych Weather   City: High Wych, Sawbridgeworth   State: Herts
Elevation: 72 m  Lat: N 51° 48' 26"   Lon: E 000° 07' 20"

                  Temperature (°C), Rain (mm), Wind Speed (mph)

                                      Heat  Cool        Avg
    Mean                              Deg   Deg         Wind                 Dom
Day Temp  High   Time   Low    Time   Days  Days  Rain  Speed High   Time    Dir
----------------------------------------------------------------------------------
 1  13.0  18.7   14:38   8.5   06:04   2.8   0.8   0.0   2.2  18.8   12:39    NE
 2  12.4  18.9   16:11   7.7   07:12   3.4   0.8   0.2   0.9  12.5   10:42   ENE
 3  11.5  18.1   15:14   8.6   00:00   3.8   0.3   0.0   0.4   7.5   03:29   NNE
 4  11.2  18.1   16:24   5.1   06:16   4.1   0.4   0.0   0.3   8.8   15:10    SE
 5  14.5  16.5   14:15  11.5   00:00   0.9   0.4   6.0   1.5  11.3   09:00   SSE
 6  15.4  18.4   15:43  13.4   23:58   0.2   0.6   5.2   1.0  12.5   13:49   SSE
 7  13.4  15.5   10:35   8.8   23:55   1.7   0.0   0.6   1.4  11.3   12:28    NW
 8  10.0  16.8   15:23   5.8   06:12   5.1   0.1   0.0   0.2   6.3   12:54   WNW
 9   9.8  17.5   14:31   3.5   07:01   5.5   0.3   0.0   0.1   7.5   14:18    NE
10  11.2  16.0   13:22   7.5   06:04   3.8   0.1   0.2   0.6  11.3   13:24   ENE
11  10.3  14.4   12:58   7.3   22:45   4.7   0.0   0.0   1.3  13.8   10:25    NE
12   9.4  13.9   14:30   6.6   07:24   5.6   0.0   0.0   1.2  17.5   12:59     N
13   8.7  12.3   13:59   6.4   04:53   6.3   0.0   0.0   1.6  20.0   12:45     N
14   8.5  13.1   14:03   4.7   03:59   6.4   0.0   0.6   1.9  21.3   14:51     N
15   9.8  11.8   12:37   7.8   08:20   5.2   0.0   0.0   1.7  12.5   11:19   NNE
16  10.9  12.8   15:06   9.8   01:15   4.1   0.0   0.0   2.4  17.5   12:13     N
17  10.5  12.6   13:58   9.3   07:15   4.5   0.0   0.0   1.6  17.5   18:27     N
18  11.3  13.4   15:26   8.9   07:51   3.7   0.0   0.0   1.4  10.0   00:37   NNE
19  10.9  12.9   13:31   6.8   23:27   4.1   0.0   0.0   0.9  10.0   10:06   NNE
20   8.6  15.4   16:04   3.4   06:08   6.4   0.0   0.0   0.3  10.0   13:43   WNW
21  10.5  13.6   22:49   6.3   00:18   4.5   0.0   7.0   0.7   8.8   08:23   WNW
22  11.4  14.1   10:56   6.4   23:52   3.6   0.0   0.0   1.2  12.5   11:08    NW
23   9.4  12.6   11:48   4.8   02:05   5.6   0.0   0.0   0.2  10.0   13:15   WNW
24  10.7  13.3   12:44   6.1   23:58   4.3   0.0   1.6   0.8  10.0   11:33     W
25   6.0  11.5   14:37   2.3   05:49   9.4   0.0   0.2   0.3   6.3   13:49   WNW
26  10.3  16.1   12:41   3.6   01:13   4.7   0.0   0.0   1.3  12.5   12:04   ESE
27  12.9  17.8   13:46  10.9   05:11   2.4   0.3   0.6   1.3  12.5   14:51   ESE
28  11.7  14.9   13:44   8.8   21:50   3.3   0.0  15.8   0.5   7.5   11:33    NW
29  11.9  14.9   11:19   8.1   02:01   3.1   0.0   0.8   2.0  18.8   11:39     S
30  13.2  14.8   12:39  11.3   23:52   1.8   0.0   2.8   1.5  15.0   09:26     S
31  10.5  14.8   14:18   6.5   23:46   4.5   0.0   0.2   0.4   8.8   01:37    SE
----------------------------------------------------------------------------------
    11.0  18.9     2     2.3    25   129.5   4.1  41.8   1.1  21.3    14     NNE

Max >=  27.0:  0
Max <=   0.0:  0
Min <=   0.0:  0
Min <=  -5.0:  0
Max Rain: 15.8 on day 28
Days of Rain: 14 (>= 0.2 mm)  5 (>= 2.0 mm)  1 (>= 15.0 mm)
Heat Base: 15.0  Cool Base: 15.0  Method: Integration
:now::gauges::console::today/yesterday::month/year::records: noaa reports::annual data::wind map::monthly records::trends::longrange forecast::rainfall radar::webcam