High Wych Weather

NOAA Style Reports for High Wych, Hertfordshire


Report for 2015 Nov
                   Monthly Climatological Summary for Nov 2015

Name: High Wych Weather   City: High Wych, Sawbridgeworth   State: Herts
Elevation: 72 m  Lat: N 51° 48' 26"   Lon: E 000° 07' 20"

                  Temperature (°C), Rain (mm), Wind Speed (mph)

                                      Heat  Cool        Avg
    Mean                              Deg   Deg         Wind                 Dom
Day Temp  High   Time   Low    Time   Days  Days  Rain  Speed High   Time    Dir
----------------------------------------------------------------------------------
 1   8.2  14.8   14:02   3.5   05:54   6.8   0.0   0.4   0.1   3.8   07:06   ESE
 2   9.3  13.3   14:44   5.8   03:33   5.7   0.0   0.2   0.4   8.8   19:42   ESE
 3  10.6  13.2   13:19   8.7   00:33   4.4   0.0   0.0   0.4  10.0   02:21   ESE
 4  11.3  13.2   14:11   8.7   01:14   3.7   0.0  25.8   0.3   6.3   12:22   WNW
 5  13.4  14.6   10:38  12.1   00:20   1.6   0.0   6.4   1.7  13.8   13:45   SSW
 6  14.6  16.8   15:13  13.1   04:50   0.8   0.4   0.6   2.4  16.3   13:29     W
 7  13.9  15.9   08:46   8.8   23:59   1.4   0.2   8.2   2.7  21.3   12:31     W
 8  12.2  15.5   18:34   7.8   04:56   2.8   0.1   0.2   2.0  17.5   17:23   WSW
 9  12.0  14.2   23:37   7.9   05:17   3.0   0.0   0.0   3.7  22.5   15:57   WNW
10  14.5  16.2   12:27  13.1   23:52   0.6   0.1   0.0   3.4  15.0   02:38   WNW
11  13.1  14.5   10:51  11.6   22:29   1.9   0.0   0.0   2.4  13.8   14:29   WNW
12  12.3  15.6   13:41   8.3   06:36   2.7   0.0   0.2   1.8  15.0   11:06   WSW
13   8.5  13.0   00:22   5.8   21:51   6.5   0.0   1.4   3.0  26.3   11:08   WNW
14   9.0  13.6   23:58   5.4   05:18   6.0   0.0   6.4   2.9  17.5   16:31     W
15  14.4  16.2   11:47  12.9   22:06   0.8   0.1   0.0   4.7  22.5   01:48   WNW
16  11.6  13.3   02:31   9.8   17:08   3.4   0.0   5.8   2.7  18.8   03:03   WNW
17  12.6  14.6   15:31  11.0   00:00   2.4   0.0   0.0   3.9  27.5   19:03   WNW
18  11.8  14.9   12:27   8.6   04:15   3.2   0.0   0.0   4.1  22.5   11:23   WNW
19   9.4  11.8   00:00   7.2   21:41   5.6   0.0   2.0   1.6  13.8   00:08   WNW
20   6.2   8.9   13:03   2.1   23:59   8.8   0.0   0.2   1.9  18.8   18:28    NW
21   2.1   4.8   10:03  -0.8   23:20  12.9   0.0   5.0   5.6  35.0   09:06    NW
22   0.7   5.2   14:00  -3.3   05:44  14.3   0.0   0.0   0.8  11.3   00:03    NW
23   2.5   6.1   13:48  -1.8   05:44  12.5   0.0   1.2   0.7   8.8   19:11     W
24   6.9   8.4   08:12   4.9   23:59   7.7   0.0   6.6   1.8  13.8   05:07   WNW
25   6.2   9.6   13:31   3.2   22:15   8.6   0.0   0.4   2.1  18.8   13:30    NW
26   6.4   9.8   12:48   1.2   03:52   8.5   0.0   0.4   0.2   6.3   12:24    NW
27   9.7  12.9   13:00   4.3   23:57   5.3   0.0   1.8   3.1  27.5   21:53   WNW
28   5.4   8.7   17:35   0.6   07:08   9.6   0.0   1.2   3.1  17.5   14:01   WNW
29   9.8  12.4   15:11   8.1   00:21   5.2   0.0   2.2   4.6  23.8   19:20   WNW
30   9.5  12.9   20:11   5.2   03:04   5.5   0.0   3.6   2.8  20.0   11:12   WNW
----------------------------------------------------------------------------------
     9.6  16.8     6    -3.3    22   162.2   0.9  80.2   2.4  35.0    21     WNW

Max >=  27.0:  0
Max <=   0.0:  0
Min <=   0.0:  3
Min <=  -5.0:  0
Max Rain: 25.8 on day 4
Days of Rain: 22 (>= 0.2 mm)  10 (>= 2.0 mm)  1 (>= 15.0 mm)
Heat Base: 15.0  Cool Base: 15.0  Method: Integration
:now::gauges::console::today/yesterday::month/year::records: noaa reports::annual data::wind map::monthly records::trends::longrange forecast::rainfall radar::webcam