High Wych Weather

NOAA Style Reports for High Wych, Hertfordshire


Report for 2015 Dec
                   Monthly Climatological Summary for Dec 2015

Name: High Wych Weather   City: High Wych, Sawbridgeworth   State: Herts
Elevation: 72 m  Lat: N 51° 48' 26"   Lon: E 000° 07' 20"

                  Temperature (°C), Rain (mm), Wind Speed (mph)

                                      Heat  Cool        Avg
    Mean                              Deg   Deg         Wind                 Dom
Day Temp  High   Time   Low    Time   Days  Days  Rain  Speed High   Time    Dir
----------------------------------------------------------------------------------
 1  10.8  13.2   13:58   7.9   01:46   4.2   0.0   1.4   1.7  12.5   13:16   WNW
 2  11.6  13.2   12:59  10.7   07:43   3.4   0.0   0.0   2.4  18.8   11:18     W
 3  11.8  12.4   13:32  11.0   18:02   3.1   0.0   0.8   3.0  26.3   21:31   SSW
 4   8.9  12.0   00:00   4.0   06:21   6.1   0.0   0.2   3.6  22.5   01:09   WNW
 5  11.4  12.1   17:43  10.6   04:09   3.6   0.0   0.0   6.6  30.0   20:37     W
 6  12.3  13.9   10:20  11.7   00:00   2.7   0.0   0.2   3.5  23.8   01:37     W
 7  11.5  12.9   10:26   9.3   20:35   3.5   0.0   0.4   1.6  12.5   10:08     S
 8  10.2  12.6   11:28   4.6   23:35   4.8   0.0   2.0   2.3  15.0   11:26   WSW
 9   6.9  10.2   14:30   2.3   04:50   8.1   0.0   0.0   1.7  18.8   22:42     W
10  10.1  12.2   11:27   7.5   19:52   4.9   0.0   4.2   3.2  20.0   14:11     W
11   6.8   8.8   10:45   1.4   23:55   8.2   0.0   0.8   1.0  10.0   10:39   WNW
12   7.9  12.4   18:17   1.4   00:42   7.1   0.0   3.4   2.7  21.3   17:45   WNW
13   6.3   8.4   22:35   4.8   03:28   8.7   0.0   6.4   0.7  12.5   00:08   ENE
14   7.0   8.6   13:38   5.1   03:13   8.0   0.0   1.0   0.3   7.5   12:33    SE
15   9.7  11.9   23:58   7.6   00:00   5.3   0.0   3.6   1.2  11.3   13:06    SE
16  12.8  13.8   14:26  11.8   00:00   2.2   0.0   0.4   2.0  13.8   01:06     W
17  13.0  14.9   11:22  10.5   23:54   2.0   0.0   0.0   2.0  20.0   11:59   WSW
18  11.4  13.1   11:58   8.7   02:23   3.6   0.0   0.2   1.6  15.0   11:19     W
19  14.0  15.9   12:30  11.8   00:00   1.0   0.1   0.0   3.2  16.3   05:16   SSW
20  11.4  14.4   02:33   8.2   23:15   3.7   0.0   1.0   2.6  18.8   04:27   WSW
21   8.6  11.3   16:06   6.2   07:26   6.4   0.0   2.0   2.5  23.8   12:03     W
22  12.8  14.6   10:57   9.6   23:12   2.2   0.0   5.8   4.8  25.0   06:08     W
23   9.2  10.9   13:19   6.9   08:52   5.8   0.0   0.0   2.7  21.3   21:45     W
24   8.7  12.4   10:23   3.4   23:48   6.3   0.0   2.0   3.2  25.0   11:15    SW
25   8.8  13.7   22:25   3.0   00:51   6.2   0.0   1.0   2.3  20.0   21:32   WSW
26  13.7  14.5   12:55  13.2   05:15   1.3   0.0   0.2   4.8  23.8   10:26     W
27  13.0  13.9   06:07  11.8   10:32   2.0   0.0   1.2   2.8  21.3   02:02     W
28   9.5  12.4   12:34   7.0   08:12   5.5   0.0   0.2   1.7  13.8   18:17    SE
29  10.0  11.9   13:00   8.2   21:05   5.0   0.0   0.4   2.2  17.5   22:57   SSW
30  11.1  13.6   11:48   8.9   17:42   3.9   0.0   7.2   5.5  30.0   08:04     S
31   7.6  10.8   13:16   2.6   23:58   7.4   0.0   3.2   3.2  22.5   17:53   WSW
----------------------------------------------------------------------------------
    10.3  15.9    19     1.4    11   146.2   0.1  49.2   2.7  30.0     5     WSW

Max >=  27.0:  0
Max <=   0.0:  0
Min <=   0.0:  0
Min <=  -5.0:  0
Max Rain: 7.2 on day 30
Days of Rain: 25 (>= 0.2 mm)  10 (>= 2.0 mm)  0 (>= 15.0 mm)
Heat Base: 15.0  Cool Base: 15.0  Method: Integration
:now::gauges::console::today/yesterday::month/year::records: noaa reports::annual data::wind map::monthly records::trends::longrange forecast::rainfall radar::webcam