High Wych Weather

NOAA Style Reports for High Wych, Hertfordshire


Report for 2016
                   Annual Climatological Summary for 2016

Name: High Wych Weather   City: High Wych, Sawbridgeworth   State: Herts
Elevation: 72 m  Lat: N 51° 48' 26"   Lon: E 000° 07' 20"

                  Temperature (°C), Heat Base: 15.0  Cool Base: 15.0
                          Dep.  Heat  Cool                       Max  Max  Min  Min
        Mean  Mean        From  Deg   Deg                        >=   <=   <=   <=
 YR MO  Max   Min   Mean  Norm  Days  Days  Hi  Date  Low  Date 27.0  0.0  0.0  -5.0
------------------------------------------------------------------------------------
 16  1   8.1   2.1   5.3   0.9   302     0  14.2  24  -5.7   19    0    0    7    1
 16  2   8.6   1.2   4.8   0.5   295     0  13.6  21  -4.7   16    0    0   14    0
 16  3  10.1   1.9   5.8  -0.5   285     0  15.2  25  -3.9    8    0    0    7    0
 16  4  13.0   3.0   7.7  -1.1   219     0  17.9  13  -1.2   28    0    0    3    0
 16  5  18.4   7.9  12.9   0.5    93    29  25.8   8  -0.6    1    0    0    1    0
 16  6  20.0  11.2  15.2   0.0    42    48  24.7   7   8.1    3    0    0    0    0
 16  7  23.7  12.7  18.0  -0.2    17   109  32.1  19   8.0    6    5    0    0    0
 16  8  24.3  13.0  18.3   0.8    15   115  33.6  24   8.4   10    6    0    0    0
 16  9  21.8  12.6  17.0   2.3    21    81  32.5  13   6.8   23    4    0    0    0
 16 10  14.9   7.4  10.8  -0.6   131     2  18.1   3   3.1    3    0    0    0    0
 16 11   9.3   2.7   5.9  -1.8   272     0  14.6  15  -5.3   30    0    0    5    1
 16 12   8.6   2.4   5.6  -0.7   290     0  13.6   9  -3.1    5    0    0    8    0
------------------------------------------------------------------------------------
        15.1   6.5  10.6   0.0  1988   387  33.6 Aug  -5.7  Jan   15    0   45    2

                                Precipitation (mm)

              Dep.   Max        Days of Rain
              From   Obs.           >=
 YR MO Total  Norm   Day Date  0.2  2.0 15.0
---------------------------------------------
 16  1  77.2   2.8  21.2  11    24   10    1
 16  2  30.8   5.2   8.6   7    17    5    0
 16  3  65.6  31.5  14.8   9    16   10    0
 16  4  54.0  15.0  16.8  15    20   10    1
 16  5  35.4 -14.2  18.8  31    10    4    1
 16  6  76.6  31.6  25.2  23    20    8    2
 16  7  32.0 -30.0  26.0  12     8    1    1
 16  8  26.6 -38.5   7.6  28    13    6    0
 16  9  52.8  10.8  38.8  16    13    3    1
 16 10  22.4 -45.8   4.8  15    20    4    0
 16 11  80.0  -4.0  18.6  20    20   10    3
 16 12  15.0 -56.3   7.8  10    20    1    0
---------------------------------------------
       568.4 -91.9  38.8  Sep  201   72   10

                                Wind Speed (mph)
                          Dom
 YR MO   Avg.  Hi   Date  Dir
------------------------------
 16  1   2.1  32.5    7     W
 16  2   2.3  32.5   14    NW
 16  3   2.3  32.5    2   NNW
 16  4   1.8  26.3   26   NNW
 16  5   2.0  27.5   31   NNE
 16  6   1.5  32.5    1   NNW
 16  7   1.3  18.8   20    NW
 16  8   1.5  25.0   20    NW
 16  9   1.2  21.3   24    NW
 16 10   1.2  27.5    5   NNE
 16 11   1.6  23.8   20   NNW
 16 12   0.8  23.8   23   WNW
------------------------------
         1.6  32.5  Jan   NNW
:now::gauges::console::today/yesterday::month/year::records: noaa reports::annual data::wind map::monthly records::trends::longrange forecast::rainfall radar::webcam