High Wych Weather

NOAA Style Reports for High Wych, Hertfordshire


Report for 2016 Jan
                   Monthly Climatological Summary for Jan 2016

Name: High Wych Weather   City: High Wych, Sawbridgeworth   State: Herts
Elevation: 72 m  Lat: N 51° 48' 26"   Lon: E 000° 07' 20"

                  Temperature (°C), Rain (mm), Wind Speed (mph)

                                      Heat  Cool        Avg
    Mean                              Deg   Deg         Wind                 Dom
Day Temp  High   Time   Low    Time   Days  Days  Rain  Speed High   Time    Dir
----------------------------------------------------------------------------------
 1   3.9   7.1   23:29   0.2   06:10  11.1   0.0   1.8   1.7  21.3   20:00   ESE
 2   8.8  10.2   11:36   6.9   00:00   6.2   0.0   6.4   2.5  18.8   05:37   ESE
 3   6.7   8.9   02:09   3.8   23:22   8.3   0.0   8.2   1.7  23.8   11:05   SSE
 4   6.1   9.3   13:22   3.3   01:11   8.9   0.0   0.2   0.7  11.3   10:14   SSE
 5   7.0   9.2   13:58   5.6   08:48   8.0   0.0   1.8   0.3   8.8   01:54    SE
 6   5.2   6.6   13:38   3.3   07:27   9.8   0.0   0.2   0.3  10.0   22:45     E
 7   5.8   9.0   11:55   1.8   23:55   9.2   0.0  10.8   3.3  32.5   13:14    NW
 8   4.5   8.8   14:17   0.5   04:13  10.5   0.0   0.2   1.0  12.5   14:22    SW
 9   7.7   9.8   12:12   5.6   04:47   7.3   0.0   5.6   2.8  21.3   17:54     S
10   5.5   8.1   13:45   3.1   21:15   9.5   0.0   0.2   1.8  18.8   00:20   WSW
11   4.6   5.9   04:49   1.7   22:22  10.4   0.0  21.2   1.3  21.3   05:08   WNW
12   4.2   5.9   11:55   1.7   03:43  10.8   0.0   2.8   3.2  23.8   17:07    NW
13   3.6   5.4   13:01   1.2   07:21  11.4   0.0   0.4   2.0  17.5   02:38    NW
14   2.4   4.2   00:00   0.2   06:26  12.6   0.0   1.8   5.7  31.3   20:24    NW
15   1.8   4.7   14:02  -0.2   23:55  13.2   0.0   0.0   4.9  21.3   11:07    NW
16   0.5   3.9   12:41  -1.7   07:45  14.5   0.0   0.0   1.1  11.3   01:59    NW
17   1.5   4.0   14:22  -0.4   08:15  13.5   0.0   0.6   0.5  16.3   23:38   ESE
18   1.2   3.8   11:38  -3.3   23:35  13.8   0.0   0.0   1.1  12.5   04:33    SE
19  -2.2   2.3   14:57  -5.7   08:25  17.2   0.0   0.0   0.0   2.5   13:10   ---
20   0.0   4.2   14:21  -3.1   00:00  15.0   0.0   0.0   0.0   2.5   07:11   ---
21   1.3   6.6   14:48  -2.7   00:11  13.7   0.0   0.2   0.9  12.5   14:46   SSE
22   5.5   9.0   15:59   2.8   00:00   9.5   0.0   3.0   1.7  16.3   02:10     S
23   6.1   9.1   15:46   3.2   05:26   8.9   0.0   2.0   1.0  12.5   16:27   SSW
24  11.4  14.2   13:32   7.7   00:00   3.6   0.0   0.4   1.6  12.5   11:15     W
25  10.5  13.9   13:34   6.2   23:46   4.5   0.0   0.0   2.4  21.3   16:23   WSW
26   8.7  11.2   22:16   4.8   03:54   6.3   0.0   0.4   4.1  26.3   13:01     W
27  10.9  12.8   11:59   5.9   23:57   4.1   0.0   2.0   4.6  25.0   04:37     W
28   5.3   8.9   23:52   0.4   06:31   9.7   0.0   0.0   2.5  17.5   22:09   WNW
29  10.5  11.5   12:20   8.8   00:00   4.5   0.0   0.4   5.7  25.0   08:52   WNW
30   6.1  10.4   00:00   2.2   23:36   9.0   0.0   5.4   2.9  20.0   00:30    NW
31   7.7  12.2   16:14   1.9   00:13   7.3   0.0   1.2   1.8  15.0   13:12   WNW
----------------------------------------------------------------------------------
     5.3  14.2    24    -5.7    19   302.3   0.0  77.2   2.1  32.5     7       W

Max >=  27.0:  0
Max <=   0.0:  0
Min <=   0.0:  7
Min <=  -5.0:  1
Max Rain: 21.2 on day 11
Days of Rain: 24 (>= 0.2 mm)  10 (>= 2.0 mm)  1 (>= 15.0 mm)
Heat Base: 15.0  Cool Base: 15.0  Method: Integration
:now::gauges::console::today/yesterday::month/year::records: noaa reports::annual data::wind map::monthly records::trends::longrange forecast::rainfall radar::webcam