High Wych Weather

NOAA Style Reports for High Wych, Hertfordshire


Report for 2016 Feb
                   Monthly Climatological Summary for Feb 2016

Name: High Wych Weather   City: High Wych, Sawbridgeworth   State: Herts
Elevation: 72 m  Lat: N 51° 48' 26"   Lon: E 000° 07' 20"

                  Temperature (°C), Rain (mm), Wind Speed (mph)

                                      Heat  Cool        Avg
    Mean                              Deg   Deg         Wind                 Dom
Day Temp  High   Time   Low    Time   Days  Days  Rain  Speed High   Time    Dir
----------------------------------------------------------------------------------
 1  11.1  13.1   15:20   8.2   23:27   3.9   0.0   0.0   4.2  23.8   09:45    NW
 2   6.8   9.4   14:35   1.9   23:39   8.2   0.0   0.0   2.7  20.0   15:55    NW
 3   3.2   7.1   15:40   0.7   01:18  11.8   0.0   0.2   2.2  20.0   11:42    NW
 4   8.0  12.3   14:30   0.9   00:00   7.0   0.0   0.2   2.6  20.0   12:55    NW
 5   9.4  11.3   11:57   8.1   02:54   5.6   0.0   0.2   2.7  21.3   23:28   WSW
 6   9.8  11.8   16:37   5.9   23:55   5.2   0.0   4.4   5.5  30.0   20:05   SSW
 7   6.6   9.2   13:45   4.4   06:04   8.4   0.0   8.6   3.8  31.3   21:36   WSW
 8   7.1   8.6   12:26   4.7   23:47   7.9   0.0   0.4   5.3  26.3   11:56   WNW
 9   4.2   6.8   14:14   2.5   21:01  10.8   0.0   0.0   2.0  16.3   01:30   WNW
10   4.2   8.7   14:31  -1.2   23:37  10.8   0.0   0.2   2.2  13.8   03:36    NW
11   2.0   9.2   14:53  -2.3   06:34  13.0   0.0   0.0   0.2   7.5   14:36     W
12   2.4   5.9   11:47  -0.5   01:54  12.6   0.0   0.2   0.9  13.8   13:56   ESE
13   2.3   4.0   12:29  -0.7   03:38  12.7   0.0   2.8   2.1  15.0   10:42   ENE
14   2.6   5.7   11:59  -0.1   23:42  12.4   0.0   0.0   4.3  32.5   13:24     N
15   1.9   6.1   15:08  -0.6   04:34  13.0   0.0   0.0   2.7  20.0   16:05   NNW
16   1.6   8.0   14:11  -4.7   07:16  13.4   0.0   0.2   1.0  13.8   12:28     S
17   3.3   6.9   12:18   0.1   07:27  11.7   0.0   6.2   1.5  13.8   10:52     S
18   3.1   7.7   15:02  -1.1   23:50  11.9   0.0   1.0   1.7  15.0   11:46    NW
19   4.0   9.6   13:08  -2.4   06:14  11.0   0.0   0.6   2.0  20.0   18:34   WSW
20   9.4  11.4   18:53   6.7   05:37   5.6   0.0   3.8   2.6  18.8   21:16   WNW
21  12.0  13.6   14:55  10.8   23:18   3.0   0.0   0.0   3.8  18.8   10:51   WNW
22   6.7  11.0   01:15   2.4   23:57   8.3   0.0   1.4   1.8  13.8   14:30    NW
23   3.7   8.2   13:01  -1.7   23:28  11.3   0.0   0.2   1.2  18.8   13:45   NNW
24   1.1   7.9   14:44  -3.9   06:41  13.9   0.0   0.2   0.3   7.5   13:44   NNW
25   0.3   5.7   14:20  -3.4   01:16  14.7   0.0   0.0   0.7   8.8   08:54    NW
26   1.8   7.0   15:28  -1.4   00:10  13.2   0.0   0.0   0.7  11.3   14:13   ESE
27   3.2   5.4   14:10   1.7   03:54  11.8   0.0   0.0   1.9  17.5   13:09   ENE
28   3.6   7.9   13:01   0.8   03:09  11.4   0.0   0.0   2.7  20.0   13:24   NNE
29   3.8   8.7   14:47  -0.9   05:44  11.2   0.0   0.0   1.2  11.3   11:12    NE
----------------------------------------------------------------------------------
     4.8  13.6    21    -4.7    16   295.7   0.0  30.8   2.3  32.5    14      NW

Max >=  27.0:  0
Max <=   0.0:  0
Min <=   0.0: 14
Min <=  -5.0:  0
Max Rain: 8.6 on day 7
Days of Rain: 17 (>= 0.2 mm)  5 (>= 2.0 mm)  0 (>= 15.0 mm)
Heat Base: 15.0  Cool Base: 15.0  Method: Integration
:now::gauges::console::today/yesterday::month/year::records: noaa reports::annual data::wind map::monthly records::trends::longrange forecast::rainfall radar::webcam