High Wych Weather

NOAA Style Reports for High Wych, Hertfordshire


Report for 2016 Mar
                   Monthly Climatological Summary for Mar 2016

Name: High Wych Weather   City: High Wych, Sawbridgeworth   State: Herts
Elevation: 72 m  Lat: N 51° 48' 26"   Lon: E 000° 07' 20"

                  Temperature (°C), Rain (mm), Wind Speed (mph)

                                      Heat  Cool        Avg
    Mean                              Deg   Deg         Wind                 Dom
Day Temp  High   Time   Low    Time   Days  Days  Rain  Speed High   Time    Dir
----------------------------------------------------------------------------------
 1   7.7  12.1   15:32   3.4   01:21   7.3   0.0   4.0   2.8  16.3   05:36     W
 2   4.7   7.2   00:00   2.6   06:51  10.3   0.0   2.2   4.9  32.5   14:25    NW
 3   5.6   9.3   13:46   2.2   07:05   9.4   0.0   1.4   4.0  30.0   02:35    NW
 4   4.2   8.9   13:46  -0.8   23:46  10.8   0.0   4.0   1.7  20.0   00:52   WNW
 5   1.7   6.2   15:23  -2.3   02:13  13.3   0.0   1.2   2.8  25.0   14:42   NNW
 6   2.7   6.2   13:42   0.1   06:42  12.3   0.0   0.0   2.7  16.3   00:04    NW
 7   2.5   6.2   13:25  -1.2   06:29  12.5   0.0   0.0   2.5  22.5   09:01    NW
 8   3.1   8.6   14:31  -3.9   05:02  11.9   0.0   0.0   1.4  13.8   21:32    SW
 9   6.4   7.5   12:49   4.8   23:41   8.6   0.0  14.8   2.5  20.0   06:46   ESE
10   5.6   9.8   14:04   1.3   23:58   9.4   0.0   0.2   0.8  10.0   12:40     N
11   3.6  10.1   14:14  -2.5   07:01  11.4   0.0   0.0   0.7   8.8   12:27     E
12   5.5  11.1   14:00   1.3   23:57   9.5   0.0   0.0   0.6   7.5   00:16   ESE
13   4.2  10.9   13:39  -0.4   03:31  10.8   0.0   0.2   1.6  15.0   11:06     E
14   6.0  11.5   14:48   2.3   23:52   9.0   0.0   0.0   2.8  21.3   14:14     E
15   5.4   7.8   11:55   1.2   03:00   9.6   0.0   0.0   2.8  16.3   18:29   NNE
16   6.3  10.1   13:14   3.3   23:49   8.7   0.0   0.0   3.1  21.3   14:14    NE
17   5.5  11.8   15:18   0.7   23:39   9.5   0.0   0.0   1.9  13.8   15:22    NE
18   4.5   6.9   14:17   1.0   00:00  10.5   0.0   0.0   2.7  16.3   08:29   NNE
19   5.9   7.9   13:18   4.8   04:41   9.1   0.0   0.0   3.1  16.3   08:16   NNE
20   6.8  11.2   15:30   4.1   04:45   8.2   0.0   0.2   2.5  17.5   15:32     N
21   7.0  10.9   11:27   2.0   23:58   8.0   0.0   0.0   1.8  17.5   11:28    NW
22   6.1  12.9   14:54  -1.2   06:04   8.9   0.0   0.0   0.8   8.8   10:40   NNW
23   6.2   9.1   13:07   2.1   02:53   8.8   0.0   0.0   0.2   5.0   11:59    NW
24   7.3  10.9   13:41   3.8   04:00   7.7   0.0   6.0   1.3  10.0   09:17   WNW
25   9.5  15.2   15:58   5.9   06:43   5.5   0.0   3.8   1.8  15.0   08:30    NW
26   9.0  13.3   16:09   5.6   01:27   6.0   0.0   3.2   4.1  25.0   12:21   SSW
27   7.7  10.7   16:06   5.4   04:10   7.0   0.0   6.4   3.3  21.3   13:37    SW
28   7.9  12.5   16:48   3.2   08:52   7.1   0.0  11.6   5.5  32.5   04:16   WSW
29   6.7  12.1   14:43   3.1   02:05   8.3   0.0   6.2   2.1  18.8   17:36   WNW
30   7.3  12.7   16:02   3.1   06:56   7.7   0.0   0.2   1.4  12.5   10:28    NW
31   6.9  12.6   17:04   2.5   23:58   8.1   0.0   0.0   1.5  16.3   13:10     N
----------------------------------------------------------------------------------
     5.8  15.2    25    -3.9     8   285.2   0.0  65.6   2.3  32.5     2      NW

Max >=  27.0:  0
Max <=   0.0:  0
Min <=   0.0:  7
Min <=  -5.0:  0
Max Rain: 14.8 on day 9
Days of Rain: 16 (>= 0.2 mm)  10 (>= 2.0 mm)  0 (>= 15.0 mm)
Heat Base: 15.0  Cool Base: 15.0  Method: Integration
:now::gauges::console::today/yesterday::month/year::records: noaa reports::annual data::wind map::monthly records::trends::longrange forecast::rainfall radar::webcam