High Wych Weather

NOAA Style Reports for High Wych, Hertfordshire


Report for 2016 Apr
                   Monthly Climatological Summary for Apr 2016

Name: High Wych Weather   City: High Wych, Sawbridgeworth   State: Herts
Elevation: 72 m  Lat: N 51° 48' 26"   Lon: E 000° 07' 20"

                  Temperature (°C), Rain (mm), Wind Speed (mph)

                                      Heat  Cool        Avg
    Mean                              Deg   Deg         Wind                 Dom
Day Temp  High   Time   Low    Time   Days  Days  Rain  Speed High   Time    Dir
----------------------------------------------------------------------------------
 1   7.0  13.5   13:44   0.1   04:53   8.0   0.0   0.0   1.8  16.3   12:32     S
 2   9.6  15.3   14:46   6.3   05:25   5.4   0.0   2.2   1.9  15.0   10:35    SE
 3  10.5  16.1   15:35   6.4   06:31   4.5   0.0   2.2   1.7  13.8   13:08    SE
 4   9.7  13.3   12:26   7.4   23:08   5.3   0.0   0.8   1.5  17.5   14:28     S
 5   9.6  15.1   13:35   5.4   23:03   5.4   0.0   0.0   1.6  17.5   15:00    NW
 6   7.8  12.6   12:09   4.2   03:50   7.2   0.0   0.6   2.7  20.0   14:53    NW
 7   6.5  11.1   16:14   3.2   03:35   8.5   0.0   3.6   1.7  15.0   12:28    NW
 8   7.3  13.4   17:28   1.1   05:18   7.7   0.0   0.2   0.4   6.3   10:49   WNW
 9   7.7  13.6   14:51   1.9   23:10   7.3   0.0   1.8   1.4  11.3   07:34    SW
10   6.5  11.7   12:37   0.2   06:25   8.5   0.0   0.0   3.1  23.8   13:23   ESE
11  10.8  13.9   14:12   8.1   00:01   4.2   0.0   2.2   2.6  18.8   11:05   ESE
12  10.2  15.9   14:25   6.1   23:56   4.8   0.0   4.6   0.7  13.8   15:01    NW
13  10.4  17.9   14:17   2.4   04:50   4.8   0.2   0.0   0.6   8.8   13:39    NW
14  11.0  17.2   14:56   6.2   06:19   4.1   0.2   6.0   0.6  17.5   17:24    SE
15   8.8  11.8   12:40   6.7   23:54   6.2   0.0  16.8   0.4  10.0   22:30    NW
16   4.7   8.9   17:33   1.6   23:36  10.3   0.0   1.2   2.5  16.3   15:38    NW
17   5.2  12.3   17:33  -0.8   02:29   9.7   0.0   0.2   1.0  12.5   11:05    NW
18   6.9  11.3   16:02   0.8   04:22   8.1   0.0   0.0   1.1  15.0   11:45   NNW
19  10.0  15.2   17:05   4.7   23:56   5.0   0.0   0.0   1.6  13.8   13:39   NNE
20   7.9  14.1   13:39   1.2   05:32   7.1   0.0   0.0   2.5  20.0   15:17   ESE
21   9.1  15.4   14:13   4.2   03:08   5.9   0.0   0.2   2.4  16.3   14:03     E
22   7.7  11.0   12:17   4.9   23:59   7.3   0.0   3.4   1.6  15.0   09:31   ENE
23   5.9  10.3   17:08   2.1   05:08   9.1   0.0   0.0   2.2  21.3   14:01     N
24   5.5   9.1   13:56   2.0   06:36   9.5   0.0   1.0   1.9  22.5   13:42   NNW
25   5.3   9.9   15:12   0.9   21:28   9.7   0.0   2.8   1.7  21.3   16:57   NNW
26   4.2  10.2   15:54   0.4   01:51  10.8   0.0   0.2   4.1  26.3   13:08    NW
27   5.4  12.2   16:27   0.7   05:50   9.6   0.0   0.0   2.7  16.3   11:30   NNW
28   6.1  12.1   14:05  -1.2   05:49   8.9   0.0   1.6   1.8  21.3   22:52   WNW
29   6.6  11.4   17:26   2.6   05:47   8.4   0.0   2.4   2.1  16.3   15:51    NW
30   6.6  13.4   15:41  -0.2   05:54   8.4   0.0   0.0   1.6  20.0   15:56    NW
----------------------------------------------------------------------------------
     7.7  17.9    13    -1.2    28   219.7   0.4  54.0   1.8  26.3    26     NNW

Max >=  27.0:  0
Max <=   0.0:  0
Min <=   0.0:  3
Min <=  -5.0:  0
Max Rain: 16.8 on day 15
Days of Rain: 20 (>= 0.2 mm)  10 (>= 2.0 mm)  1 (>= 15.0 mm)
Heat Base: 15.0  Cool Base: 15.0  Method: Integration
:now::gauges::console::today/yesterday::month/year::records: noaa reports::annual data::wind map::monthly records::trends::longrange forecast::rainfall radar::webcam