High Wych Weather

NOAA Style Reports for High Wych, Hertfordshire


Report for 2016 May
                   Monthly Climatological Summary for May 2016

Name: High Wych Weather   City: High Wych, Sawbridgeworth   State: Herts
Elevation: 72 m  Lat: N 51° 48' 26"   Lon: E 000° 07' 20"

                  Temperature (°C), Rain (mm), Wind Speed (mph)

                                      Heat  Cool        Avg
    Mean                              Deg   Deg         Wind                 Dom
Day Temp  High   Time   Low    Time   Days  Days  Rain  Speed High   Time    Dir
----------------------------------------------------------------------------------
 1   9.5  17.7   16:32  -0.6   06:04   5.9   0.4   0.0   1.1  12.5   13:30     W
 2  11.8  17.7   14:09   6.8   23:56   3.4   0.3   1.2   2.0  20.0   16:32   WSW
 3   8.8  14.6   14:57   2.1   05:56   6.2   0.0   0.2   1.2  13.8   14:23    NW
 4  11.4  18.7   14:21   3.5   05:02   4.5   0.9   0.0   1.2  13.8   12:31   SSE
 5  12.2  20.0   14:34   3.9   05:13   4.0   1.2   0.0   1.8  15.0   13:37    SE
 6  14.3  21.6   13:37   6.2   05:11   2.8   2.1   0.0   1.9  15.0   13:04   ESE
 7  16.5  23.6   13:17   9.9   04:37   1.5   3.0   0.0   1.5  17.5   16:07   ESE
 8  18.5  25.8   13:48  10.2   05:11   1.1   4.6   0.0   2.7  20.0   12:11   ESE
 9  18.1  23.4   12:04  13.7   05:50   0.2   3.2   0.2   3.1  21.3   15:19   ESE
10  15.1  16.2   00:12  14.2   07:58   0.2   0.3   4.2   2.2  17.5   15:38   ESE
11  15.5  19.8   16:08  13.4   22:48   0.5   1.0   5.0   1.3  11.3   07:45   ESE
12  16.4  24.0   15:17  10.2   05:19   1.6   3.0   0.2   3.3  20.0   21:55   NNE
13  11.5  16.1   13:42   7.2   23:52   3.5   0.1   0.0   5.2  26.3   16:49     N
14   8.4  12.4   17:22   4.2   23:43   6.6   0.0   0.0   1.9  15.0   00:46     N
15   9.6  16.9   15:36   1.3   04:07   5.5   0.1   0.0   1.4  13.8   15:16   NNW
16  12.2  18.6   15:29   6.2   06:30   3.4   0.6   0.0   0.9  10.0   18:08    NW
17  12.5  19.1   12:59   4.7   05:45   3.3   0.8   0.0   1.0  10.0   21:50    NW
18  11.8  13.4   09:15  10.4   21:02   3.2   0.0   4.0   1.4  13.8   06:18   SSW
19  13.3  18.3   17:24   9.2   06:05   2.3   0.5   1.0   1.3  13.8   23:40    NW
20  14.9  19.8   16:14  12.2   04:43   1.2   1.1   0.6   1.3  12.5   14:06   NNW
21  15.0  18.9   14:00  12.4   02:01   0.7   0.6   0.0   2.2  20.0   09:05    SW
22  14.2  19.9   13:32  10.1   05:19   1.7   0.9   0.0   0.7  10.0   12:41    NW
23  13.6  19.6   15:11   8.4   23:58   2.3   0.9   0.0   1.9  17.5   11:45   NNW
24  10.8  16.5   16:00   4.3   04:34   4.3   0.1   0.0   2.9  20.0   18:04   NNE
25   9.6  11.6   12:14   7.8   06:04   5.4   0.0   0.0   1.0  12.5   15:40     N
26  13.2  19.4   16:40   8.8   03:23   2.7   1.0   0.0   1.1  10.0   13:49     E
27  13.7  20.7   15:56   7.0   04:08   2.8   1.5   0.0   1.5  12.5   12:58    NE
28  13.3  19.9   15:03   7.8   05:31   2.8   1.1   0.0   1.6  11.3   16:29    NE
29  12.1  18.4   16:43   7.7   02:52   3.4   0.5   0.0   2.8  17.5   12:40     N
30  12.7  15.4   18:01  10.7   05:05   2.3   0.0   0.0   3.2  22.5   12:13     N
31  10.8  12.1   00:00   9.7   07:35   4.2   0.0  18.8   4.4  27.5   12:44   NNW
----------------------------------------------------------------------------------
    12.9  25.8     8    -0.6     1    93.5  29.8  35.4   2.0  27.5    31     NNE

Max >=  27.0:  0
Max <=   0.0:  0
Min <=   0.0:  1
Min <=  -5.0:  0
Max Rain: 18.8 on day 31
Days of Rain: 10 (>= 0.2 mm)  4 (>= 2.0 mm)  1 (>= 15.0 mm)
Heat Base: 15.0  Cool Base: 15.0  Method: Integration
:now::gauges::console::today/yesterday::month/year::records: noaa reports::annual data::wind map::monthly records::trends::longrange forecast::rainfall radar::webcam